-- Table structure for table `wpkid_amelia_providers_to_daysoff`
--

CREATE TABLE `wpkid_amelia_providers_to_daysoff` (
  `id` int(11) NOT NULL AUTO_INCREMENT,
  `userId` int(11) NOT NULL,
  `name` varchar(255) NOT NULL,
  `startDate` date NOT NULL,
  `endDate` date NOT NULL,
  `repeat` tinyint(1) NOT NULL,
  PRIMARY KEY (`id`),
  UNIQUE KEY `id` (`id`)
) ENGINE=MyISAM AUTO_INCREMENT=43 DEFAULT CHARSET=utf8;

--
-- Dumping data for table `wpkid_amelia_providers_to_daysoff`
--

INSERT INTO `wpkid_amelia_providers_to_daysoff` VALUES (1,7,'Elfoglalt','2021-09-18','2021-09-18',0),(2,7,'Elfoglalt','2021-09-25','2021-09-25',0),(29,3,'Vizsgára készülés','2022-01-07','2022-01-14',0),(15,1,'Szabadnap','2021-12-20','2021-12-20',0),(16,1,'Szabadság','2021-12-23','2021-12-31',0),(26,1,'Szabadnap','2021-12-07','2021-12-16',0),(27,3,'Szabadság','2021-12-28','2022-01-02',0),(41,1,'Szabadnap','2022-02-21','2022-02-21',0),(42,1,'Szabadnap','2022-02-07','2022-02-07',0),(38,1,'Szabadnap','2022-01-24','2022-01-24',0);

-- Dumped table `wpkid_amelia_providers_to_daysoff` with 10 row(s)
--

--
-- Table structure for table `wpkid_amelia_providers_to_locations`
--

CREATE TABLE `wpkid_amelia_providers_to_locations` (
  `id` int(11) NOT NULL AUTO_INCREMENT,
  `userId` int(11) NOT NULL,
  `locationId` int(11) NOT NULL,
  PRIMARY KEY (`id`),
  UNIQUE KEY `id` (`id`)
) ENGINE=MyISAM DEFAULT CHARSET=utf8;

--
-- Dumping data for table `wpkid_amelia_providers_to_locations`
--


-- Dumped table `wpkid_amelia_providers_to_locations` with 0 row(s)
--

--
-- Table structure for table `wpkid_amelia_providers_to_weekdays`
--

CREATE TABLE `wpkid_amelia_providers_to_weekdays` (
  `id` int(11) NOT NULL AUTO_INCREMENT,
  `userId` int(11) NOT NULL,
  `dayIndex` tinyint(2) NOT NULL,
  `startTime` time NOT NULL,
  `endTime` time NOT NULL,
  PRIMARY KEY (`id`),
  UNIQUE KEY `id` (`id`)
) ENGINE=MyISAM AUTO_INCREMENT=73 DEFAULT CHARSET=utf8;

--
-- Dumping data for table `wpkid_amelia_providers_to_weekdays`
--

INSERT INTO `wpkid_amelia_providers_to_weekdays` VALUES (60,1,1,'09:00:00','18:00:00'),(59,1,5,'09:00:00','18:00:00'),(66,53,1,'17:00:00','19:00:00'),(68,53,3,'17:00:00','19:00:00'),(72,53,7,'08:00:00','20:00:00'),(71,53,6,'08:00:00','20:00:00'),(70,53,5,'08:00:00','20:00:00'),(18,4,4,'14:00:00','17:30:00'),(43,6,5,'16:30:00','20:00:00'),(42,6,2,'16:30:00','20:00:00'),(41,6,1,'16:30:00','20:00:00'),(45,5,6,'10:00:00','16:30:00'),(48,5,4,'09:00:00','19:00:00'),(69,53,4,'17:00:00','19:00:00'),(65,19,2,'13:00:00','17:00:00'),(67,53,2,'08:00:00','20:00:00'),(52,3,6,'09:00:00','12:00:00'),(49,5,2,'09:00:00','19:00:00'),(47,27,4,'16:00:00','18:00:00'),(46,19,4,'15:00:00','19:00:00'),(32,7,2,'15:30:00','19:30:00'),(36,7,6,'09:00:00','16:00:00'),(38,3,1,'16:00:00','19:00:00'),(39,3,3,'16:00:00','19:00:00');

-- Dumped table `wpkid_amelia_providers_to_weekdays` with 24 row(s)
--

--
-- Table structure for table `wpkid_amelia_providers_to_specialdays`
--

CREATE TABLE `wpkid_amelia_providers_to_specialdays` (
  `id` int(11) NOT NULL AUTO_INCREMENT,
  `userId` int(11) NOT NULL,
  `startDate` date NOT NULL,
  `endDate` date NOT NULL,
  PRIMARY KEY (`id`),
  UNIQUE KEY `id` (`id`)
) ENGINE=MyISAM AUTO_INCREMENT=4 DEFAULT CHARSET=utf8;

--
-- Dumping data for table `wpkid_amelia_providers_to_specialdays`
--

INSERT INTO `wpkid_amelia_providers_to_specialdays` VALUES (1,19,'2021-12-28','2021-12-28'),(3,19,'2022-01-11','2022-01-11');

-- Dumped table `wpkid_amelia_providers_to_specialdays` with 2 row(s)
--

--
-- Table structure for table `wpkid_amelia_providers_to_timeouts`
--

CREATE TABLE `wpkid_amelia_providers_to_timeouts` (
  `id` int(11) NOT NULL AUTO_INCREMENT,
  `weekDayId` int(11) NOT NULL,
  `startTime` time NOT NULL,
  `endTime` time NOT NULL,
  PRIMARY KEY (`id`),
  UNIQUE KEY `id` (`id`)
) ENGINE=MyISAM DEFAULT CHARSET=utf8;

--
-- Dumping data for table `wpkid_amelia_providers_to_timeouts`
--


-- Dumped table `wpkid_amelia_providers_to_timeouts` with 0 row(s)
--

--
-- Table structure for table `wpkid_amelia_providers_to_periods`
--

CREATE TABLE `wpkid_amelia_providers_to_periods` (
  `id` int(11) NOT NULL AUTO_INCREMENT,
  `weekDayId` int(11) NOT NULL,
  `locationId` int(11) DEFAULT NULL,
  `startTime` time NOT NULL,
  `endTime` time NOT NULL,
  PRIMARY KEY (`id`),
  UNIQUE KEY `id` (`id`)
) ENGINE=MyISAM AUTO_INCREMENT=88 DEFAULT CHARSET=utf8;

--
-- Dumping data for table `wpkid_amelia_providers_to_periods`
--

INSERT INTO `wpkid_amelia_providers_to_periods` VALUES (69,56,NULL,'09:00:00','11:00:00'),(68,58,NULL,'09:00:00','11:00:00'),(70,57,NULL,'09:00:00','13:00:00'),(56,47,NULL,'16:00:00','18:00:00'),(72,59,NULL,'09:00:00','18:00:00'),(85,70,NULL,'08:00:00','20:00:00'),(84,69,NULL,'17:00:00','19:00:00'),(80,65,NULL,'13:00:00','17:00:00'),(18,18,NULL,'14:00:00','17:30:00'),(50,43,NULL,'16:30:00','20:00:00'),(49,42,NULL,'16:30:00','20:00:00'),(48,41,NULL,'16:30:00','20:00:00'),(57,48,NULL,'09:00:00','19:00:00'),(58,49,NULL,'09:00:00','19:00:00'),(83,68,NULL,'17:00:00','19:00:00'),(86,71,NULL,'08:00:00','20:00:00'),(71,55,NULL,'14:00:00','18:00:00'),(61,52,NULL,'09:00:00','12:00:00'),(55,46,NULL,'15:00:00','19:00:00'),(54,45,NULL,'14:00:00','16:30:00'),(53,45,NULL,'10:00:00','12:00:00'),(32,32,NULL,'15:30:00','17:30:00'),(87,72,NULL,'08:00:00','20:00:00'),(47,36,NULL,'13:30:00','16:00:00'),(36,36,NULL,'09:00:00','11:30:00'),(46,32,NULL,'17:30:00','19:30:00'),(82,67,NULL,'08:00:00','20:00:00'),(39,38,NULL,'16:00:00','19:00:00'),(73,60,NULL,'09:00:00','18:00:00'),(81,66,NULL,'17:00:00','19:00:00'),(42,39,NULL,'16:00:00','17:00:00'),(43,39,NULL,'17:00:00','19:00:00');

-- Dumped table `wpkid_amelia_providers_to_periods` with 32 row(s)
--

--
-- Table structure for table `wpkid_amelia_providers_to_specialdays_periods`
--

CREATE TABLE `wpkid_amelia_providers_to_specialdays_periods` (
  `id` int(11) NOT NULL AUTO_INCREMENT,
  `specialDayId` int(11) NOT NULL,
  `locationId` int(11) DEFAULT NULL,
  `startTime` time NOT NULL,
  `endTime` time NOT NULL,
  PRIMARY KEY (`id`),
  UNIQUE KEY `id` (`id`)
) ENGINE=MyISAM AUTO_INCREMENT=4 DEFAULT CHARSET=utf8;

--
-- Dumping data for table `wpkid_amelia_providers_to_specialdays_periods`
--

INSERT INTO `wpkid_amelia_providers_to_specialdays_periods` VALUES (1,1,NULL,'10:00:00','11:00:00'),(3,3,NULL,'13:00:00','14:00:00');

-- Dumped table `wpkid_amelia_providers_to_specialdays_periods` with 2 row(s)
--

--
-- Table structure for table `wpkid_woocommerce_shipping_zone_locations`
--

CREATE TABLE `wpkid_woocommerce_shipping_zone_locations` (
  `location_id` bigint(20) unsigned NOT NULL AUTO_INCREMENT,
  `zone_id` bigint(20) unsigned NOT NULL,
  `location_code` varchar(200) COLLATE utf8mb4_unicode_ci NOT NULL,
  `location_type` varchar(40) COLLATE utf8mb4_unicode_ci NOT NULL,
  PRIMARY KEY (`location_id`),
  KEY `location_id` (`location_id`),
  KEY `location_type_code` (`location_type`(10),`location_code`(20))
) ENGINE=MyISAM AUTO_INCREMENT=2 DEFAULT CHARSET=utf8mb4 COLLATE=utf8mb4_unicode_ci;

--
-- Dumping data for table `wpkid_woocommerce_shipping_zone_locations`
--

INSERT INTO `wpkid_woocommerce_shipping_zone_locations` VALUES (1,1,'HU','country');

-- Dumped table `wpkid_woocommerce_shipping_zone_locations` with 1 row(s)
--

--
-- Table structure for table `wpkid_amelia_categories`
--

CREATE TABLE `wpkid_amelia_categories` (
  `id` int(11) NOT NULL AUTO_INCREMENT,
  `status` enum('hidden','visible','disabled') NOT NULL DEFAULT 'visible',
  `name` varchar(255) NOT NULL DEFAULT '',
  `position` int(11) NOT NULL,
  `translations` text DEFAULT NULL,
  PRIMARY KEY (`id`)
) ENGINE=MyISAM AUTO_INCREMENT=11 DEFAULT CHARSET=utf8;

--
-- Dumping data for table `wpkid_amelia_categories`
--

INSERT INTO `wpkid_amelia_categories` VALUES (1,'visible','Pszichológiai fejlesztés',1,NULL),(2,'visible','Képesség felmérés',3,NULL),(3,'visible','Tehetség profil készítés',4,NULL),(4,'visible','Csoportos foglalkozások',5,NULL),(5,'visible','Szülőtréning',6,NULL),(6,'visible','Mozgásfejlesztés',2,NULL),(7,'visible','Fejlesztés',7,NULL),(8,'visible','Iskolaelőkészítés',8,NULL),(9,'visible','English',9,NULL),(10,'visible','Logopédia',10,NULL);

-- Dumped table `wpkid_amelia_categories` with 10 row(s)
--

--
-- Table structure for table `wpkid_actionscheduler_actions`
--

CREATE TABLE `wpkid_actionscheduler_actions` (
  `action_id` bigint(20) unsigned NOT NULL AUTO_INCREMENT,
  `hook` varchar(191) COLLATE utf8mb4_unicode_ci NOT NULL,
  `status` varchar(20) COLLATE utf8mb4_unicode_ci NOT NULL,
  `scheduled_date_gmt` datetime NOT NULL DEFAULT '0000-00-00 00:00:00',
  `scheduled_date_local` datetime NOT NULL DEFAULT '0000-00-00 00:00:00',
  `args` varchar(191) COLLATE utf8mb4_unicode_ci DEFAULT NULL,
  `schedule` longtext COLLATE utf8mb4_unicode_ci DEFAULT NULL,
  `group_id` bigint(20) unsigned NOT NULL DEFAULT 0,
  `attempts` int(11) NOT NULL DEFAULT 0,
  `last_attempt_gmt` datetime NOT NULL DEFAULT '0000-00-00 00:00:00',
  `last_attempt_local` datetime NOT NULL DEFAULT '0000-00-00 00:00:00',
  `claim_id` bigint(20) unsigned NOT NULL DEFAULT 0,
  `extended_args` varchar(8000) COLLATE utf8mb4_unicode_ci DEFAULT NULL,
  PRIMARY KEY (`action_id`),
  KEY `hook` (`hook`),
  KEY `status` (`status`),
  KEY `scheduled_date_gmt` (`scheduled_date_gmt`),
  KEY `args` (`args`),
  KEY `group_id` (`group_id`),
  KEY `last_attempt_gmt` (`last_attempt_gmt`),
  KEY `claim_id` (`claim_id`),
  KEY `claim_id_status_scheduled_date_gmt` (`claim_id`,`status`,`scheduled_date_gmt`)
) ENGINE=MyISAM AUTO_INCREMENT=5401 DEFAULT CHARSET=utf8mb4 COLLATE=utf8mb4_unicode_ci;

--
-- Dumping data for table `wpkid_actionscheduler_actions`
--

INSERT INTO `wpkid_actionscheduler_actions` VALUES (5400,'action_scheduler/migration_hook','complete','2022-01-26 12:32:55','2022-01-26 12:32:55','[]','O:30:\"ActionScheduler_SimpleSchedule\":2:{s:22:\"\0*\0scheduled_timestamp\";i:1643200375;s:41:\"\0ActionScheduler_SimpleSchedule\0timestamp\";i:1643200375;}',1,1,'2022-01-26 12:33:17','2022-01-26 13:33:17',0,NULL),(5399,'action_scheduler/migration_hook','canceled','2022-01-26 12:32:55','2022-01-26 12:32:55','[]','O:30:\"ActionScheduler_SimpleSchedule\":2:{s:22:\"\0*\0scheduled_timestamp\";i:1643200375;s:41:\"\0ActionScheduler_SimpleSchedule\0timestamp\";i:1643200375;}',1,0,'2022-01-26 12:33:17','2022-01-26 13:33:17',0,NULL),(5398,'wc-admin_import_customers','complete','2022-01-26 10:16:26','2022-01-26 10:16:26','[6]','O:30:\"ActionScheduler_SimpleSchedule\":2:{s:22:\"\0*\0scheduled_timestamp\";i:1643192186;s:41:\"\0ActionScheduler_SimpleSchedule\0timestamp\";i:1643192186;}',2,1,'2022-01-26 10:16:35','2022-01-26 11:16:35',0,NULL),(5397,'wc-admin_import_customers','complete','2022-01-26 08:49:08','2022-01-26 08:49:08','[18]','O:30:\"ActionScheduler_SimpleSchedule\":2:{s:22:\"\0*\0scheduled_timestamp\";i:1643186948;s:41:\"\0ActionScheduler_SimpleSchedule\0timestamp\";i:1643186948;}',2,1,'2022-01-26 08:49:22','2022-01-26 09:49:22',0,NULL),(5396,'wc-admin_import_customers','complete','2022-01-26 08:20:30','2022-01-26 08:20:30','[13]','O:30:\"ActionScheduler_SimpleSchedule\":2:{s:22:\"\0*\0scheduled_timestamp\";i:1643185230;s:41:\"\0ActionScheduler_SimpleSchedule\0timestamp\";i:1643185230;}',2,1,'2022-01-26 08:25:05','2022-01-26 09:25:05',0,NULL),(5395,'woocommerce_deliver_webhook_async','complete','2022-01-25 20:11:32','2022-01-25 20:11:32','{\"webhook_id\":1,\"arg\":5839}','O:30:\"ActionScheduler_SimpleSchedule\":2:{s:22:\"\0*\0scheduled_timestamp\";i:1643141492;s:41:\"\0ActionScheduler_SimpleSchedule\0timestamp\";i:1643141492;}',3,1,'2022-01-25 20:11:50','2022-01-25 21:11:50',0,NULL),(5393,'wc-admin_import_customers','complete','2022-01-25 10:20:56','2022-01-25 10:20:56','[6]','O:30:\"ActionScheduler_SimpleSchedule\":2:{s:22:\"\0*\0scheduled_timestamp\";i:1643106056;s:41:\"\0ActionScheduler_SimpleSchedule\0timestamp\";i:1643106056;}',2,1,'2022-01-25 10:25:04','2022-01-25 11:25:04',0,NULL),(5299,'woocommerce_deliver_webhook_async','complete','2022-01-12 14:16:12','2022-01-12 14:16:12','{\"webhook_id\":1,\"arg\":5750}','O:30:\"ActionScheduler_SimpleSchedule\":2:{s:22:\"\0*\0scheduled_timestamp\";i:1641996972;s:41:\"\0ActionScheduler_SimpleSchedule\0timestamp\";i:1641996972;}',3,1,'2022-01-12 14:20:06','2022-01-12 15:20:06',0,NULL),(5281,'wc-admin_import_orders','complete','2022-01-09 10:41:33','2022-01-09 10:41:33','[5739]','O:30:\"ActionScheduler_SimpleSchedule\":2:{s:22:\"\0*\0scheduled_timestamp\";i:1641724893;s:41:\"\0ActionScheduler_SimpleSchedule\0timestamp\";i:1641724893;}',2,1,'2022-01-09 10:45:04','2022-01-09 11:45:04',0,NULL),(5280,'wc-admin_import_customers','complete','2022-01-09 09:06:35','2022-01-09 09:06:35','[13]','O:30:\"ActionScheduler_SimpleSchedule\":2:{s:22:\"\0*\0scheduled_timestamp\";i:1641719195;s:41:\"\0ActionScheduler_SimpleSchedule\0timestamp\";i:1641719195;}',2,1,'2022-01-09 09:10:04','2022-01-09 10:10:04',0,NULL),(5289,'wc-admin_import_orders','complete','2022-01-10 17:25:32','2022-01-10 17:25:32','[5748]','O:30:\"ActionScheduler_SimpleSchedule\":2:{s:22:\"\0*\0scheduled_timestamp\";i:1641835532;s:41:\"\0ActionScheduler_SimpleSchedule\0timestamp\";i:1641835532;}',2,1,'2022-01-10 17:26:40','2022-01-10 18:26:40',0,NULL),(5290,'woocommerce_deliver_webhook_async','complete','2022-01-10 17:25:27','2022-01-10 17:25:27','{\"webhook_id\":1,\"arg\":5748}','O:30:\"ActionScheduler_SimpleSchedule\":2:{s:22:\"\0*\0scheduled_timestamp\";i:1641835527;s:41:\"\0ActionScheduler_SimpleSchedule\0timestamp\";i:1641835527;}',3,1,'2022-01-10 17:26:41','2022-01-10 18:26:41',0,NULL),(5291,'wc-admin_import_orders','complete','2022-01-10 18:19:45','2022-01-10 18:19:45','[5749]','O:30:\"ActionScheduler_SimpleSchedule\":2:{s:22:\"\0*\0scheduled_timestamp\";i:1641838785;s:41:\"\0ActionScheduler_SimpleSchedule\0timestamp\";i:1641838785;}',2,1,'2022-01-10 18:20:04','2022-01-10 19:20:04',0,NULL),(5292,'woocommerce_deliver_webhook_async','complete','2022-01-10 18:19:40','2022-01-10 18:19:40','{\"webhook_id\":1,\"arg\":5749}','O:30:\"ActionScheduler_SimpleSchedule\":2:{s:22:\"\0*\0scheduled_timestamp\";i:1641838780;s:41:\"\0ActionScheduler_SimpleSchedule\0timestamp\";i:1641838780;}',3,1,'2022-01-10 18:20:05','2022-01-10 19:20:05',0,NULL),(5293,'wc-admin_import_customers','complete','2022-01-11 08:10:28','2022-01-11 08:10:28','[6]','O:30:\"ActionScheduler_SimpleSchedule\":2:{s:22:\"\0*\0scheduled_timestamp\";i:1641888628;s:41:\"\0ActionScheduler_SimpleSchedule\0timestamp\";i:1641888628;}',2,1,'2022-01-11 08:12:05','2022-01-11 09:12:05',0,NULL),(5294,'wc-admin_import_orders','complete','2022-01-11 13:00:15','2022-01-11 13:00:15','[5748]','O:30:\"ActionScheduler_SimpleSchedule\":2:{s:22:\"\0*\0scheduled_timestamp\";i:1641906015;s:41:\"\0ActionScheduler_SimpleSchedule\0timestamp\";i:1641906015;}',2,1,'2022-01-11 13:05:04','2022-01-11 14:05:04',0,NULL),(5295,'wc-admin_import_orders','complete','2022-01-12 09:29:15','2022-01-12 09:29:15','[5732]','O:30:\"ActionScheduler_SimpleSchedule\":2:{s:22:\"\0*\0scheduled_timestamp\";i:1641979755;s:41:\"\0ActionScheduler_SimpleSchedule\0timestamp\";i:1641979755;}',2,1,'2022-01-12 09:30:06','2022-01-12 10:30:06',0,NULL),(5220,'wc-admin_import_customers','complete','2021-12-26 17:54:01','2021-12-26 17:54:01','[6]','O:30:\"ActionScheduler_SimpleSchedule\":2:{s:22:\"\0*\0scheduled_timestamp\";i:1640541241;s:41:\"\0ActionScheduler_SimpleSchedule\0timestamp\";i:1640541241;}',2,1,'2021-12-26 17:55:04','2021-12-26 18:55:04',0,NULL),(5373,'wc-admin_import_orders','complete','2022-01-24 12:04:45','2022-01-24 12:04:45','[5821]','O:30:\"ActionScheduler_SimpleSchedule\":2:{s:22:\"\0*\0scheduled_timestamp\";i:1643025885;s:41:\"\0ActionScheduler_SimpleSchedule\0timestamp\";i:1643025885;}',2,1,'2022-01-24 12:05:26','2022-01-24 13:05:26',0,NULL),(5223,'wc-admin_import_orders','complete','2021-12-28 22:14:53','2021-12-28 22:14:53','[5717]','O:30:\"ActionScheduler_SimpleSchedule\":2:{s:22:\"\0*\0scheduled_timestamp\";i:1640729693;s:41:\"\0ActionScheduler_SimpleSchedule\0timestamp\";i:1640729693;}',2,1,'2021-12-28 22:15:06','2021-12-28 23:15:06',0,NULL),(5222,'wc-admin_import_customers','complete','2021-12-27 20:18:22','2021-12-27 20:18:22','[13]','O:30:\"ActionScheduler_SimpleSchedule\":2:{s:22:\"\0*\0scheduled_timestamp\";i:1640636302;s:41:\"\0ActionScheduler_SimpleSchedule\0timestamp\";i:1640636302;}',2,1,'2021-12-27 20:20:04','2021-12-27 21:20:04',0,NULL),(5221,'wc-admin_import_orders','complete','2021-12-27 15:00:09','2021-12-27 15:00:09','[5711]','O:30:\"ActionScheduler_SimpleSchedule\":2:{s:22:\"\0*\0scheduled_timestamp\";i:1640617209;s:41:\"\0ActionScheduler_SimpleSchedule\0timestamp\";i:1640617209;}',2,1,'2021-12-27 15:05:05','2021-12-27 16:05:05',0,NULL),(5224,'woocommerce_deliver_webhook_async','complete','2021-12-28 22:14:50','2021-12-28 22:14:50','{\"webhook_id\":1,\"arg\":5717}','O:30:\"ActionScheduler_SimpleSchedule\":2:{s:22:\"\0*\0scheduled_timestamp\";i:1640729690;s:41:\"\0ActionScheduler_SimpleSchedule\0timestamp\";i:1640729690;}',3,1,'2021-12-28 22:15:07','2021-12-28 23:15:07',0,NULL),(5391,'wc-admin_import_orders','complete','2022-01-25 09:25:19','2022-01-25 09:25:19','[5836]','O:30:\"ActionScheduler_SimpleSchedule\":2:{s:22:\"\0*\0scheduled_timestamp\";i:1643102719;s:41:\"\0ActionScheduler_SimpleSchedule\0timestamp\";i:1643102719;}',2,1,'2022-01-25 09:30:04','2022-01-25 10:30:04',0,NULL),(5390,'woocommerce_deliver_webhook_async','complete','2022-01-25 09:23:14','2022-01-25 09:23:14','{\"webhook_id\":1,\"arg\":5835}','O:30:\"ActionScheduler_SimpleSchedule\":2:{s:22:\"\0*\0scheduled_timestamp\";i:1643102594;s:41:\"\0ActionScheduler_SimpleSchedule\0timestamp\";i:1643102594;}',3,1,'2022-01-25 09:25:03','2022-01-25 10:25:03',0,NULL),(5389,'wc-admin_import_orders','complete','2022-01-25 09:23:19','2022-01-25 09:23:19','[5835]','O:30:\"ActionScheduler_SimpleSchedule\":2:{s:22:\"\0*\0scheduled_timestamp\";i:1643102599;s:41:\"\0ActionScheduler_SimpleSchedule\0timestamp\";i:1643102599;}',2,1,'2022-01-25 09:25:03','2022-01-25 10:25:03',0,NULL),(5388,'woocommerce_deliver_webhook_async','complete','2022-01-25 09:21:06','2022-01-25 09:21:06','{\"webhook_id\":1,\"arg\":5834}','O:30:\"ActionScheduler_SimpleSchedule\":2:{s:22:\"\0*\0scheduled_timestamp\";i:1643102466;s:41:\"\0ActionScheduler_SimpleSchedule\0timestamp\";i:1643102466;}',3,1,'2022-01-25 09:21:13','2022-01-25 10:21:13',0,NULL),(5387,'wc-admin_import_orders','complete','2022-01-25 09:21:11','2022-01-25 09:21:11','[5834]','O:30:\"ActionScheduler_SimpleSchedule\":2:{s:22:\"\0*\0scheduled_timestamp\";i:1643102471;s:41:\"\0ActionScheduler_SimpleSchedule\0timestamp\";i:1643102471;}',2,1,'2022-01-25 09:21:13','2022-01-25 10:21:13',0,NULL),(5386,'woocommerce_deliver_webhook_async','complete','2022-01-25 09:18:57','2022-01-25 09:18:57','{\"webhook_id\":1,\"arg\":5833}','O:30:\"ActionScheduler_SimpleSchedule\":2:{s:22:\"\0*\0scheduled_timestamp\";i:1643102337;s:41:\"\0ActionScheduler_SimpleSchedule\0timestamp\";i:1643102337;}',3,1,'2022-01-25 09:19:19','2022-01-25 10:19:19',0,NULL),(5385,'wc-admin_import_orders','complete','2022-01-25 09:19:02','2022-01-25 09:19:02','[5833]','O:30:\"ActionScheduler_SimpleSchedule\":2:{s:22:\"\0*\0scheduled_timestamp\";i:1643102342;s:41:\"\0ActionScheduler_SimpleSchedule\0timestamp\";i:1643102342;}',2,1,'2022-01-25 09:19:19','2022-01-25 10:19:19',0,NULL),(5384,'wc-admin_import_customers','complete','2022-01-25 08:17:28','2022-01-25 08:17:28','[13]','O:30:\"ActionScheduler_SimpleSchedule\":2:{s:22:\"\0*\0scheduled_timestamp\";i:1643098648;s:41:\"\0ActionScheduler_SimpleSchedule\0timestamp\";i:1643098648;}',2,1,'2022-01-25 08:17:49','2022-01-25 09:17:49',0,NULL),(5383,'woocommerce_deliver_webhook_async','complete','2022-01-24 20:08:26','2022-01-24 20:08:26','{\"webhook_id\":1,\"arg\":5825}','O:30:\"ActionScheduler_SimpleSchedule\":2:{s:22:\"\0*\0scheduled_timestamp\";i:1643054906;s:41:\"\0ActionScheduler_SimpleSchedule\0timestamp\";i:1643054906;}',3,1,'2022-01-24 20:08:39','2022-01-24 21:08:39',0,NULL),(5382,'wc-admin_import_orders','complete','2022-01-24 20:08:27','2022-01-24 20:08:27','[5825]','O:30:\"ActionScheduler_SimpleSchedule\":2:{s:22:\"\0*\0scheduled_timestamp\";i:1643054907;s:41:\"\0ActionScheduler_SimpleSchedule\0timestamp\";i:1643054907;}',2,1,'2022-01-24 20:08:39','2022-01-24 21:08:39',0,NULL),(5380,'wc-admin_import_orders','complete','2022-01-24 14:41:08','2022-01-24 14:41:08','[5824]','O:30:\"ActionScheduler_SimpleSchedule\":2:{s:22:\"\0*\0scheduled_timestamp\";i:1643035268;s:41:\"\0ActionScheduler_SimpleSchedule\0timestamp\";i:1643035268;}',2,1,'2022-01-24 14:44:35','2022-01-24 15:44:35',0,NULL),(5381,'woocommerce_deliver_webhook_async','complete','2022-01-24 14:41:03','2022-01-24 14:41:03','{\"webhook_id\":1,\"arg\":5824}','O:30:\"ActionScheduler_SimpleSchedule\":2:{s:22:\"\0*\0scheduled_timestamp\";i:1643035263;s:41:\"\0ActionScheduler_SimpleSchedule\0timestamp\";i:1643035263;}',3,1,'2022-01-24 14:44:35','2022-01-24 15:44:35',0,NULL),(5374,'woocommerce_deliver_webhook_async','complete','2022-01-24 12:04:40','2022-01-24 12:04:40','{\"webhook_id\":1,\"arg\":5821}','O:30:\"ActionScheduler_SimpleSchedule\":2:{s:22:\"\0*\0scheduled_timestamp\";i:1643025880;s:41:\"\0ActionScheduler_SimpleSchedule\0timestamp\";i:1643025880;}',3,1,'2022-01-24 12:05:27','2022-01-24 13:05:27',0,NULL),(5375,'wc-admin_import_orders','complete','2022-01-24 12:05:40','2022-01-24 12:05:40','[5822]','O:30:\"ActionScheduler_SimpleSchedule\":2:{s:22:\"\0*\0scheduled_timestamp\";i:1643025940;s:41:\"\0ActionScheduler_SimpleSchedule\0timestamp\";i:1643025940;}',2,1,'2022-01-24 12:07:07','2022-01-24 13:07:07',0,NULL),(5376,'woocommerce_deliver_webhook_async','complete','2022-01-24 12:05:35','2022-01-24 12:05:35','{\"webhook_id\":1,\"arg\":5822}','O:30:\"ActionScheduler_SimpleSchedule\":2:{s:22:\"\0*\0scheduled_timestamp\";i:1643025935;s:41:\"\0ActionScheduler_SimpleSchedule\0timestamp\";i:1643025935;}',3,1,'2022-01-24 12:07:08','2022-01-24 13:07:08',0,NULL),(5377,'wc-admin_import_orders','complete','2022-01-24 12:17:07','2022-01-24 12:17:07','[5823]','O:30:\"ActionScheduler_SimpleSchedule\":2:{s:22:\"\0*\0scheduled_timestamp\";i:1643026627;s:41:\"\0ActionScheduler_SimpleSchedule\0timestamp\";i:1643026627;}',2,1,'2022-01-24 12:17:13','2022-01-24 13:17:13',0,NULL),(5378,'woocommerce_deliver_webhook_async','complete','2022-01-24 12:17:02','2022-01-24 12:17:02','{\"webhook_id\":1,\"arg\":5823}','O:30:\"ActionScheduler_SimpleSchedule\":2:{s:22:\"\0*\0scheduled_timestamp\";i:1643026622;s:41:\"\0ActionScheduler_SimpleSchedule\0timestamp\";i:1643026622;}',3,1,'2022-01-24 12:17:13','2022-01-24 13:17:13',0,NULL),(5379,'wc-admin_import_customers','complete','2022-01-24 14:18:27','2022-01-24 14:18:27','[13]','O:30:\"ActionScheduler_SimpleSchedule\":2:{s:22:\"\0*\0scheduled_timestamp\";i:1643033907;s:41:\"\0ActionScheduler_SimpleSchedule\0timestamp\";i:1643033907;}',2,1,'2022-01-24 14:20:04','2022-01-24 15:20:04',0,NULL),(5237,'wc-admin_import_orders','complete','2022-01-03 16:37:09','2022-01-03 16:37:09','[5721]','O:30:\"ActionScheduler_SimpleSchedule\":2:{s:22:\"\0*\0scheduled_timestamp\";i:1641227829;s:41:\"\0ActionScheduler_SimpleSchedule\0timestamp\";i:1641227829;}',2,1,'2022-01-03 16:37:18','2022-01-03 17:37:18',0,NULL),(5226,'wc-admin_import_customers','complete','2021-12-30 13:59:58','2021-12-30 13:59:58','[13]','O:30:\"ActionScheduler_SimpleSchedule\":2:{s:22:\"\0*\0scheduled_timestamp\";i:1640872798;s:41:\"\0ActionScheduler_SimpleSchedule\0timestamp\";i:1640872798;}',2,1,'2021-12-30 14:05:04','2021-12-30 15:05:04',0,NULL),(5242,'woocommerce_deliver_webhook_async','complete','2022-01-03 16:44:30','2022-01-03 16:44:30','{\"webhook_id\":1,\"arg\":5723}','O:30:\"ActionScheduler_SimpleSchedule\":2:{s:22:\"\0*\0scheduled_timestamp\";i:1641228270;s:41:\"\0ActionScheduler_SimpleSchedule\0timestamp\";i:1641228270;}',3,1,'2022-01-03 16:50:05','2022-01-03 17:50:05',0,NULL),(5241,'wc-admin_import_orders','complete','2022-01-03 16:44:34','2022-01-03 16:44:34','[5723]','O:30:\"ActionScheduler_SimpleSchedule\":2:{s:22:\"\0*\0scheduled_timestamp\";i:1641228274;s:41:\"\0ActionScheduler_SimpleSchedule\0timestamp\";i:1641228274;}',2,1,'2022-01-03 16:50:05','2022-01-03 17:50:05',0,NULL),(5240,'woocommerce_deliver_webhook_async','complete','2022-01-03 16:40:56','2022-01-03 16:40:56','{\"webhook_id\":1,\"arg\":5722}','O:30:\"ActionScheduler_SimpleSchedule\":2:{s:22:\"\0*\0scheduled_timestamp\";i:1641228056;s:41:\"\0ActionScheduler_SimpleSchedule\0timestamp\";i:1641228056;}',3,1,'2022-01-03 16:41:14','2022-01-03 17:41:14',0,NULL),(5236,'wc-admin_import_customers','complete','2022-01-03 12:22:25','2022-01-03 12:22:25','[6]','O:30:\"ActionScheduler_SimpleSchedule\":2:{s:22:\"\0*\0scheduled_timestamp\";i:1641212545;s:41:\"\0ActionScheduler_SimpleSchedule\0timestamp\";i:1641212545;}',2,1,'2022-01-03 12:24:09','2022-01-03 13:24:09',0,NULL),(5234,'wc-admin_import_orders','complete','2022-01-03 12:20:47','2022-01-03 12:20:47','[5720]','O:30:\"ActionScheduler_SimpleSchedule\":2:{s:22:\"\0*\0scheduled_timestamp\";i:1641212447;s:41:\"\0ActionScheduler_SimpleSchedule\0timestamp\";i:1641212447;}',2,1,'2022-01-03 12:21:28','2022-01-03 13:21:28',0,NULL),(5233,'wc-admin_import_customers','complete','2022-01-03 11:50:35','2022-01-03 11:50:35','[13]','O:30:\"ActionScheduler_SimpleSchedule\":2:{s:22:\"\0*\0scheduled_timestamp\";i:1641210635;s:41:\"\0ActionScheduler_SimpleSchedule\0timestamp\";i:1641210635;}',2,1,'2022-01-03 11:51:04','2022-01-03 12:51:04',0,NULL),(5239,'wc-admin_import_orders','complete','2022-01-03 16:41:01','2022-01-03 16:41:01','[5722]','O:30:\"ActionScheduler_SimpleSchedule\":2:{s:22:\"\0*\0scheduled_timestamp\";i:1641228061;s:41:\"\0ActionScheduler_SimpleSchedule\0timestamp\";i:1641228061;}',2,1,'2022-01-03 16:41:14','2022-01-03 17:41:14',0,NULL),(5238,'woocommerce_deliver_webhook_async','complete','2022-01-03 16:37:04','2022-01-03 16:37:04','{\"webhook_id\":1,\"arg\":5721}','O:30:\"ActionScheduler_SimpleSchedule\":2:{s:22:\"\0*\0scheduled_timestamp\";i:1641227824;s:41:\"\0ActionScheduler_SimpleSchedule\0timestamp\";i:1641227824;}',3,1,'2022-01-03 16:37:19','2022-01-03 17:37:19',0,NULL),(5231,'wc-admin_import_customers','complete','2022-01-01 13:13:32','2022-01-01 13:13:32','[6]','O:30:\"ActionScheduler_SimpleSchedule\":2:{s:22:\"\0*\0scheduled_timestamp\";i:1641042812;s:41:\"\0ActionScheduler_SimpleSchedule\0timestamp\";i:1641042812;}',2,1,'2022-01-01 13:15:04','2022-01-01 14:15:04',0,NULL),(5266,'wc-admin_import_orders','complete','2022-01-07 11:14:16','2022-01-07 11:14:16','[5733]','O:30:\"ActionScheduler_SimpleSchedule\":2:{s:22:\"\0*\0scheduled_timestamp\";i:1641554056;s:41:\"\0ActionScheduler_SimpleSchedule\0timestamp\";i:1641554056;}',2,1,'2022-01-07 11:15:04','2022-01-07 12:15:04',0,NULL),(5265,'woocommerce_deliver_webhook_async','complete','2022-01-07 11:14:10','2022-01-07 11:14:10','{\"webhook_id\":1,\"arg\":5732}','O:30:\"ActionScheduler_SimpleSchedule\":2:{s:22:\"\0*\0scheduled_timestamp\";i:1641554050;s:41:\"\0ActionScheduler_SimpleSchedule\0timestamp\";i:1641554050;}',3,1,'2022-01-07 11:15:06','2022-01-07 12:15:06',0,NULL),(5264,'wc-admin_import_orders','complete','2022-01-07 11:14:15','2022-01-07 11:14:15','[5732]','O:30:\"ActionScheduler_SimpleSchedule\":2:{s:22:\"\0*\0scheduled_timestamp\";i:1641554055;s:41:\"\0ActionScheduler_SimpleSchedule\0timestamp\";i:1641554055;}',2,1,'2022-01-07 11:15:06','2022-01-07 12:15:06',0,NULL),(5252,'wc-admin_import_orders','complete','2022-01-05 09:29:09','2022-01-05 09:29:09','[5719]','O:30:\"ActionScheduler_SimpleSchedule\":2:{s:22:\"\0*\0scheduled_timestamp\";i:1641374949;s:41:\"\0ActionScheduler_SimpleSchedule\0timestamp\";i:1641374949;}',2,1,'2022-01-05 09:30:05','2022-01-05 10:30:05',0,NULL),(5251,'wc-admin_import_customers','complete','2022-01-05 09:08:26','2022-01-05 09:08:26','[13]','O:30:\"ActionScheduler_SimpleSchedule\":2:{s:22:\"\0*\0scheduled_timestamp\";i:1641373706;s:41:\"\0ActionScheduler_SimpleSchedule\0timestamp\";i:1641373706;}',2,1,'2022-01-05 09:10:04','2022-01-05 10:10:04',0,NULL),(5250,'wc-admin_import_customers','complete','2022-01-04 20:40:20','2022-01-04 20:40:20','[6]','O:30:\"ActionScheduler_SimpleSchedule\":2:{s:22:\"\0*\0scheduled_timestamp\";i:1641328820;s:41:\"\0ActionScheduler_SimpleSchedule\0timestamp\";i:1641328820;}',2,1,'2022-01-04 20:41:53','2022-01-04 21:41:53',0,NULL),(5248,'woocommerce_deliver_webhook_async','complete','2022-01-03 20:03:47','2022-01-03 20:03:47','{\"webhook_id\":1,\"arg\":5726}','O:30:\"ActionScheduler_SimpleSchedule\":2:{s:22:\"\0*\0scheduled_timestamp\";i:1641240227;s:41:\"\0ActionScheduler_SimpleSchedule\0timestamp\";i:1641240227;}',3,1,'2022-01-03 20:05:05','2022-01-03 21:05:05',0,NULL),(5232,'wc-admin_import_customers','complete','2022-01-02 12:14:04','2022-01-02 12:14:04','[6]','O:30:\"ActionScheduler_SimpleSchedule\":2:{s:22:\"\0*\0scheduled_timestamp\";i:1641125644;s:41:\"\0ActionScheduler_SimpleSchedule\0timestamp\";i:1641125644;}',2,1,'2022-01-02 12:14:21','2022-01-02 13:14:21',0,NULL),(5247,'wc-admin_import_orders','complete','2022-01-03 20:03:51','2022-01-03 20:03:51','[5726]','O:30:\"ActionScheduler_SimpleSchedule\":2:{s:22:\"\0*\0scheduled_timestamp\";i:1641240231;s:41:\"\0ActionScheduler_SimpleSchedule\0timestamp\";i:1641240231;}',2,1,'2022-01-03 20:05:05','2022-01-03 21:05:05',0,NULL),(5246,'woocommerce_deliver_webhook_async','complete','2022-01-03 19:57:48','2022-01-03 19:57:48','{\"webhook_id\":1,\"arg\":5725}','O:30:\"ActionScheduler_SimpleSchedule\":2:{s:22:\"\0*\0scheduled_timestamp\";i:1641239868;s:41:\"\0ActionScheduler_SimpleSchedule\0timestamp\";i:1641239868;}',3,1,'2022-01-03 20:00:05','2022-01-03 21:00:05',0,NULL),(5245,'wc-admin_import_orders','complete','2022-01-03 19:57:52','2022-01-03 19:57:52','[5725]','O:30:\"ActionScheduler_SimpleSchedule\":2:{s:22:\"\0*\0scheduled_timestamp\";i:1641239872;s:41:\"\0ActionScheduler_SimpleSchedule\0timestamp\";i:1641239872;}',2,1,'2022-01-03 20:00:05','2022-01-03 21:00:05',0,NULL),(5235,'woocommerce_deliver_webhook_async','complete','2022-01-03 12:20:43','2022-01-03 12:20:43','{\"webhook_id\":1,\"arg\":5720}','O:30:\"ActionScheduler_SimpleSchedule\":2:{s:22:\"\0*\0scheduled_timestamp\";i:1641212443;s:41:\"\0ActionScheduler_SimpleSchedule\0timestamp\";i:1641212443;}',3,1,'2022-01-03 12:21:29','2022-01-03 13:21:29',0,NULL),(5249,'wc-admin_import_customers','complete','2022-01-04 16:18:14','2022-01-04 16:18:14','[13]','O:30:\"ActionScheduler_SimpleSchedule\":2:{s:22:\"\0*\0scheduled_timestamp\";i:1641313094;s:41:\"\0ActionScheduler_SimpleSchedule\0timestamp\";i:1641313094;}',2,1,'2022-01-04 16:18:14','2022-01-04 17:18:14',0,NULL),(5327,'wc-admin_import_orders','complete','2022-01-18 10:35:28','2022-01-18 10:35:28','[5785]','O:30:\"ActionScheduler_SimpleSchedule\":2:{s:22:\"\0*\0scheduled_timestamp\";i:1642502128;s:41:\"\0ActionScheduler_SimpleSchedule\0timestamp\";i:1642502128;}',2,1,'2022-01-18 10:40:05','2022-01-18 11:40:05',0,NULL),(5354,'wc-admin_import_customers','complete','2022-01-22 20:14:27','2022-01-22 20:14:27','[16]','O:30:\"ActionScheduler_SimpleSchedule\":2:{s:22:\"\0*\0scheduled_timestamp\";i:1642882467;s:41:\"\0ActionScheduler_SimpleSchedule\0timestamp\";i:1642882467;}',2,1,'2022-01-22 20:14:59','2022-01-22 21:14:59',0,NULL),(5361,'woocommerce_deliver_webhook_async','complete','2022-01-24 00:48:57','2022-01-24 00:48:57','{\"webhook_id\":1,\"arg\":5815}','O:30:\"ActionScheduler_SimpleSchedule\":2:{s:22:\"\0*\0scheduled_timestamp\";i:1642985337;s:41:\"\0ActionScheduler_SimpleSchedule\0timestamp\";i:1642985337;}',3,1,'2022-01-24 00:49:26','2022-01-24 01:49:26',0,NULL),(5355,'wc-admin_import_orders','complete','2022-01-22 20:21:00','2022-01-22 20:21:00','[5797]','O:30:\"ActionScheduler_SimpleSchedule\":2:{s:22:\"\0*\0scheduled_timestamp\";i:1642882860;s:41:\"\0ActionScheduler_SimpleSchedule\0timestamp\";i:1642882860;}',2,1,'2022-01-22 20:24:13','2022-01-22 21:24:13',0,NULL),(5356,'woocommerce_deliver_webhook_async','complete','2022-01-22 20:20:56','2022-01-22 20:20:56','{\"webhook_id\":1,\"arg\":5797}','O:30:\"ActionScheduler_SimpleSchedule\":2:{s:22:\"\0*\0scheduled_timestamp\";i:1642882856;s:41:\"\0ActionScheduler_SimpleSchedule\0timestamp\";i:1642882856;}',3,1,'2022-01-22 20:24:13','2022-01-22 21:24:13',0,NULL),(5330,'wc-admin_import_orders','complete','2022-01-19 09:29:07','2022-01-19 09:29:07','[5733]','O:30:\"ActionScheduler_SimpleSchedule\":2:{s:22:\"\0*\0scheduled_timestamp\";i:1642584547;s:41:\"\0ActionScheduler_SimpleSchedule\0timestamp\";i:1642584547;}',2,1,'2022-01-19 09:30:06','2022-01-19 10:30:06',0,NULL),(5357,'wc-admin_import_orders','complete','2022-01-23 17:14:41','2022-01-23 17:14:41','[5798]','O:30:\"ActionScheduler_SimpleSchedule\":2:{s:22:\"\0*\0scheduled_timestamp\";i:1642958081;s:41:\"\0ActionScheduler_SimpleSchedule\0timestamp\";i:1642958081;}',2,1,'2022-01-23 17:15:06','2022-01-23 18:15:06',0,NULL),(5353,'wc-admin_import_orders','complete','2022-01-21 15:59:08','2022-01-21 15:59:08','[5739]','O:30:\"ActionScheduler_SimpleSchedule\":2:{s:22:\"\0*\0scheduled_timestamp\";i:1642780748;s:41:\"\0ActionScheduler_SimpleSchedule\0timestamp\";i:1642780748;}',2,1,'2022-01-21 15:59:31','2022-01-21 16:59:31',0,NULL),(5225,'wc-admin_import_customers','complete','2021-12-29 15:46:58','2021-12-29 15:46:58','[13]','O:30:\"ActionScheduler_SimpleSchedule\":2:{s:22:\"\0*\0scheduled_timestamp\";i:1640792818;s:41:\"\0ActionScheduler_SimpleSchedule\0timestamp\";i:1640792818;}',2,1,'2021-12-29 15:47:02','2021-12-29 16:47:02',0,NULL),(5394,'wc-admin_import_orders','complete','2022-01-25 20:11:37','2022-01-25 20:11:37','[5839]','O:30:\"ActionScheduler_SimpleSchedule\":2:{s:22:\"\0*\0scheduled_timestamp\";i:1643141497;s:41:\"\0ActionScheduler_SimpleSchedule\0timestamp\";i:1643141497;}',2,1,'2022-01-25 20:11:50','2022-01-25 21:11:50',0,NULL),(5219,'woocommerce_deliver_webhook_async','complete','2021-12-26 14:29:30','2021-12-26 14:29:30','{\"webhook_id\":1,\"arg\":5715}','O:30:\"ActionScheduler_SimpleSchedule\":2:{s:22:\"\0*\0scheduled_timestamp\";i:1640528970;s:41:\"\0ActionScheduler_SimpleSchedule\0timestamp\";i:1640528970;}',3,1,'2021-12-26 14:35:03','2021-12-26 15:35:03',0,NULL),(5218,'wc-admin_import_orders','complete','2021-12-26 14:29:35','2021-12-26 14:29:35','[5715]','O:30:\"ActionScheduler_SimpleSchedule\":2:{s:22:\"\0*\0scheduled_timestamp\";i:1640528975;s:41:\"\0ActionScheduler_SimpleSchedule\0timestamp\";i:1640528975;}',2,1,'2021-12-26 14:35:03','2021-12-26 15:35:03',0,NULL),(5372,'woocommerce_deliver_webhook_async','complete','2022-01-24 12:03:54','2022-01-24 12:03:54','{\"webhook_id\":1,\"arg\":5820}','O:30:\"ActionScheduler_SimpleSchedule\":2:{s:22:\"\0*\0scheduled_timestamp\";i:1643025834;s:41:\"\0ActionScheduler_SimpleSchedule\0timestamp\";i:1643025834;}',3,1,'2022-01-24 12:04:19','2022-01-24 13:04:19',0,NULL),(5269,'woocommerce_deliver_webhook_async','complete','2022-01-07 11:47:29','2022-01-07 11:47:29','{\"webhook_id\":1,\"arg\":5734}','O:30:\"ActionScheduler_SimpleSchedule\":2:{s:22:\"\0*\0scheduled_timestamp\";i:1641556049;s:41:\"\0ActionScheduler_SimpleSchedule\0timestamp\";i:1641556049;}',3,1,'2022-01-07 11:50:05','2022-01-07 12:50:05',0,NULL),(5279,'wc-admin_import_customers','complete','2022-01-08 10:50:08','2022-01-08 10:50:08','[6]','O:30:\"ActionScheduler_SimpleSchedule\":2:{s:22:\"\0*\0scheduled_timestamp\";i:1641639008;s:41:\"\0ActionScheduler_SimpleSchedule\0timestamp\";i:1641639008;}',2,1,'2022-01-08 10:50:14','2022-01-08 11:50:14',0,NULL),(5227,'wc-admin_import_orders','complete','2021-12-31 01:14:27','2021-12-31 01:14:27','[5718]','O:30:\"ActionScheduler_SimpleSchedule\":2:{s:22:\"\0*\0scheduled_timestamp\";i:1640913267;s:41:\"\0ActionScheduler_SimpleSchedule\0timestamp\";i:1640913267;}',2,1,'2021-12-31 01:15:04','2021-12-31 02:15:04',0,NULL),(5228,'woocommerce_deliver_webhook_async','complete','2021-12-31 01:14:23','2021-12-31 01:14:23','{\"webhook_id\":1,\"arg\":5718}','O:30:\"ActionScheduler_SimpleSchedule\":2:{s:22:\"\0*\0scheduled_timestamp\";i:1640913263;s:41:\"\0ActionScheduler_SimpleSchedule\0timestamp\";i:1640913263;}',3,1,'2021-12-31 01:15:05','2021-12-31 02:15:05',0,NULL),(5268,'wc-admin_import_orders','complete','2022-01-07 11:47:34','2022-01-07 11:47:34','[5734]','O:30:\"ActionScheduler_SimpleSchedule\":2:{s:22:\"\0*\0scheduled_timestamp\";i:1641556054;s:41:\"\0ActionScheduler_SimpleSchedule\0timestamp\";i:1641556054;}',2,1,'2022-01-07 11:50:05','2022-01-07 12:50:05',0,NULL),(5267,'woocommerce_deliver_webhook_async','complete','2022-01-07 11:14:11','2022-01-07 11:14:11','{\"webhook_id\":1,\"arg\":5733}','O:30:\"ActionScheduler_SimpleSchedule\":2:{s:22:\"\0*\0scheduled_timestamp\";i:1641554051;s:41:\"\0ActionScheduler_SimpleSchedule\0timestamp\";i:1641554051;}',3,1,'2022-01-07 11:15:06','2022-01-07 12:15:06',0,NULL),(5229,'wc-admin_import_orders','complete','2021-12-31 14:56:42','2021-12-31 14:56:42','[5719]','O:30:\"ActionScheduler_SimpleSchedule\":2:{s:22:\"\0*\0scheduled_timestamp\";i:1640962602;s:41:\"\0ActionScheduler_SimpleSchedule\0timestamp\";i:1640962602;}',2,1,'2021-12-31 14:58:15','2021-12-31 15:58:15',0,NULL),(5230,'woocommerce_deliver_webhook_async','complete','2021-12-31 14:56:37','2021-12-31 14:56:37','{\"webhook_id\":1,\"arg\":5719}','O:30:\"ActionScheduler_SimpleSchedule\":2:{s:22:\"\0*\0scheduled_timestamp\";i:1640962597;s:41:\"\0ActionScheduler_SimpleSchedule\0timestamp\";i:1640962597;}',3,1,'2021-12-31 14:58:16','2021-12-31 15:58:16',0,NULL),(5243,'wc-admin_import_orders','complete','2022-01-03 18:23:18','2022-01-03 18:23:18','[5724]','O:30:\"ActionScheduler_SimpleSchedule\":2:{s:22:\"\0*\0scheduled_timestamp\";i:1641234198;s:41:\"\0ActionScheduler_SimpleSchedule\0timestamp\";i:1641234198;}',2,1,'2022-01-03 18:25:05','2022-01-03 19:25:05',0,NULL),(5244,'woocommerce_deliver_webhook_async','complete','2022-01-03 18:23:13','2022-01-03 18:23:13','{\"webhook_id\":1,\"arg\":5724}','O:30:\"ActionScheduler_SimpleSchedule\":2:{s:22:\"\0*\0scheduled_timestamp\";i:1641234193;s:41:\"\0ActionScheduler_SimpleSchedule\0timestamp\";i:1641234193;}',3,1,'2022-01-03 18:25:05','2022-01-03 19:25:05',0,NULL),(5263,'wc-admin_import_customers','complete','2022-01-07 10:31:21','2022-01-07 10:31:21','[10]','O:30:\"ActionScheduler_SimpleSchedule\":2:{s:22:\"\0*\0scheduled_timestamp\";i:1641551481;s:41:\"\0ActionScheduler_SimpleSchedule\0timestamp\";i:1641551481;}',2,1,'2022-01-07 10:32:28','2022-01-07 11:32:28',0,NULL),(5262,'woocommerce_deliver_webhook_async','complete','2022-01-06 20:30:52','2022-01-06 20:30:52','{\"webhook_id\":1,\"arg\":5731}','O:30:\"ActionScheduler_SimpleSchedule\":2:{s:22:\"\0*\0scheduled_timestamp\";i:1641501052;s:41:\"\0ActionScheduler_SimpleSchedule\0timestamp\";i:1641501052;}',3,1,'2022-01-06 20:31:43','2022-01-06 21:31:43',0,NULL),(5261,'wc-admin_import_orders','complete','2022-01-06 20:30:57','2022-01-06 20:30:57','[5731]','O:30:\"ActionScheduler_SimpleSchedule\":2:{s:22:\"\0*\0scheduled_timestamp\";i:1641501057;s:41:\"\0ActionScheduler_SimpleSchedule\0timestamp\";i:1641501057;}',2,1,'2022-01-06 20:31:43','2022-01-06 21:31:43',0,NULL),(5260,'woocommerce_deliver_webhook_async','complete','2022-01-06 19:10:33','2022-01-06 19:10:33','{\"webhook_id\":1,\"arg\":5730}','O:30:\"ActionScheduler_SimpleSchedule\":2:{s:22:\"\0*\0scheduled_timestamp\";i:1641496233;s:41:\"\0ActionScheduler_SimpleSchedule\0timestamp\";i:1641496233;}',3,1,'2022-01-06 19:15:05','2022-01-06 20:15:05',0,NULL),(5256,'wc-admin_import_orders','complete','2022-01-06 15:00:09','2022-01-06 15:00:09','[5715]','O:30:\"ActionScheduler_SimpleSchedule\":2:{s:22:\"\0*\0scheduled_timestamp\";i:1641481209;s:41:\"\0ActionScheduler_SimpleSchedule\0timestamp\";i:1641481209;}',2,1,'2022-01-06 15:00:17','2022-01-06 16:00:17',0,NULL),(5259,'wc-admin_import_orders','complete','2022-01-06 19:10:37','2022-01-06 19:10:37','[5730]','O:30:\"ActionScheduler_SimpleSchedule\":2:{s:22:\"\0*\0scheduled_timestamp\";i:1641496237;s:41:\"\0ActionScheduler_SimpleSchedule\0timestamp\";i:1641496237;}',2,1,'2022-01-06 19:15:05','2022-01-06 20:15:05',0,NULL),(5255,'wc-admin_import_customers','complete','2022-01-06 13:56:12','2022-01-06 13:56:12','[6]','O:30:\"ActionScheduler_SimpleSchedule\":2:{s:22:\"\0*\0scheduled_timestamp\";i:1641477372;s:41:\"\0ActionScheduler_SimpleSchedule\0timestamp\";i:1641477372;}',2,1,'2022-01-06 13:56:13','2022-01-06 14:56:13',0,NULL),(5254,'woocommerce_deliver_webhook_async','complete','2022-01-06 10:36:45','2022-01-06 10:36:45','{\"webhook_id\":1,\"arg\":5728}','O:30:\"ActionScheduler_SimpleSchedule\":2:{s:22:\"\0*\0scheduled_timestamp\";i:1641465405;s:41:\"\0ActionScheduler_SimpleSchedule\0timestamp\";i:1641465405;}',3,1,'2022-01-06 10:40:06','2022-01-06 11:40:06',0,NULL),(5253,'wc-admin_import_orders','complete','2022-01-06 10:36:49','2022-01-06 10:36:49','[5728]','O:30:\"ActionScheduler_SimpleSchedule\":2:{s:22:\"\0*\0scheduled_timestamp\";i:1641465409;s:41:\"\0ActionScheduler_SimpleSchedule\0timestamp\";i:1641465409;}',2,1,'2022-01-06 10:40:06','2022-01-06 11:40:06',0,NULL),(5275,'wc-admin_import_orders','complete','2022-01-07 16:43:15','2022-01-07 16:43:15','[5737]','O:30:\"ActionScheduler_SimpleSchedule\":2:{s:22:\"\0*\0scheduled_timestamp\";i:1641573795;s:41:\"\0ActionScheduler_SimpleSchedule\0timestamp\";i:1641573795;}',2,1,'2022-01-07 16:45:06','2022-01-07 17:45:06',0,NULL),(5371,'wc-admin_import_orders','complete','2022-01-24 12:03:59','2022-01-24 12:03:59','[5820]','O:30:\"ActionScheduler_SimpleSchedule\":2:{s:22:\"\0*\0scheduled_timestamp\";i:1643025839;s:41:\"\0ActionScheduler_SimpleSchedule\0timestamp\";i:1643025839;}',2,1,'2022-01-24 12:04:19','2022-01-24 13:04:19',0,NULL),(5370,'woocommerce_deliver_webhook_async','complete','2022-01-24 12:02:39','2022-01-24 12:02:39','{\"webhook_id\":1,\"arg\":5819}','O:30:\"ActionScheduler_SimpleSchedule\":2:{s:22:\"\0*\0scheduled_timestamp\";i:1643025759;s:41:\"\0ActionScheduler_SimpleSchedule\0timestamp\";i:1643025759;}',3,1,'2022-01-24 12:03:26','2022-01-24 13:03:26',0,NULL),(5300,'wc-admin_import_orders','complete','2022-01-12 15:00:11','2022-01-12 15:00:11','[5731]','O:30:\"ActionScheduler_SimpleSchedule\":2:{s:22:\"\0*\0scheduled_timestamp\";i:1641999611;s:41:\"\0ActionScheduler_SimpleSchedule\0timestamp\";i:1641999611;}',2,1,'2022-01-12 15:01:17','2022-01-12 16:01:17',0,NULL),(5301,'wc-admin_import_customers','complete','2022-01-12 15:33:25','2022-01-12 15:33:25','[6]','O:30:\"ActionScheduler_SimpleSchedule\":2:{s:22:\"\0*\0scheduled_timestamp\";i:1642001605;s:41:\"\0ActionScheduler_SimpleSchedule\0timestamp\";i:1642001605;}',2,1,'2022-01-12 15:34:19','2022-01-12 16:34:19',0,NULL),(5345,'wc-admin_import_customers','complete','2022-01-20 09:40:54','2022-01-20 09:40:54','[13]','O:30:\"ActionScheduler_SimpleSchedule\":2:{s:22:\"\0*\0scheduled_timestamp\";i:1642671654;s:41:\"\0ActionScheduler_SimpleSchedule\0timestamp\";i:1642671654;}',2,1,'2022-01-20 09:41:07','2022-01-20 10:41:07',0,NULL),(5346,'wc-admin_import_customers','complete','2022-01-20 09:57:23','2022-01-20 09:57:23','[16]','O:30:\"ActionScheduler_SimpleSchedule\":2:{s:22:\"\0*\0scheduled_timestamp\";i:1642672643;s:41:\"\0ActionScheduler_SimpleSchedule\0timestamp\";i:1642672643;}',2,1,'2022-01-20 09:58:23','2022-01-20 10:58:23',0,NULL),(5347,'wc-admin_import_orders','complete','2022-01-20 12:04:04','2022-01-20 12:04:04','[5795]','O:30:\"ActionScheduler_SimpleSchedule\":2:{s:22:\"\0*\0scheduled_timestamp\";i:1642680244;s:41:\"\0ActionScheduler_SimpleSchedule\0timestamp\";i:1642680244;}',2,1,'2022-01-20 12:05:05','2022-01-20 13:05:05',0,NULL),(5348,'woocommerce_deliver_webhook_async','complete','2022-01-20 12:04:03','2022-01-20 12:04:03','{\"webhook_id\":1,\"arg\":5795}','O:30:\"ActionScheduler_SimpleSchedule\":2:{s:22:\"\0*\0scheduled_timestamp\";i:1642680243;s:41:\"\0ActionScheduler_SimpleSchedule\0timestamp\";i:1642680243;}',3,1,'2022-01-20 12:05:06','2022-01-20 13:05:06',0,NULL),(5349,'wc-admin_import_orders','complete','2022-01-20 16:00:10','2022-01-20 16:00:10','[5795]','O:30:\"ActionScheduler_SimpleSchedule\":2:{s:22:\"\0*\0scheduled_timestamp\";i:1642694410;s:41:\"\0ActionScheduler_SimpleSchedule\0timestamp\";i:1642694410;}',2,1,'2022-01-20 16:05:05','2022-01-20 17:05:05',0,NULL),(5350,'wc-admin_import_orders','complete','2022-01-20 18:24:18','2022-01-20 18:24:18','[5796]','O:30:\"ActionScheduler_SimpleSchedule\":2:{s:22:\"\0*\0scheduled_timestamp\";i:1642703058;s:41:\"\0ActionScheduler_SimpleSchedule\0timestamp\";i:1642703058;}',2,1,'2022-01-20 18:30:04','2022-01-20 19:30:04',0,NULL),(5351,'woocommerce_deliver_webhook_async','complete','2022-01-20 18:24:13','2022-01-20 18:24:13','{\"webhook_id\":1,\"arg\":5796}','O:30:\"ActionScheduler_SimpleSchedule\":2:{s:22:\"\0*\0scheduled_timestamp\";i:1642703053;s:41:\"\0ActionScheduler_SimpleSchedule\0timestamp\";i:1642703053;}',3,1,'2022-01-20 18:30:10','2022-01-20 19:30:10',0,NULL),(5363,'wc-admin_import_orders','complete','2022-01-24 11:55:01','2022-01-24 11:55:01','[5816]','O:30:\"ActionScheduler_SimpleSchedule\":2:{s:22:\"\0*\0scheduled_timestamp\";i:1643025301;s:41:\"\0ActionScheduler_SimpleSchedule\0timestamp\";i:1643025301;}',2,1,'2022-01-24 11:55:13','2022-01-24 12:55:13',0,NULL),(5364,'woocommerce_deliver_webhook_async','complete','2022-01-24 11:54:57','2022-01-24 11:54:57','{\"webhook_id\":1,\"arg\":5816}','O:30:\"ActionScheduler_SimpleSchedule\":2:{s:22:\"\0*\0scheduled_timestamp\";i:1643025297;s:41:\"\0ActionScheduler_SimpleSchedule\0timestamp\";i:1643025297;}',3,1,'2022-01-24 11:55:13','2022-01-24 12:55:13',0,NULL),(5365,'wc-admin_import_orders','complete','2022-01-24 12:00:35','2022-01-24 12:00:35','[5817]','O:30:\"ActionScheduler_SimpleSchedule\":2:{s:22:\"\0*\0scheduled_timestamp\";i:1643025635;s:41:\"\0ActionScheduler_SimpleSchedule\0timestamp\";i:1643025635;}',2,1,'2022-01-24 12:01:45','2022-01-24 13:01:45',0,NULL),(5366,'woocommerce_deliver_webhook_async','complete','2022-01-24 12:00:31','2022-01-24 12:00:31','{\"webhook_id\":1,\"arg\":5817}','O:30:\"ActionScheduler_SimpleSchedule\":2:{s:22:\"\0*\0scheduled_timestamp\";i:1643025631;s:41:\"\0ActionScheduler_SimpleSchedule\0timestamp\";i:1643025631;}',3,1,'2022-01-24 12:01:45','2022-01-24 13:01:45',0,NULL),(5367,'wc-admin_import_orders','complete','2022-01-24 12:02:13','2022-01-24 12:02:13','[5818]','O:30:\"ActionScheduler_SimpleSchedule\":2:{s:22:\"\0*\0scheduled_timestamp\";i:1643025733;s:41:\"\0ActionScheduler_SimpleSchedule\0timestamp\";i:1643025733;}',2,1,'2022-01-24 12:02:19','2022-01-24 13:02:19',0,NULL),(5368,'woocommerce_deliver_webhook_async','complete','2022-01-24 12:02:08','2022-01-24 12:02:08','{\"webhook_id\":1,\"arg\":5818}','O:30:\"ActionScheduler_SimpleSchedule\":2:{s:22:\"\0*\0scheduled_timestamp\";i:1643025728;s:41:\"\0ActionScheduler_SimpleSchedule\0timestamp\";i:1643025728;}',3,1,'2022-01-24 12:02:19','2022-01-24 13:02:19',0,NULL),(5369,'wc-admin_import_orders','complete','2022-01-24 12:02:44','2022-01-24 12:02:44','[5819]','O:30:\"ActionScheduler_SimpleSchedule\":2:{s:22:\"\0*\0scheduled_timestamp\";i:1643025764;s:41:\"\0ActionScheduler_SimpleSchedule\0timestamp\";i:1643025764;}',2,1,'2022-01-24 12:03:26','2022-01-24 13:03:26',0,NULL),(5323,'wc-admin_import_orders','complete','2022-01-17 17:00:09','2022-01-17 17:00:09','[5728]','O:30:\"ActionScheduler_SimpleSchedule\":2:{s:22:\"\0*\0scheduled_timestamp\";i:1642438809;s:41:\"\0ActionScheduler_SimpleSchedule\0timestamp\";i:1642438809;}',2,1,'2022-01-17 17:04:11','2022-01-17 18:04:11',0,NULL),(5324,'wc-admin_import_orders','complete','2022-01-18 06:48:23','2022-01-18 06:48:23','[5784]','O:30:\"ActionScheduler_SimpleSchedule\":2:{s:22:\"\0*\0scheduled_timestamp\";i:1642488503;s:41:\"\0ActionScheduler_SimpleSchedule\0timestamp\";i:1642488503;}',2,1,'2022-01-18 06:48:40','2022-01-18 07:48:40',0,NULL),(5322,'wc-admin_import_customers','complete','2022-01-17 12:49:21','2022-01-17 12:49:21','[13]','O:30:\"ActionScheduler_SimpleSchedule\":2:{s:22:\"\0*\0scheduled_timestamp\";i:1642423761;s:41:\"\0ActionScheduler_SimpleSchedule\0timestamp\";i:1642423761;}',2,1,'2022-01-17 12:55:04','2022-01-17 13:55:04',0,NULL),(5328,'woocommerce_deliver_webhook_async','complete','2022-01-18 10:35:24','2022-01-18 10:35:24','{\"webhook_id\":1,\"arg\":5785}','O:30:\"ActionScheduler_SimpleSchedule\":2:{s:22:\"\0*\0scheduled_timestamp\";i:1642502124;s:41:\"\0ActionScheduler_SimpleSchedule\0timestamp\";i:1642502124;}',3,1,'2022-01-18 10:40:06','2022-01-18 11:40:06',0,NULL),(5310,'wc-admin_import_orders','complete','2022-01-15 22:37:45','2022-01-15 22:37:45','[5779]','O:30:\"ActionScheduler_SimpleSchedule\":2:{s:22:\"\0*\0scheduled_timestamp\";i:1642286265;s:41:\"\0ActionScheduler_SimpleSchedule\0timestamp\";i:1642286265;}',2,1,'2022-01-15 22:39:30','2022-01-15 23:39:30',0,NULL),(5329,'wc-admin_import_customers','complete','2022-01-18 16:28:52','2022-01-18 16:28:52','[13]','O:30:\"ActionScheduler_SimpleSchedule\":2:{s:22:\"\0*\0scheduled_timestamp\";i:1642523332;s:41:\"\0ActionScheduler_SimpleSchedule\0timestamp\";i:1642523332;}',2,1,'2022-01-18 16:29:02','2022-01-18 17:29:02',0,NULL),(5308,'wc-admin_import_orders','complete','2022-01-15 14:32:31','2022-01-15 14:32:31','[5778]','O:30:\"ActionScheduler_SimpleSchedule\":2:{s:22:\"\0*\0scheduled_timestamp\";i:1642257151;s:41:\"\0ActionScheduler_SimpleSchedule\0timestamp\";i:1642257151;}',2,1,'2022-01-15 14:35:04','2022-01-15 15:35:04',0,NULL),(5311,'woocommerce_deliver_webhook_async','complete','2022-01-15 22:37:40','2022-01-15 22:37:40','{\"webhook_id\":1,\"arg\":5779}','O:30:\"ActionScheduler_SimpleSchedule\":2:{s:22:\"\0*\0scheduled_timestamp\";i:1642286260;s:41:\"\0ActionScheduler_SimpleSchedule\0timestamp\";i:1642286260;}',3,1,'2022-01-15 22:39:31','2022-01-15 23:39:31',0,NULL),(5309,'woocommerce_deliver_webhook_async','complete','2022-01-15 14:32:26','2022-01-15 14:32:26','{\"webhook_id\":1,\"arg\":5778}','O:30:\"ActionScheduler_SimpleSchedule\":2:{s:22:\"\0*\0scheduled_timestamp\";i:1642257146;s:41:\"\0ActionScheduler_SimpleSchedule\0timestamp\";i:1642257146;}',3,1,'2022-01-15 14:35:05','2022-01-15 15:35:05',0,NULL),(5312,'wc-admin_import_customers','complete','2022-01-16 09:20:43','2022-01-16 09:20:43','[6]','O:30:\"ActionScheduler_SimpleSchedule\":2:{s:22:\"\0*\0scheduled_timestamp\";i:1642324843;s:41:\"\0ActionScheduler_SimpleSchedule\0timestamp\";i:1642324843;}',2,1,'2022-01-16 09:25:04','2022-01-16 10:25:04',0,NULL),(5306,'wc-admin_import_orders','complete','2022-01-14 17:59:09','2022-01-14 17:59:09','[5741]','O:30:\"ActionScheduler_SimpleSchedule\":2:{s:22:\"\0*\0scheduled_timestamp\";i:1642183149;s:41:\"\0ActionScheduler_SimpleSchedule\0timestamp\";i:1642183149;}',2,1,'2022-01-14 18:00:05','2022-01-14 19:00:05',0,NULL),(5392,'woocommerce_deliver_webhook_async','complete','2022-01-25 09:25:14','2022-01-25 09:25:14','{\"webhook_id\":1,\"arg\":5836}','O:30:\"ActionScheduler_SimpleSchedule\":2:{s:22:\"\0*\0scheduled_timestamp\";i:1643102714;s:41:\"\0ActionScheduler_SimpleSchedule\0timestamp\";i:1643102714;}',3,1,'2022-01-25 09:30:05','2022-01-25 10:30:05',0,NULL),(5325,'woocommerce_deliver_webhook_async','complete','2022-01-18 06:48:19','2022-01-18 06:48:19','{\"webhook_id\":1,\"arg\":5784}','O:30:\"ActionScheduler_SimpleSchedule\":2:{s:22:\"\0*\0scheduled_timestamp\";i:1642488499;s:41:\"\0ActionScheduler_SimpleSchedule\0timestamp\";i:1642488499;}',3,1,'2022-01-18 06:48:41','2022-01-18 07:48:41',0,NULL),(5283,'wc-admin_import_customers','complete','2022-01-10 09:36:35','2022-01-10 09:36:35','[13]','O:30:\"ActionScheduler_SimpleSchedule\":2:{s:22:\"\0*\0scheduled_timestamp\";i:1641807395;s:41:\"\0ActionScheduler_SimpleSchedule\0timestamp\";i:1641807395;}',2,1,'2022-01-10 09:36:44','2022-01-10 10:36:44',0,NULL),(5284,'wc-admin_import_orders','complete','2022-01-10 11:54:24','2022-01-10 11:54:24','[5741]','O:30:\"ActionScheduler_SimpleSchedule\":2:{s:22:\"\0*\0scheduled_timestamp\";i:1641815664;s:41:\"\0ActionScheduler_SimpleSchedule\0timestamp\";i:1641815664;}',2,1,'2022-01-10 11:55:37','2022-01-10 12:55:37',0,NULL),(5285,'woocommerce_deliver_webhook_async','complete','2022-01-10 11:54:20','2022-01-10 11:54:20','{\"webhook_id\":1,\"arg\":5741}','O:30:\"ActionScheduler_SimpleSchedule\":2:{s:22:\"\0*\0scheduled_timestamp\";i:1641815660;s:41:\"\0ActionScheduler_SimpleSchedule\0timestamp\";i:1641815660;}',3,1,'2022-01-10 11:55:38','2022-01-10 12:55:38',0,NULL),(5286,'wc-admin_import_customers','complete','2022-01-10 12:14:50','2022-01-10 12:14:50','[15]','O:30:\"ActionScheduler_SimpleSchedule\":2:{s:22:\"\0*\0scheduled_timestamp\";i:1641816890;s:41:\"\0ActionScheduler_SimpleSchedule\0timestamp\";i:1641816890;}',2,1,'2022-01-10 12:15:17','2022-01-10 13:15:17',0,NULL),(5287,'wc-admin_import_customers','complete','2022-01-10 12:21:51','2022-01-10 12:21:51','[6]','O:30:\"ActionScheduler_SimpleSchedule\":2:{s:22:\"\0*\0scheduled_timestamp\";i:1641817311;s:41:\"\0ActionScheduler_SimpleSchedule\0timestamp\";i:1641817311;}',2,1,'2022-01-10 12:23:43','2022-01-10 13:23:43',0,NULL),(5276,'woocommerce_deliver_webhook_async','complete','2022-01-07 16:43:10','2022-01-07 16:43:10','{\"webhook_id\":1,\"arg\":5737}','O:30:\"ActionScheduler_SimpleSchedule\":2:{s:22:\"\0*\0scheduled_timestamp\";i:1641573790;s:41:\"\0ActionScheduler_SimpleSchedule\0timestamp\";i:1641573790;}',3,1,'2022-01-07 16:45:07','2022-01-07 17:45:07',0,NULL),(5277,'wc-admin_import_orders','complete','2022-01-07 17:37:12','2022-01-07 17:37:12','[5738]','O:30:\"ActionScheduler_SimpleSchedule\":2:{s:22:\"\0*\0scheduled_timestamp\";i:1641577032;s:41:\"\0ActionScheduler_SimpleSchedule\0timestamp\";i:1641577032;}',2,1,'2022-01-07 17:40:04','2022-01-07 18:40:04',0,NULL),(5278,'woocommerce_deliver_webhook_async','complete','2022-01-07 17:37:08','2022-01-07 17:37:08','{\"webhook_id\":1,\"arg\":5738}','O:30:\"ActionScheduler_SimpleSchedule\":2:{s:22:\"\0*\0scheduled_timestamp\";i:1641577028;s:41:\"\0ActionScheduler_SimpleSchedule\0timestamp\";i:1641577028;}',3,1,'2022-01-07 17:40:05','2022-01-07 18:40:05',0,NULL),(5326,'wc-admin_import_customers','complete','2022-01-18 08:34:00','2022-01-18 08:34:00','[6]','O:30:\"ActionScheduler_SimpleSchedule\":2:{s:22:\"\0*\0scheduled_timestamp\";i:1642494840;s:41:\"\0ActionScheduler_SimpleSchedule\0timestamp\";i:1642494840;}',2,1,'2022-01-18 08:34:06','2022-01-18 09:34:06',0,NULL),(5282,'woocommerce_deliver_webhook_async','complete','2022-01-09 10:41:28','2022-01-09 10:41:28','{\"webhook_id\":1,\"arg\":5739}','O:30:\"ActionScheduler_SimpleSchedule\":2:{s:22:\"\0*\0scheduled_timestamp\";i:1641724888;s:41:\"\0ActionScheduler_SimpleSchedule\0timestamp\";i:1641724888;}',3,1,'2022-01-09 10:45:05','2022-01-09 11:45:05',0,NULL),(5257,'wc-admin_import_customers','complete','2022-01-06 18:51:56','2022-01-06 18:51:56','[13]','O:30:\"ActionScheduler_SimpleSchedule\":2:{s:22:\"\0*\0scheduled_timestamp\";i:1641495116;s:41:\"\0ActionScheduler_SimpleSchedule\0timestamp\";i:1641495116;}',2,1,'2022-01-06 18:53:14','2022-01-06 19:53:14',0,NULL),(5258,'wc-admin_import_customers','complete','2022-01-06 19:03:34','2022-01-06 19:03:34','[15]','O:30:\"ActionScheduler_SimpleSchedule\":2:{s:22:\"\0*\0scheduled_timestamp\";i:1641495814;s:41:\"\0ActionScheduler_SimpleSchedule\0timestamp\";i:1641495814;}',2,1,'2022-01-06 19:05:05','2022-01-06 20:05:05',0,NULL),(5270,'wc-admin_import_customers','complete','2022-01-07 13:44:57','2022-01-07 13:44:57','[13]','O:30:\"ActionScheduler_SimpleSchedule\":2:{s:22:\"\0*\0scheduled_timestamp\";i:1641563097;s:41:\"\0ActionScheduler_SimpleSchedule\0timestamp\";i:1641563097;}',2,1,'2022-01-07 13:45:03','2022-01-07 14:45:03',0,NULL),(5271,'wc-admin_import_orders','complete','2022-01-07 13:47:47','2022-01-07 13:47:47','[5735]','O:30:\"ActionScheduler_SimpleSchedule\":2:{s:22:\"\0*\0scheduled_timestamp\";i:1641563267;s:41:\"\0ActionScheduler_SimpleSchedule\0timestamp\";i:1641563267;}',2,1,'2022-01-07 13:49:50','2022-01-07 14:49:50',0,NULL),(5272,'woocommerce_deliver_webhook_async','complete','2022-01-07 13:47:43','2022-01-07 13:47:43','{\"webhook_id\":1,\"arg\":5735}','O:30:\"ActionScheduler_SimpleSchedule\":2:{s:22:\"\0*\0scheduled_timestamp\";i:1641563263;s:41:\"\0ActionScheduler_SimpleSchedule\0timestamp\";i:1641563263;}',3,1,'2022-01-07 13:49:50','2022-01-07 14:49:50',0,NULL),(5273,'wc-admin_import_orders','complete','2022-01-07 16:41:13','2022-01-07 16:41:13','[5736]','O:30:\"ActionScheduler_SimpleSchedule\":2:{s:22:\"\0*\0scheduled_timestamp\";i:1641573673;s:41:\"\0ActionScheduler_SimpleSchedule\0timestamp\";i:1641573673;}',2,1,'2022-01-07 16:41:46','2022-01-07 17:41:46',0,NULL),(5274,'woocommerce_deliver_webhook_async','complete','2022-01-07 16:41:08','2022-01-07 16:41:08','{\"webhook_id\":1,\"arg\":5736}','O:30:\"ActionScheduler_SimpleSchedule\":2:{s:22:\"\0*\0scheduled_timestamp\";i:1641573668;s:41:\"\0ActionScheduler_SimpleSchedule\0timestamp\";i:1641573668;}',3,1,'2022-01-07 16:41:46','2022-01-07 17:41:46',0,NULL),(5344,'wc-admin_import_orders','complete','2022-01-19 18:00:10','2022-01-19 18:00:10','[5780]','O:30:\"ActionScheduler_SimpleSchedule\":2:{s:22:\"\0*\0scheduled_timestamp\";i:1642615210;s:41:\"\0ActionScheduler_SimpleSchedule\0timestamp\";i:1642615210;}',2,1,'2022-01-19 18:05:04','2022-01-19 19:05:04',0,NULL),(5302,'wc-admin_import_customers','complete','2022-01-14 09:10:59','2022-01-14 09:10:59','[6]','O:30:\"ActionScheduler_SimpleSchedule\":2:{s:22:\"\0*\0scheduled_timestamp\";i:1642151459;s:41:\"\0ActionScheduler_SimpleSchedule\0timestamp\";i:1642151459;}',2,1,'2022-01-14 09:11:56','2022-01-14 10:11:56',0,NULL),(5303,'wc-admin_import_orders','complete','2022-01-14 15:30:17','2022-01-14 15:30:17','[5736]','O:30:\"ActionScheduler_SimpleSchedule\":2:{s:22:\"\0*\0scheduled_timestamp\";i:1642174217;s:41:\"\0ActionScheduler_SimpleSchedule\0timestamp\";i:1642174217;}',2,1,'2022-01-14 15:35:05','2022-01-14 16:35:05',0,NULL),(5304,'wc-admin_import_orders','complete','2022-01-14 16:00:08','2022-01-14 16:00:08','[5737]','O:30:\"ActionScheduler_SimpleSchedule\":2:{s:22:\"\0*\0scheduled_timestamp\";i:1642176008;s:41:\"\0ActionScheduler_SimpleSchedule\0timestamp\";i:1642176008;}',2,1,'2022-01-14 16:01:21','2022-01-14 17:01:21',0,NULL),(5305,'wc-admin_import_orders','complete','2022-01-14 16:59:07','2022-01-14 16:59:07','[5721]','O:30:\"ActionScheduler_SimpleSchedule\":2:{s:22:\"\0*\0scheduled_timestamp\";i:1642179547;s:41:\"\0ActionScheduler_SimpleSchedule\0timestamp\";i:1642179547;}',2,1,'2022-01-14 17:00:05','2022-01-14 18:00:05',0,NULL),(5307,'wc-admin_import_customers','complete','2022-01-14 21:10:54','2022-01-14 21:10:54','[13]','O:30:\"ActionScheduler_SimpleSchedule\":2:{s:22:\"\0*\0scheduled_timestamp\";i:1642194654;s:41:\"\0ActionScheduler_SimpleSchedule\0timestamp\";i:1642194654;}',2,1,'2022-01-14 21:11:17','2022-01-14 22:11:17',0,NULL),(5288,'wc-admin_import_orders','complete','2022-01-10 17:00:22','2022-01-10 17:00:22','[5724]','O:30:\"ActionScheduler_SimpleSchedule\":2:{s:22:\"\0*\0scheduled_timestamp\";i:1641834022;s:41:\"\0ActionScheduler_SimpleSchedule\0timestamp\";i:1641834022;}',2,1,'2022-01-10 17:05:05','2022-01-10 18:05:05',0,NULL),(5343,'wc-admin_import_orders','complete','2022-01-19 17:00:09','2022-01-19 17:00:09','[5735]','O:30:\"ActionScheduler_SimpleSchedule\":2:{s:22:\"\0*\0scheduled_timestamp\";i:1642611609;s:41:\"\0ActionScheduler_SimpleSchedule\0timestamp\";i:1642611609;}',2,1,'2022-01-19 17:03:05','2022-01-19 18:03:05',0,NULL),(5321,'wc-admin_import_customers','complete','2022-01-17 12:04:14','2022-01-17 12:04:14','[6]','O:30:\"ActionScheduler_SimpleSchedule\":2:{s:22:\"\0*\0scheduled_timestamp\";i:1642421054;s:41:\"\0ActionScheduler_SimpleSchedule\0timestamp\";i:1642421054;}',2,1,'2022-01-17 12:04:17','2022-01-17 13:04:17',0,NULL),(5331,'wc-admin_import_customers','complete','2022-01-19 10:58:31','2022-01-19 10:58:31','[6]','O:30:\"ActionScheduler_SimpleSchedule\":2:{s:22:\"\0*\0scheduled_timestamp\";i:1642589911;s:41:\"\0ActionScheduler_SimpleSchedule\0timestamp\";i:1642589911;}',2,1,'2022-01-19 10:59:31','2022-01-19 11:59:31',0,NULL),(5332,'wc-admin_import_orders','complete','2022-01-19 11:01:31','2022-01-19 11:01:31','[5790]','O:30:\"ActionScheduler_SimpleSchedule\":2:{s:22:\"\0*\0scheduled_timestamp\";i:1642590091;s:41:\"\0ActionScheduler_SimpleSchedule\0timestamp\";i:1642590091;}',2,1,'2022-01-19 11:02:09','2022-01-19 12:02:09',0,NULL),(5333,'woocommerce_deliver_webhook_async','complete','2022-01-19 11:01:26','2022-01-19 11:01:26','{\"webhook_id\":1,\"arg\":5790}','O:30:\"ActionScheduler_SimpleSchedule\":2:{s:22:\"\0*\0scheduled_timestamp\";i:1642590086;s:41:\"\0ActionScheduler_SimpleSchedule\0timestamp\";i:1642590086;}',3,1,'2022-01-19 11:02:09','2022-01-19 12:02:09',0,NULL),(5334,'wc-admin_import_orders','complete','2022-01-19 11:02:20','2022-01-19 11:02:20','[5791]','O:30:\"ActionScheduler_SimpleSchedule\":2:{s:22:\"\0*\0scheduled_timestamp\";i:1642590140;s:41:\"\0ActionScheduler_SimpleSchedule\0timestamp\";i:1642590140;}',2,1,'2022-01-19 11:03:14','2022-01-19 12:03:14',0,NULL),(5335,'woocommerce_deliver_webhook_async','complete','2022-01-19 11:02:15','2022-01-19 11:02:15','{\"webhook_id\":1,\"arg\":5791}','O:30:\"ActionScheduler_SimpleSchedule\":2:{s:22:\"\0*\0scheduled_timestamp\";i:1642590135;s:41:\"\0ActionScheduler_SimpleSchedule\0timestamp\";i:1642590135;}',3,1,'2022-01-19 11:03:14','2022-01-19 12:03:14',0,NULL),(5336,'wc-admin_import_orders','complete','2022-01-19 11:04:50','2022-01-19 11:04:50','[5792]','O:30:\"ActionScheduler_SimpleSchedule\":2:{s:22:\"\0*\0scheduled_timestamp\";i:1642590290;s:41:\"\0ActionScheduler_SimpleSchedule\0timestamp\";i:1642590290;}',2,1,'2022-01-19 11:05:13','2022-01-19 12:05:13',0,NULL),(5337,'woocommerce_deliver_webhook_async','complete','2022-01-19 11:04:46','2022-01-19 11:04:46','{\"webhook_id\":1,\"arg\":5792}','O:30:\"ActionScheduler_SimpleSchedule\":2:{s:22:\"\0*\0scheduled_timestamp\";i:1642590286;s:41:\"\0ActionScheduler_SimpleSchedule\0timestamp\";i:1642590286;}',3,1,'2022-01-19 11:05:14','2022-01-19 12:05:14',0,NULL),(5338,'wc-admin_import_orders','complete','2022-01-19 11:05:27','2022-01-19 11:05:27','[5793]','O:30:\"ActionScheduler_SimpleSchedule\":2:{s:22:\"\0*\0scheduled_timestamp\";i:1642590327;s:41:\"\0ActionScheduler_SimpleSchedule\0timestamp\";i:1642590327;}',2,1,'2022-01-19 11:06:19','2022-01-19 12:06:19',0,NULL),(5339,'woocommerce_deliver_webhook_async','complete','2022-01-19 11:05:22','2022-01-19 11:05:22','{\"webhook_id\":1,\"arg\":5793}','O:30:\"ActionScheduler_SimpleSchedule\":2:{s:22:\"\0*\0scheduled_timestamp\";i:1642590322;s:41:\"\0ActionScheduler_SimpleSchedule\0timestamp\";i:1642590322;}',3,1,'2022-01-19 11:06:20','2022-01-19 12:06:20',0,NULL),(5340,'wc-admin_import_orders','complete','2022-01-19 11:06:33','2022-01-19 11:06:33','[5794]','O:30:\"ActionScheduler_SimpleSchedule\":2:{s:22:\"\0*\0scheduled_timestamp\";i:1642590393;s:41:\"\0ActionScheduler_SimpleSchedule\0timestamp\";i:1642590393;}',2,1,'2022-01-19 11:10:04','2022-01-19 12:10:04',0,NULL),(5341,'woocommerce_deliver_webhook_async','complete','2022-01-19 11:06:28','2022-01-19 11:06:28','{\"webhook_id\":1,\"arg\":5794}','O:30:\"ActionScheduler_SimpleSchedule\":2:{s:22:\"\0*\0scheduled_timestamp\";i:1642590388;s:41:\"\0ActionScheduler_SimpleSchedule\0timestamp\";i:1642590388;}',3,1,'2022-01-19 11:10:05','2022-01-19 12:10:05',0,NULL),(5342,'wc-admin_import_orders','complete','2022-01-19 15:00:10','2022-01-19 15:00:10','[5778]','O:30:\"ActionScheduler_SimpleSchedule\":2:{s:22:\"\0*\0scheduled_timestamp\";i:1642604410;s:41:\"\0ActionScheduler_SimpleSchedule\0timestamp\";i:1642604410;}',2,1,'2022-01-19 15:02:00','2022-01-19 16:02:00',0,NULL),(5296,'wc-admin_import_customers','complete','2022-01-12 12:28:25','2022-01-12 12:28:25','[13]','O:30:\"ActionScheduler_SimpleSchedule\":2:{s:22:\"\0*\0scheduled_timestamp\";i:1641990505;s:41:\"\0ActionScheduler_SimpleSchedule\0timestamp\";i:1641990505;}',2,1,'2022-01-12 12:30:04','2022-01-12 13:30:04',0,NULL),(5297,'wc-admin_import_customers','complete','2022-01-12 13:39:50','2022-01-12 13:39:50','[17]','O:30:\"ActionScheduler_SimpleSchedule\":2:{s:22:\"\0*\0scheduled_timestamp\";i:1641994790;s:41:\"\0ActionScheduler_SimpleSchedule\0timestamp\";i:1641994790;}',2,1,'2022-01-12 13:40:04','2022-01-12 14:40:04',0,NULL),(5298,'wc-admin_import_orders','complete','2022-01-12 14:16:15','2022-01-12 14:16:15','[5750]','O:30:\"ActionScheduler_SimpleSchedule\":2:{s:22:\"\0*\0scheduled_timestamp\";i:1641996975;s:41:\"\0ActionScheduler_SimpleSchedule\0timestamp\";i:1641996975;}',2,1,'2022-01-12 14:20:06','2022-01-12 15:20:06',0,NULL),(5320,'woocommerce_deliver_webhook_async','complete','2022-01-16 21:23:39','2022-01-16 21:23:39','{\"webhook_id\":1,\"arg\":5783}','O:30:\"ActionScheduler_SimpleSchedule\":2:{s:22:\"\0*\0scheduled_timestamp\";i:1642368219;s:41:\"\0ActionScheduler_SimpleSchedule\0timestamp\";i:1642368219;}',3,1,'2022-01-16 21:25:06','2022-01-16 22:25:06',0,NULL),(5313,'wc-admin_import_orders','complete','2022-01-16 15:30:49','2022-01-16 15:30:49','[5780]','O:30:\"ActionScheduler_SimpleSchedule\":2:{s:22:\"\0*\0scheduled_timestamp\";i:1642347049;s:41:\"\0ActionScheduler_SimpleSchedule\0timestamp\";i:1642347049;}',2,1,'2022-01-16 15:32:24','2022-01-16 16:32:24',0,NULL),(5314,'woocommerce_deliver_webhook_async','complete','2022-01-16 15:30:44','2022-01-16 15:30:44','{\"webhook_id\":1,\"arg\":5780}','O:30:\"ActionScheduler_SimpleSchedule\":2:{s:22:\"\0*\0scheduled_timestamp\";i:1642347044;s:41:\"\0ActionScheduler_SimpleSchedule\0timestamp\";i:1642347044;}',3,1,'2022-01-16 15:32:24','2022-01-16 16:32:24',0,NULL),(5315,'wc-admin_import_orders','complete','2022-01-16 20:39:42','2022-01-16 20:39:42','[5781]','O:30:\"ActionScheduler_SimpleSchedule\":2:{s:22:\"\0*\0scheduled_timestamp\";i:1642365582;s:41:\"\0ActionScheduler_SimpleSchedule\0timestamp\";i:1642365582;}',2,1,'2022-01-16 20:45:04','2022-01-16 21:45:04',0,NULL),(5316,'woocommerce_deliver_webhook_async','complete','2022-01-16 20:39:37','2022-01-16 20:39:37','{\"webhook_id\":1,\"arg\":5781}','O:30:\"ActionScheduler_SimpleSchedule\":2:{s:22:\"\0*\0scheduled_timestamp\";i:1642365577;s:41:\"\0ActionScheduler_SimpleSchedule\0timestamp\";i:1642365577;}',3,1,'2022-01-16 20:45:05','2022-01-16 21:45:05',0,NULL),(5317,'wc-admin_import_orders','complete','2022-01-16 21:19:31','2022-01-16 21:19:31','[5782]','O:30:\"ActionScheduler_SimpleSchedule\":2:{s:22:\"\0*\0scheduled_timestamp\";i:1642367971;s:41:\"\0ActionScheduler_SimpleSchedule\0timestamp\";i:1642367971;}',2,1,'2022-01-16 21:20:04','2022-01-16 22:20:04',0,NULL),(5318,'woocommerce_deliver_webhook_async','complete','2022-01-16 21:19:26','2022-01-16 21:19:26','{\"webhook_id\":1,\"arg\":5782}','O:30:\"ActionScheduler_SimpleSchedule\":2:{s:22:\"\0*\0scheduled_timestamp\";i:1642367966;s:41:\"\0ActionScheduler_SimpleSchedule\0timestamp\";i:1642367966;}',3,1,'2022-01-16 21:20:05','2022-01-16 22:20:05',0,NULL),(5319,'wc-admin_import_orders','complete','2022-01-16 21:23:44','2022-01-16 21:23:44','[5783]','O:30:\"ActionScheduler_SimpleSchedule\":2:{s:22:\"\0*\0scheduled_timestamp\";i:1642368224;s:41:\"\0ActionScheduler_SimpleSchedule\0timestamp\";i:1642368224;}',2,1,'2022-01-16 21:25:06','2022-01-16 22:25:06',0,NULL),(5362,'wc-admin_import_customers','complete','2022-01-24 10:38:31','2022-01-24 10:38:31','[6]','O:30:\"ActionScheduler_SimpleSchedule\":2:{s:22:\"\0*\0scheduled_timestamp\";i:1643020711;s:41:\"\0ActionScheduler_SimpleSchedule\0timestamp\";i:1643020711;}',2,1,'2022-01-24 10:40:04','2022-01-24 11:40:04',0,NULL),(5358,'woocommerce_deliver_webhook_async','complete','2022-01-23 17:14:37','2022-01-23 17:14:37','{\"webhook_id\":1,\"arg\":5798}','O:30:\"ActionScheduler_SimpleSchedule\":2:{s:22:\"\0*\0scheduled_timestamp\";i:1642958077;s:41:\"\0ActionScheduler_SimpleSchedule\0timestamp\";i:1642958077;}',3,1,'2022-01-23 17:15:06','2022-01-23 18:15:06',0,NULL),(5359,'wc-admin_import_customers','complete','2022-01-23 21:10:26','2022-01-23 21:10:26','[13]','O:30:\"ActionScheduler_SimpleSchedule\":2:{s:22:\"\0*\0scheduled_timestamp\";i:1642972226;s:41:\"\0ActionScheduler_SimpleSchedule\0timestamp\";i:1642972226;}',2,1,'2022-01-23 21:11:07','2022-01-23 22:11:07',0,NULL),(5360,'wc-admin_import_orders','complete','2022-01-24 00:49:00','2022-01-24 00:49:00','[5815]','O:30:\"ActionScheduler_SimpleSchedule\":2:{s:22:\"\0*\0scheduled_timestamp\";i:1642985340;s:41:\"\0ActionScheduler_SimpleSchedule\0timestamp\";i:1642985340;}',2,1,'2022-01-24 00:49:26','2022-01-24 01:49:26',0,NULL),(5352,'wc-admin_import_orders','complete','2022-01-21 14:59:12','2022-01-21 14:59:12','[5722]','O:30:\"ActionScheduler_SimpleSchedule\":2:{s:22:\"\0*\0scheduled_timestamp\";i:1642777152;s:41:\"\0ActionScheduler_SimpleSchedule\0timestamp\";i:1642777152;}',2,1,'2022-01-21 15:00:06','2022-01-21 16:00:06',0,NULL);

-- Dumped table `wpkid_actionscheduler_actions` with 183 row(s)
--

--
-- Table structure for table `wpkid_actionscheduler_claims`
--

CREATE TABLE `wpkid_actionscheduler_claims` (
  `claim_id` bigint(20) unsigned NOT NULL AUTO_INCREMENT,
  `date_created_gmt` datetime NOT NULL DEFAULT '0000-00-00 00:00:00',
  PRIMARY KEY (`claim_id`),
  KEY `date_created_gmt` (`date_created_gmt`)
) ENGINE=MyISAM AUTO_INCREMENT=21725 DEFAULT CHARSET=utf8mb4 COLLATE=utf8mb4_unicode_ci;

--
-- Dumping data for table `wpkid_actionscheduler_claims`
--


-- Dumped table `wpkid_actionscheduler_claims` with 0 row(s)
--

--
-- Table structure for table `wpkid_actionscheduler_groups`
--

CREATE TABLE `wpkid_actionscheduler_groups` (
  `group_id` bigint(20) unsigned NOT NULL AUTO_INCREMENT,
  `slug` varchar(255) COLLATE utf8mb4_unicode_ci NOT NULL,
  PRIMARY KEY (`group_id`),
  KEY `slug` (`slug`(191))
) ENGINE=MyISAM AUTO_INCREMENT=4 DEFAULT CHARSET=utf8mb4 COLLATE=utf8mb4_unicode_ci;

--
-- Dumping data for table `wpkid_actionscheduler_groups`
--

INSERT INTO `wpkid_actionscheduler_groups` VALUES (1,'action-scheduler-migration'),(2,'wc-admin-data'),(3,'woocommerce-webhooks');

-- Dumped table `wpkid_actionscheduler_groups` with 3 row(s)
--

--
-- Table structure for table `wpkid_actionscheduler_logs`
--

CREATE TABLE `wpkid_actionscheduler_logs` (
  `log_id` bigint(20) unsigned NOT NULL AUTO_INCREMENT,
  `action_id` bigint(20) unsigned NOT NULL,
  `message` text COLLATE utf8mb4_unicode_ci NOT NULL,
  `log_date_gmt` datetime NOT NULL DEFAULT '0000-00-00 00:00:00',
  `log_date_local` datetime NOT NULL DEFAULT '0000-00-00 00:00:00',
  PRIMARY KEY (`log_id`),
  KEY `action_id` (`action_id`),
  KEY `log_date_gmt` (`log_date_gmt`)
) ENGINE=MyISAM AUTO_INCREMENT=1960 DEFAULT CHARSET=utf8mb4 COLLATE=utf8mb4_unicode_ci;

--
-- Dumping data for table `wpkid_actionscheduler_logs`
--

INSERT INTO `wpkid_actionscheduler_logs` VALUES (1676,5306,'action started via Async Request','2022-01-14 18:00:05','2022-01-14 18:00:05'),(1675,5306,'feladat létrehozva','2022-01-14 17:59:04','2022-01-14 17:59:04'),(1667,5303,'action started via WP Cron','2022-01-14 15:35:05','2022-01-14 15:35:05'),(1625,5290,'feladat létrehozva','2022-01-10 17:25:27','2022-01-10 17:25:27'),(1620,5287,'action complete via WP Cron','2022-01-10 12:23:43','2022-01-10 12:23:43'),(1624,5289,'feladat létrehozva','2022-01-10 17:25:27','2022-01-10 17:25:27'),(1619,5287,'action started via WP Cron','2022-01-10 12:23:43','2022-01-10 12:23:43'),(1617,5286,'action complete via WP Cron','2022-01-10 12:15:17','2022-01-10 12:15:17'),(1618,5287,'feladat létrehozva','2022-01-10 12:21:46','2022-01-10 12:21:46'),(1606,5283,'feladat létrehozva','2022-01-10 09:36:30','2022-01-10 09:36:30'),(1607,5283,'action started via Async Request','2022-01-10 09:36:44','2022-01-10 09:36:44'),(1608,5283,'action complete via Async Request','2022-01-10 09:36:44','2022-01-10 09:36:44'),(1609,5284,'feladat létrehozva','2022-01-10 11:54:19','2022-01-10 11:54:19'),(1610,5285,'feladat létrehozva','2022-01-10 11:54:20','2022-01-10 11:54:20'),(1611,5284,'action started via WP Cron','2022-01-10 11:55:37','2022-01-10 11:55:37'),(1612,5284,'action complete via WP Cron','2022-01-10 11:55:37','2022-01-10 11:55:37'),(1613,5285,'action started via WP Cron','2022-01-10 11:55:37','2022-01-10 11:55:37'),(1614,5285,'action complete via WP Cron','2022-01-10 11:55:38','2022-01-10 11:55:38'),(1615,5286,'feladat létrehozva','2022-01-10 12:14:45','2022-01-10 12:14:45'),(1616,5286,'action started via WP Cron','2022-01-10 12:15:17','2022-01-10 12:15:17'),(1597,5280,'feladat létrehozva','2022-01-09 09:06:30','2022-01-09 09:06:30'),(1598,5280,'action started via WP Cron','2022-01-09 09:10:04','2022-01-09 09:10:04'),(1599,5280,'action complete via WP Cron','2022-01-09 09:10:04','2022-01-09 09:10:04'),(1600,5281,'feladat létrehozva','2022-01-09 10:41:28','2022-01-09 10:41:28'),(1601,5282,'feladat létrehozva','2022-01-09 10:41:28','2022-01-09 10:41:28'),(1602,5281,'action started via Async Request','2022-01-09 10:45:04','2022-01-09 10:45:04'),(1603,5281,'action complete via Async Request','2022-01-09 10:45:04','2022-01-09 10:45:04'),(1604,5282,'action started via Async Request','2022-01-09 10:45:04','2022-01-09 10:45:04'),(1605,5282,'action complete via Async Request','2022-01-09 10:45:05','2022-01-09 10:45:05'),(1626,5289,'action started via WP Cron','2022-01-10 17:26:40','2022-01-10 17:26:40'),(1823,5356,'feladat létrehozva','2022-01-22 20:20:56','2022-01-22 20:20:56'),(1824,5356,'action started via WP Cron','2022-01-22 20:24:13','2022-01-22 20:24:13'),(1825,5356,'action complete via WP Cron','2022-01-22 20:24:13','2022-01-22 20:24:13'),(1431,5224,'action complete via Async Request','2021-12-28 22:15:07','2021-12-28 22:15:07'),(1428,5223,'action started via Async Request','2021-12-28 22:15:04','2021-12-28 22:15:04'),(1429,5223,'action complete via Async Request','2021-12-28 22:15:06','2021-12-28 22:15:06'),(1430,5224,'action started via Async Request','2021-12-28 22:15:06','2021-12-28 22:15:06'),(1886,5376,'action started via WP Cron','2022-01-24 12:07:07','2022-01-24 12:07:07'),(1885,5375,'action complete via WP Cron','2022-01-24 12:07:07','2022-01-24 12:07:07'),(1884,5375,'action started via WP Cron','2022-01-24 12:07:07','2022-01-24 12:07:07'),(1862,5367,'action started via WP Cron','2022-01-24 12:02:19','2022-01-24 12:02:19'),(1852,5365,'feladat létrehozva','2022-01-24 12:00:30','2022-01-24 12:00:30'),(1853,5366,'feladat létrehozva','2022-01-24 12:00:31','2022-01-24 12:00:31'),(1854,5366,'action started via WP Cron','2022-01-24 12:01:45','2022-01-24 12:01:45'),(1855,5366,'action complete via WP Cron','2022-01-24 12:01:45','2022-01-24 12:01:45'),(1856,5365,'action started via WP Cron','2022-01-24 12:01:45','2022-01-24 12:01:45'),(1857,5365,'action complete via WP Cron','2022-01-24 12:01:45','2022-01-24 12:01:45'),(1858,5367,'feladat létrehozva','2022-01-24 12:02:08','2022-01-24 12:02:08'),(1859,5368,'feladat létrehozva','2022-01-24 12:02:08','2022-01-24 12:02:08'),(1860,5368,'action started via WP Cron','2022-01-24 12:02:19','2022-01-24 12:02:19'),(1861,5368,'action complete via WP Cron','2022-01-24 12:02:19','2022-01-24 12:02:19'),(1753,5332,'feladat létrehozva','2022-01-19 11:01:26','2022-01-19 11:01:26'),(1752,5331,'action complete via WP Cron','2022-01-19 10:59:31','2022-01-19 10:59:31'),(1747,5330,'feladat létrehozva','2022-01-19 09:29:03','2022-01-19 09:29:03'),(1748,5330,'action started via WP Cron','2022-01-19 09:30:06','2022-01-19 09:30:06'),(1749,5330,'action complete via WP Cron','2022-01-19 09:30:06','2022-01-19 09:30:06'),(1750,5331,'feladat létrehozva','2022-01-19 10:58:26','2022-01-19 10:58:26'),(1751,5331,'action started via WP Cron','2022-01-19 10:59:31','2022-01-19 10:59:31'),(1426,5223,'feladat létrehozva','2021-12-28 22:14:49','2021-12-28 22:14:49'),(1427,5224,'feladat létrehozva','2021-12-28 22:14:50','2021-12-28 22:14:50'),(1420,5221,'feladat létrehozva','2021-12-27 15:00:04','2021-12-27 15:00:04'),(1421,5221,'action started via WP Cron','2021-12-27 15:05:05','2021-12-27 15:05:05'),(1422,5221,'action complete via WP Cron','2021-12-27 15:05:05','2021-12-27 15:05:05'),(1434,5225,'action complete via Async Request','2021-12-29 15:47:02','2021-12-29 15:47:02'),(1423,5222,'feladat létrehozva','2021-12-27 20:18:18','2021-12-27 20:18:18'),(1424,5222,'action started via WP Cron','2021-12-27 20:20:04','2021-12-27 20:20:04'),(1425,5222,'action complete via WP Cron','2021-12-27 20:20:04','2021-12-27 20:20:04'),(1432,5225,'feladat létrehozva','2021-12-29 15:46:53','2021-12-29 15:46:53'),(1433,5225,'action started via Async Request','2021-12-29 15:47:02','2021-12-29 15:47:02'),(1883,5376,'feladat létrehozva','2022-01-24 12:05:35','2022-01-24 12:05:35'),(1882,5375,'feladat létrehozva','2022-01-24 12:05:35','2022-01-24 12:05:35'),(1881,5374,'action complete via WP Cron','2022-01-24 12:05:27','2022-01-24 12:05:27'),(1630,5291,'feladat létrehozva','2022-01-10 18:19:40','2022-01-10 18:19:40'),(1631,5292,'feladat létrehozva','2022-01-10 18:19:40','2022-01-10 18:19:40'),(1632,5291,'action started via Async Request','2022-01-10 18:20:04','2022-01-10 18:20:04'),(1633,5291,'action complete via Async Request','2022-01-10 18:20:04','2022-01-10 18:20:04'),(1634,5292,'action started via Async Request','2022-01-10 18:20:04','2022-01-10 18:20:04'),(1571,5272,'feladat létrehozva','2022-01-07 13:47:43','2022-01-07 13:47:43'),(1569,5270,'action complete via Async Request','2022-01-07 13:45:03','2022-01-07 13:45:03'),(1570,5271,'feladat létrehozva','2022-01-07 13:47:42','2022-01-07 13:47:42'),(1544,5261,'action started via WP Cron','2022-01-06 20:31:43','2022-01-06 20:31:43'),(1572,5271,'action started via WP Cron','2022-01-07 13:49:50','2022-01-07 13:49:50'),(1516,5253,'feladat létrehozva','2022-01-06 10:36:45','2022-01-06 10:36:45'),(1517,5254,'feladat létrehozva','2022-01-06 10:36:45','2022-01-06 10:36:45'),(1518,5254,'action started via WP Cron','2022-01-06 10:40:05','2022-01-06 10:40:05'),(1519,5254,'action complete via WP Cron','2022-01-06 10:40:06','2022-01-06 10:40:06'),(1520,5253,'action started via WP Cron','2022-01-06 10:40:06','2022-01-06 10:40:06'),(1521,5253,'action complete via WP Cron','2022-01-06 10:40:06','2022-01-06 10:40:06'),(1522,5255,'feladat létrehozva','2022-01-06 13:56:07','2022-01-06 13:56:07'),(1523,5255,'action started via WP Cron','2022-01-06 13:56:13','2022-01-06 13:56:13'),(1524,5255,'action complete via WP Cron','2022-01-06 13:56:13','2022-01-06 13:56:13'),(1525,5256,'feladat létrehozva','2022-01-06 15:00:04','2022-01-06 15:00:04'),(1526,5256,'action started via WP Cron','2022-01-06 15:00:15','2022-01-06 15:00:15'),(1527,5256,'action complete via WP Cron','2022-01-06 15:00:17','2022-01-06 15:00:17'),(1533,5258,'action complete via WP Cron','2022-01-06 19:05:05','2022-01-06 19:05:05'),(1534,5259,'feladat létrehozva','2022-01-06 19:10:32','2022-01-06 19:10:32'),(1535,5260,'feladat létrehozva','2022-01-06 19:10:33','2022-01-06 19:10:33'),(1536,5260,'action started via Async Request','2022-01-06 19:15:04','2022-01-06 19:15:04'),(1537,5260,'action complete via Async Request','2022-01-06 19:15:05','2022-01-06 19:15:05'),(1538,5259,'action started via Async Request','2022-01-06 19:15:05','2022-01-06 19:15:05'),(1539,5259,'action complete via Async Request','2022-01-06 19:15:05','2022-01-06 19:15:05'),(1540,5261,'feladat létrehozva','2022-01-06 20:30:52','2022-01-06 20:30:52'),(1541,5262,'feladat létrehozva','2022-01-06 20:30:52','2022-01-06 20:30:52'),(1542,5262,'action started via WP Cron','2022-01-06 20:31:42','2022-01-06 20:31:42'),(1543,5262,'action complete via WP Cron','2022-01-06 20:31:43','2022-01-06 20:31:43'),(1826,5355,'action started via WP Cron','2022-01-22 20:24:13','2022-01-22 20:24:13'),(1827,5355,'action complete via WP Cron','2022-01-22 20:24:13','2022-01-22 20:24:13'),(1828,5357,'feladat létrehozva','2022-01-23 17:14:36','2022-01-23 17:14:36'),(1829,5358,'feladat létrehozva','2022-01-23 17:14:37','2022-01-23 17:14:37'),(1830,5358,'action started via Async Request','2022-01-23 17:15:04','2022-01-23 17:15:04'),(1831,5358,'action complete via Async Request','2022-01-23 17:15:06','2022-01-23 17:15:06'),(1832,5357,'action started via Async Request','2022-01-23 17:15:06','2022-01-23 17:15:06'),(1738,5327,'feladat létrehozva','2022-01-18 10:35:23','2022-01-18 10:35:23'),(1739,5328,'feladat létrehozva','2022-01-18 10:35:24','2022-01-18 10:35:24'),(1740,5327,'action started via WP Cron','2022-01-18 10:40:05','2022-01-18 10:40:05'),(1735,5326,'feladat létrehozva','2022-01-18 08:33:56','2022-01-18 08:33:56'),(1736,5326,'action started via Async Request','2022-01-18 08:34:06','2022-01-18 08:34:06'),(1819,5354,'feladat létrehozva','2022-01-22 20:14:22','2022-01-22 20:14:22'),(1820,5354,'action started via WP Cron','2022-01-22 20:14:59','2022-01-22 20:14:59'),(1821,5354,'action complete via WP Cron','2022-01-22 20:14:59','2022-01-22 20:14:59'),(1822,5355,'feladat létrehozva','2022-01-22 20:20:55','2022-01-22 20:20:55'),(1737,5326,'action complete via Async Request','2022-01-18 08:34:06','2022-01-18 08:34:06'),(1658,5300,'action started via WP Cron','2022-01-12 15:01:17','2022-01-12 15:01:17'),(1655,5298,'action started via WP Cron','2022-01-12 14:20:06','2022-01-12 14:20:06'),(1656,5298,'action complete via WP Cron','2022-01-12 14:20:06','2022-01-12 14:20:06'),(1657,5300,'feladat létrehozva','2022-01-12 15:00:06','2022-01-12 15:00:06'),(1741,5327,'action complete via WP Cron','2022-01-18 10:40:05','2022-01-18 10:40:05'),(1742,5328,'action started via WP Cron','2022-01-18 10:40:05','2022-01-18 10:40:05'),(1743,5328,'action complete via WP Cron','2022-01-18 10:40:06','2022-01-18 10:40:06'),(1437,5226,'action complete via WP Cron','2021-12-30 14:05:04','2021-12-30 14:05:04'),(1436,5226,'action started via WP Cron','2021-12-30 14:05:04','2021-12-30 14:05:04'),(1435,5226,'feladat létrehozva','2021-12-30 13:59:53','2021-12-30 13:59:53'),(1888,5377,'feladat létrehozva','2022-01-24 12:17:02','2022-01-24 12:17:02'),(1887,5376,'action complete via WP Cron','2022-01-24 12:07:08','2022-01-24 12:07:08'),(1547,5263,'action started via WP Cron','2022-01-07 10:32:28','2022-01-07 10:32:28'),(1548,5263,'action complete via WP Cron','2022-01-07 10:32:28','2022-01-07 10:32:28'),(1549,5264,'feladat létrehozva','2022-01-07 11:14:10','2022-01-07 11:14:10'),(1550,5265,'feladat létrehozva','2022-01-07 11:14:10','2022-01-07 11:14:10'),(1551,5266,'feladat létrehozva','2022-01-07 11:14:11','2022-01-07 11:14:11'),(1497,5245,'action complete via Async Request','2022-01-03 20:00:05','2022-01-03 20:00:05'),(1498,5247,'feladat létrehozva','2022-01-03 20:03:46','2022-01-03 20:03:46'),(1488,5243,'action started via WP Cron','2022-01-03 18:25:05','2022-01-03 18:25:05'),(1489,5243,'action complete via WP Cron','2022-01-03 18:25:05','2022-01-03 18:25:05'),(1490,5244,'action started via WP Cron','2022-01-03 18:25:05','2022-01-03 18:25:05'),(1491,5244,'action complete via WP Cron','2022-01-03 18:25:05','2022-01-03 18:25:05'),(1492,5245,'feladat létrehozva','2022-01-03 19:57:47','2022-01-03 19:57:47'),(1493,5246,'feladat létrehozva','2022-01-03 19:57:48','2022-01-03 19:57:48'),(1494,5246,'action started via Async Request','2022-01-03 20:00:04','2022-01-03 20:00:04'),(1495,5246,'action complete via Async Request','2022-01-03 20:00:05','2022-01-03 20:00:05'),(1496,5245,'action started via Async Request','2022-01-03 20:00:05','2022-01-03 20:00:05'),(1450,5231,'feladat létrehozva','2022-01-01 13:13:28','2022-01-01 13:13:28'),(1451,5231,'action started via Async Request','2022-01-01 13:15:04','2022-01-01 13:15:04'),(1452,5231,'action complete via Async Request','2022-01-01 13:15:04','2022-01-01 13:15:04'),(1636,5293,'feladat létrehozva','2022-01-11 08:10:24','2022-01-11 08:10:24'),(1637,5293,'action started via WP Cron','2022-01-11 08:12:05','2022-01-11 08:12:05'),(1638,5293,'action complete via WP Cron','2022-01-11 08:12:05','2022-01-11 08:12:05'),(1639,5294,'feladat létrehozva','2022-01-11 13:00:10','2022-01-11 13:00:10'),(1640,5294,'action started via WP Cron','2022-01-11 13:05:04','2022-01-11 13:05:04'),(1641,5294,'action complete via WP Cron','2022-01-11 13:05:04','2022-01-11 13:05:04'),(1642,5295,'feladat létrehozva','2022-01-12 09:29:10','2022-01-12 09:29:10'),(1643,5295,'action started via Async Request','2022-01-12 09:30:04','2022-01-12 09:30:04'),(1644,5295,'action complete via Async Request','2022-01-12 09:30:06','2022-01-12 09:30:06'),(1650,5297,'action complete via Async Request','2022-01-12 13:40:04','2022-01-12 13:40:04'),(1651,5298,'feladat létrehozva','2022-01-12 14:16:10','2022-01-12 14:16:10'),(1652,5299,'feladat létrehozva','2022-01-12 14:16:12','2022-01-12 14:16:12'),(1653,5299,'action started via WP Cron','2022-01-12 14:20:05','2022-01-12 14:20:05'),(1654,5299,'action complete via WP Cron','2022-01-12 14:20:06','2022-01-12 14:20:06'),(1486,5243,'feladat létrehozva','2022-01-03 18:23:13','2022-01-03 18:23:13'),(1487,5244,'feladat létrehozva','2022-01-03 18:23:13','2022-01-03 18:23:13'),(1472,5238,'action started via WP Cron','2022-01-03 16:37:18','2022-01-03 16:37:18'),(1471,5237,'action complete via WP Cron','2022-01-03 16:37:18','2022-01-03 16:37:18'),(1468,5237,'feladat létrehozva','2022-01-03 16:37:04','2022-01-03 16:37:04'),(1469,5238,'feladat létrehozva','2022-01-03 16:37:04','2022-01-03 16:37:04'),(1470,5237,'action started via WP Cron','2022-01-03 16:37:18','2022-01-03 16:37:18'),(1461,5234,'action started via WP Cron','2022-01-03 12:21:28','2022-01-03 12:21:28'),(1460,5235,'feladat létrehozva','2022-01-03 12:20:43','2022-01-03 12:20:43'),(1456,5233,'feladat létrehozva','2022-01-03 11:50:31','2022-01-03 11:50:31'),(1457,5233,'action started via Async Request','2022-01-03 11:51:04','2022-01-03 11:51:04'),(1458,5233,'action complete via Async Request','2022-01-03 11:51:04','2022-01-03 11:51:04'),(1459,5234,'feladat létrehozva','2022-01-03 12:20:42','2022-01-03 12:20:42'),(1674,5305,'action complete via Async Request','2022-01-14 17:00:05','2022-01-14 17:00:05'),(1506,5249,'action complete via WP Cron','2022-01-04 16:18:14','2022-01-04 16:18:14'),(1507,5250,'feladat létrehozva','2022-01-04 20:40:15','2022-01-04 20:40:15'),(1504,5249,'feladat létrehozva','2022-01-04 16:18:09','2022-01-04 16:18:09'),(1505,5249,'action started via WP Cron','2022-01-04 16:18:14','2022-01-04 16:18:14'),(1508,5250,'action started via WP Cron','2022-01-04 20:41:53','2022-01-04 20:41:53'),(1509,5250,'action complete via WP Cron','2022-01-04 20:41:53','2022-01-04 20:41:53'),(1510,5251,'feladat létrehozva','2022-01-05 09:08:21','2022-01-05 09:08:21'),(1511,5251,'action started via WP Cron','2022-01-05 09:10:04','2022-01-05 09:10:04'),(1512,5251,'action complete via WP Cron','2022-01-05 09:10:04','2022-01-05 09:10:04'),(1513,5252,'feladat létrehozva','2022-01-05 09:29:04','2022-01-05 09:29:04'),(1514,5252,'action started via Async Request','2022-01-05 09:30:04','2022-01-05 09:30:04'),(1462,5234,'action complete via WP Cron','2022-01-03 12:21:28','2022-01-03 12:21:28'),(1463,5235,'action started via WP Cron','2022-01-03 12:21:28','2022-01-03 12:21:28'),(1464,5235,'action complete via WP Cron','2022-01-03 12:21:29','2022-01-03 12:21:29'),(1465,5236,'feladat létrehozva','2022-01-03 12:22:20','2022-01-03 12:22:20'),(1466,5236,'action started via WP Cron','2022-01-03 12:24:09','2022-01-03 12:24:09'),(1467,5236,'action complete via WP Cron','2022-01-03 12:24:09','2022-01-03 12:24:09'),(1473,5238,'action complete via WP Cron','2022-01-03 16:37:19','2022-01-03 16:37:19'),(1474,5239,'feladat létrehozva','2022-01-03 16:40:56','2022-01-03 16:40:56'),(1475,5240,'feladat létrehozva','2022-01-03 16:40:56','2022-01-03 16:40:56'),(1476,5240,'action started via WP Cron','2022-01-03 16:41:14','2022-01-03 16:41:14'),(1477,5240,'action complete via WP Cron','2022-01-03 16:41:14','2022-01-03 16:41:14'),(1478,5239,'action started via WP Cron','2022-01-03 16:41:14','2022-01-03 16:41:14'),(1479,5239,'action complete via WP Cron','2022-01-03 16:41:14','2022-01-03 16:41:14'),(1480,5241,'feladat létrehozva','2022-01-03 16:44:29','2022-01-03 16:44:29'),(1481,5242,'feladat létrehozva','2022-01-03 16:44:30','2022-01-03 16:44:30'),(1482,5242,'action started via WP Cron','2022-01-03 16:50:04','2022-01-03 16:50:04'),(1483,5242,'action complete via WP Cron','2022-01-03 16:50:05','2022-01-03 16:50:05'),(1484,5241,'action started via WP Cron','2022-01-03 16:50:05','2022-01-03 16:50:05'),(1485,5241,'action complete via WP Cron','2022-01-03 16:50:05','2022-01-03 16:50:05'),(1499,5248,'feladat létrehozva','2022-01-03 20:03:47','2022-01-03 20:03:47'),(1500,5248,'action started via WP Cron','2022-01-03 20:05:04','2022-01-03 20:05:04'),(1501,5248,'action complete via WP Cron','2022-01-03 20:05:05','2022-01-03 20:05:05'),(1502,5247,'action started via WP Cron','2022-01-03 20:05:05','2022-01-03 20:05:05'),(1503,5247,'action complete via WP Cron','2022-01-03 20:05:05','2022-01-03 20:05:05'),(1453,5232,'feladat létrehozva','2022-01-02 12:13:59','2022-01-02 12:13:59'),(1454,5232,'action started via WP Cron','2022-01-02 12:14:21','2022-01-02 12:14:21'),(1455,5232,'action complete via WP Cron','2022-01-02 12:14:21','2022-01-02 12:14:21'),(1515,5252,'action complete via Async Request','2022-01-05 09:30:05','2022-01-05 09:30:05'),(1552,5267,'feladat létrehozva','2022-01-07 11:14:11','2022-01-07 11:14:11'),(1553,5266,'action started via Async Request','2022-01-07 11:15:03','2022-01-07 11:15:03'),(1554,5266,'action complete via Async Request','2022-01-07 11:15:04','2022-01-07 11:15:04'),(1555,5265,'action started via Async Request','2022-01-07 11:15:04','2022-01-07 11:15:04'),(1556,5265,'action complete via Async Request','2022-01-07 11:15:06','2022-01-07 11:15:06'),(1557,5264,'action started via Async Request','2022-01-07 11:15:06','2022-01-07 11:15:06'),(1558,5264,'action complete via Async Request','2022-01-07 11:15:06','2022-01-07 11:15:06'),(1559,5267,'action started via Async Request','2022-01-07 11:15:06','2022-01-07 11:15:06'),(1560,5267,'action complete via Async Request','2022-01-07 11:15:06','2022-01-07 11:15:06'),(1561,5268,'feladat létrehozva','2022-01-07 11:47:29','2022-01-07 11:47:29'),(1562,5269,'feladat létrehozva','2022-01-07 11:47:29','2022-01-07 11:47:29'),(1563,5269,'action started via WP Cron','2022-01-07 11:50:05','2022-01-07 11:50:05'),(1564,5269,'action complete via WP Cron','2022-01-07 11:50:05','2022-01-07 11:50:05'),(1565,5268,'action started via WP Cron','2022-01-07 11:50:05','2022-01-07 11:50:05'),(1566,5268,'action complete via WP Cron','2022-01-07 11:50:05','2022-01-07 11:50:05'),(1577,5274,'feladat létrehozva','2022-01-07 16:41:08','2022-01-07 16:41:08'),(1578,5273,'action started via WP Cron','2022-01-07 16:41:46','2022-01-07 16:41:46'),(1579,5273,'action complete via WP Cron','2022-01-07 16:41:46','2022-01-07 16:41:46'),(1580,5274,'action started via WP Cron','2022-01-07 16:41:46','2022-01-07 16:41:46'),(1581,5274,'action complete via WP Cron','2022-01-07 16:41:46','2022-01-07 16:41:46'),(1582,5275,'feladat létrehozva','2022-01-07 16:43:10','2022-01-07 16:43:10'),(1583,5276,'feladat létrehozva','2022-01-07 16:43:10','2022-01-07 16:43:10'),(1584,5275,'action started via Async Request','2022-01-07 16:45:06','2022-01-07 16:45:06'),(1585,5275,'action complete via Async Request','2022-01-07 16:45:06','2022-01-07 16:45:06'),(1586,5276,'action started via Async Request','2022-01-07 16:45:06','2022-01-07 16:45:06'),(1587,5276,'action complete via Async Request','2022-01-07 16:45:07','2022-01-07 16:45:07'),(1588,5277,'feladat létrehozva','2022-01-07 17:37:07','2022-01-07 17:37:07'),(1589,5278,'feladat létrehozva','2022-01-07 17:37:08','2022-01-07 17:37:08'),(1590,5277,'action started via WP Cron','2022-01-07 17:40:04','2022-01-07 17:40:04'),(1591,5277,'action complete via WP Cron','2022-01-07 17:40:04','2022-01-07 17:40:04'),(1592,5278,'action started via WP Cron','2022-01-07 17:40:04','2022-01-07 17:40:04'),(1593,5278,'action complete via WP Cron','2022-01-07 17:40:05','2022-01-07 17:40:05'),(1594,5279,'feladat létrehozva','2022-01-08 10:50:03','2022-01-08 10:50:03'),(1595,5279,'action started via WP Cron','2022-01-08 10:50:14','2022-01-08 10:50:14'),(1596,5279,'action complete via WP Cron','2022-01-08 10:50:14','2022-01-08 10:50:14'),(1635,5292,'action complete via Async Request','2022-01-10 18:20:05','2022-01-10 18:20:05'),(1444,5229,'feladat létrehozva','2021-12-31 14:56:37','2021-12-31 14:56:37'),(1445,5230,'feladat létrehozva','2021-12-31 14:56:37','2021-12-31 14:56:37'),(1446,5229,'action started via WP Cron','2021-12-31 14:58:15','2021-12-31 14:58:15'),(1447,5229,'action complete via WP Cron','2021-12-31 14:58:15','2021-12-31 14:58:15'),(1448,5230,'action started via WP Cron','2021-12-31 14:58:15','2021-12-31 14:58:15'),(1449,5230,'action complete via WP Cron','2021-12-31 14:58:16','2021-12-31 14:58:16'),(1659,5300,'action complete via WP Cron','2022-01-12 15:01:17','2022-01-12 15:01:17'),(1438,5227,'feladat létrehozva','2021-12-31 01:14:22','2021-12-31 01:14:22'),(1439,5228,'feladat létrehozva','2021-12-31 01:14:23','2021-12-31 01:14:23'),(1440,5227,'action started via Async Request','2021-12-31 01:15:04','2021-12-31 01:15:04'),(1441,5227,'action complete via Async Request','2021-12-31 01:15:04','2021-12-31 01:15:04'),(1442,5228,'action started via Async Request','2021-12-31 01:15:04','2021-12-31 01:15:04'),(1443,5228,'action complete via Async Request','2021-12-31 01:15:05','2021-12-31 01:15:05'),(1660,5301,'feladat létrehozva','2022-01-12 15:33:20','2022-01-12 15:33:20'),(1661,5301,'action started via WP Cron','2022-01-12 15:34:19','2022-01-12 15:34:19'),(1662,5301,'action complete via WP Cron','2022-01-12 15:34:19','2022-01-12 15:34:19'),(1716,5320,'action started via WP Cron','2022-01-16 21:25:05','2022-01-16 21:25:05'),(1717,5320,'action complete via WP Cron','2022-01-16 21:25:06','2022-01-16 21:25:06'),(1718,5319,'action started via WP Cron','2022-01-16 21:25:06','2022-01-16 21:25:06'),(1719,5319,'action complete via WP Cron','2022-01-16 21:25:06','2022-01-16 21:25:06'),(1777,5340,'feladat létrehozva','2022-01-19 11:06:28','2022-01-19 11:06:28'),(1778,5341,'feladat létrehozva','2022-01-19 11:06:28','2022-01-19 11:06:28'),(1779,5340,'action started via WP Cron','2022-01-19 11:10:04','2022-01-19 11:10:04'),(1780,5340,'action complete via WP Cron','2022-01-19 11:10:04','2022-01-19 11:10:04'),(1781,5341,'action started via WP Cron','2022-01-19 11:10:04','2022-01-19 11:10:04'),(1782,5341,'action complete via WP Cron','2022-01-19 11:10:05','2022-01-19 11:10:05'),(1783,5342,'feladat létrehozva','2022-01-19 15:00:05','2022-01-19 15:00:05'),(1784,5342,'action started via WP Cron','2022-01-19 15:02:00','2022-01-19 15:02:00'),(1785,5342,'action complete via WP Cron','2022-01-19 15:02:00','2022-01-19 15:02:00'),(1786,5343,'feladat létrehozva','2022-01-19 17:00:04','2022-01-19 17:00:04'),(1787,5343,'action started via WP Cron','2022-01-19 17:03:05','2022-01-19 17:03:05'),(1788,5343,'action complete via WP Cron','2022-01-19 17:03:05','2022-01-19 17:03:05'),(1416,5218,'action complete via WP Cron','2021-12-26 14:35:03','2021-12-26 14:35:03'),(1417,5220,'feladat létrehozva','2021-12-26 17:53:57','2021-12-26 17:53:57'),(1418,5220,'action started via WP Cron','2021-12-26 17:55:04','2021-12-26 17:55:04'),(1419,5220,'action complete via WP Cron','2021-12-26 17:55:04','2021-12-26 17:55:04'),(1889,5378,'feladat létrehozva','2022-01-24 12:17:02','2022-01-24 12:17:02'),(1890,5377,'action started via WP Cron','2022-01-24 12:17:13','2022-01-24 12:17:13'),(1891,5377,'action complete via WP Cron','2022-01-24 12:17:13','2022-01-24 12:17:13'),(1892,5378,'action started via WP Cron','2022-01-24 12:17:13','2022-01-24 12:17:13'),(1893,5378,'action complete via WP Cron','2022-01-24 12:17:13','2022-01-24 12:17:13'),(1877,5374,'feladat létrehozva','2022-01-24 12:04:40','2022-01-24 12:04:40'),(1878,5373,'action started via WP Cron','2022-01-24 12:05:26','2022-01-24 12:05:26'),(1879,5373,'action complete via WP Cron','2022-01-24 12:05:26','2022-01-24 12:05:26'),(1880,5374,'action started via WP Cron','2022-01-24 12:05:26','2022-01-24 12:05:26'),(1789,5344,'feladat létrehozva','2022-01-19 18:00:05','2022-01-19 18:00:05'),(1790,5344,'action started via WP Cron','2022-01-19 18:05:04','2022-01-19 18:05:04'),(1791,5344,'action complete via WP Cron','2022-01-19 18:05:04','2022-01-19 18:05:04'),(1792,5345,'feladat létrehozva','2022-01-20 09:40:49','2022-01-20 09:40:49'),(1793,5345,'action started via Async Request','2022-01-20 09:41:07','2022-01-20 09:41:07'),(1794,5345,'action complete via Async Request','2022-01-20 09:41:07','2022-01-20 09:41:07'),(1795,5346,'feladat létrehozva','2022-01-20 09:57:18','2022-01-20 09:57:18'),(1796,5346,'action started via WP Cron','2022-01-20 09:58:23','2022-01-20 09:58:23'),(1797,5346,'action complete via WP Cron','2022-01-20 09:58:23','2022-01-20 09:58:23'),(1798,5347,'feladat létrehozva','2022-01-20 12:04:03','2022-01-20 12:04:03'),(1799,5348,'feladat létrehozva','2022-01-20 12:04:03','2022-01-20 12:04:03'),(1800,5347,'action started via WP Cron','2022-01-20 12:05:05','2022-01-20 12:05:05'),(1801,5347,'action complete via WP Cron','2022-01-20 12:05:05','2022-01-20 12:05:05'),(1802,5348,'action started via WP Cron','2022-01-20 12:05:05','2022-01-20 12:05:05'),(1803,5348,'action complete via WP Cron','2022-01-20 12:05:06','2022-01-20 12:05:06'),(1804,5349,'feladat létrehozva','2022-01-20 16:00:10','2022-01-20 16:00:10'),(1805,5349,'action started via WP Cron','2022-01-20 16:05:05','2022-01-20 16:05:05'),(1806,5349,'action complete via WP Cron','2022-01-20 16:05:05','2022-01-20 16:05:05'),(1807,5350,'feladat létrehozva','2022-01-20 18:24:13','2022-01-20 18:24:13'),(1808,5351,'feladat létrehozva','2022-01-20 18:24:13','2022-01-20 18:24:13'),(1809,5350,'action started via Async Request','2022-01-20 18:30:04','2022-01-20 18:30:04'),(1810,5350,'action complete via Async Request','2022-01-20 18:30:04','2022-01-20 18:30:04'),(1811,5351,'action started via Async Request','2022-01-20 18:30:04','2022-01-20 18:30:04'),(1812,5351,'action complete via Async Request','2022-01-20 18:30:10','2022-01-20 18:30:10'),(1871,5372,'feladat létrehozva','2022-01-24 12:03:54','2022-01-24 12:03:54'),(1872,5372,'action started via WP Cron','2022-01-24 12:04:19','2022-01-24 12:04:19'),(1873,5372,'action complete via WP Cron','2022-01-24 12:04:19','2022-01-24 12:04:19'),(1874,5371,'action started via WP Cron','2022-01-24 12:04:19','2022-01-24 12:04:19'),(1875,5371,'action complete via WP Cron','2022-01-24 12:04:19','2022-01-24 12:04:19'),(1876,5373,'feladat létrehozva','2022-01-24 12:04:40','2022-01-24 12:04:40'),(1411,5218,'feladat létrehozva','2021-12-26 14:29:30','2021-12-26 14:29:30'),(1412,5219,'feladat létrehozva','2021-12-26 14:29:30','2021-12-26 14:29:30'),(1413,5219,'action started via WP Cron','2021-12-26 14:35:02','2021-12-26 14:35:02'),(1414,5219,'action complete via WP Cron','2021-12-26 14:35:03','2021-12-26 14:35:03'),(1415,5218,'action started via WP Cron','2021-12-26 14:35:03','2021-12-26 14:35:03'),(1941,5395,'action started via Async Request','2022-01-25 20:11:50','2022-01-25 20:11:50'),(1940,5395,'feladat létrehozva','2022-01-25 20:11:32','2022-01-25 20:11:32'),(1939,5394,'feladat létrehozva','2022-01-25 20:11:32','2022-01-25 20:11:32'),(1894,5379,'feladat létrehozva','2022-01-24 14:18:23','2022-01-24 14:18:23'),(1895,5379,'action started via WP Cron','2022-01-24 14:20:04','2022-01-24 14:20:04'),(1896,5379,'action complete via WP Cron','2022-01-24 14:20:04','2022-01-24 14:20:04'),(1897,5380,'feladat létrehozva','2022-01-24 14:41:03','2022-01-24 14:41:03'),(1898,5381,'feladat létrehozva','2022-01-24 14:41:03','2022-01-24 14:41:03'),(1899,5380,'action started via WP Cron','2022-01-24 14:44:35','2022-01-24 14:44:35'),(1816,5353,'feladat létrehozva','2022-01-21 15:59:03','2022-01-21 15:59:03'),(1870,5371,'feladat létrehozva','2022-01-24 12:03:54','2022-01-24 12:03:54'),(1851,5363,'action complete via WP Cron','2022-01-24 11:55:13','2022-01-24 11:55:13'),(1847,5364,'feladat létrehozva','2022-01-24 11:54:57','2022-01-24 11:54:57'),(1848,5364,'action started via WP Cron','2022-01-24 11:55:12','2022-01-24 11:55:12'),(1849,5364,'action complete via WP Cron','2022-01-24 11:55:13','2022-01-24 11:55:13'),(1850,5363,'action started via WP Cron','2022-01-24 11:55:13','2022-01-24 11:55:13'),(1576,5273,'feladat létrehozva','2022-01-07 16:41:08','2022-01-07 16:41:08'),(1575,5272,'action complete via WP Cron','2022-01-07 13:49:50','2022-01-07 13:49:50'),(1673,5305,'action started via Async Request','2022-01-14 17:00:05','2022-01-14 17:00:05'),(1574,5272,'action started via WP Cron','2022-01-07 13:49:50','2022-01-07 13:49:50'),(1573,5271,'action complete via WP Cron','2022-01-07 13:49:50','2022-01-07 13:49:50'),(1666,5303,'feladat létrehozva','2022-01-14 15:30:12','2022-01-14 15:30:12'),(1663,5302,'feladat létrehozva','2022-01-14 09:10:55','2022-01-14 09:10:55'),(1664,5302,'action started via WP Cron','2022-01-14 09:11:56','2022-01-14 09:11:56'),(1665,5302,'action complete via WP Cron','2022-01-14 09:11:56','2022-01-14 09:11:56'),(1629,5290,'action complete via WP Cron','2022-01-10 17:26:41','2022-01-10 17:26:41'),(1628,5290,'action started via WP Cron','2022-01-10 17:26:40','2022-01-10 17:26:40'),(1627,5289,'action complete via WP Cron','2022-01-10 17:26:40','2022-01-10 17:26:40'),(1528,5257,'feladat létrehozva','2022-01-06 18:51:51','2022-01-06 18:51:51'),(1529,5257,'action started via WP Cron','2022-01-06 18:53:14','2022-01-06 18:53:14'),(1530,5257,'action complete via WP Cron','2022-01-06 18:53:14','2022-01-06 18:53:14'),(1531,5258,'feladat létrehozva','2022-01-06 19:03:29','2022-01-06 19:03:29'),(1532,5258,'action started via WP Cron','2022-01-06 19:05:05','2022-01-06 19:05:05'),(1567,5270,'feladat létrehozva','2022-01-07 13:44:52','2022-01-07 13:44:52'),(1568,5270,'action started via Async Request','2022-01-07 13:45:03','2022-01-07 13:45:03'),(1545,5261,'action complete via WP Cron','2022-01-06 20:31:43','2022-01-06 20:31:43'),(1546,5263,'feladat létrehozva','2022-01-07 10:31:16','2022-01-07 10:31:16'),(1715,5320,'feladat létrehozva','2022-01-16 21:23:39','2022-01-16 21:23:39'),(1714,5319,'feladat létrehozva','2022-01-16 21:23:39','2022-01-16 21:23:39'),(1713,5318,'action complete via Async Request','2022-01-16 21:20:05','2022-01-16 21:20:05'),(1679,5307,'action started via Async Request','2022-01-14 21:11:17','2022-01-14 21:11:17'),(1678,5307,'feladat létrehozva','2022-01-14 21:10:49','2022-01-14 21:10:49'),(1677,5306,'action complete via Async Request','2022-01-14 18:00:05','2022-01-14 18:00:05'),(1623,5288,'action complete via WP Cron','2022-01-10 17:05:05','2022-01-10 17:05:05'),(1622,5288,'action started via WP Cron','2022-01-10 17:05:05','2022-01-10 17:05:05'),(1621,5288,'feladat létrehozva','2022-01-10 17:00:17','2022-01-10 17:00:17'),(1672,5305,'feladat létrehozva','2022-01-14 16:59:02','2022-01-14 16:59:02'),(1668,5303,'action complete via WP Cron','2022-01-14 15:35:05','2022-01-14 15:35:05'),(1669,5304,'feladat létrehozva','2022-01-14 16:00:03','2022-01-14 16:00:03'),(1670,5304,'action started via WP Cron','2022-01-14 16:01:21','2022-01-14 16:01:21'),(1671,5304,'action complete via WP Cron','2022-01-14 16:01:21','2022-01-14 16:01:21'),(1775,5339,'action started via WP Cron','2022-01-19 11:06:19','2022-01-19 11:06:19'),(1776,5339,'action complete via WP Cron','2022-01-19 11:06:20','2022-01-19 11:06:20'),(1720,5321,'feladat létrehozva','2022-01-17 12:04:09','2022-01-17 12:04:09'),(1721,5321,'action started via WP Cron','2022-01-17 12:04:17','2022-01-17 12:04:17'),(1722,5321,'action complete via WP Cron','2022-01-17 12:04:17','2022-01-17 12:04:17'),(1744,5329,'feladat létrehozva','2022-01-18 16:28:47','2022-01-18 16:28:47'),(1745,5329,'action started via Async Request','2022-01-18 16:29:02','2022-01-18 16:29:02'),(1746,5329,'action complete via Async Request','2022-01-18 16:29:02','2022-01-18 16:29:02'),(1754,5333,'feladat létrehozva','2022-01-19 11:01:26','2022-01-19 11:01:26'),(1755,5332,'action started via Async Request','2022-01-19 11:02:09','2022-01-19 11:02:09'),(1756,5332,'action complete via Async Request','2022-01-19 11:02:09','2022-01-19 11:02:09'),(1757,5333,'action started via Async Request','2022-01-19 11:02:09','2022-01-19 11:02:09'),(1758,5333,'action complete via Async Request','2022-01-19 11:02:09','2022-01-19 11:02:09'),(1759,5334,'feladat létrehozva','2022-01-19 11:02:15','2022-01-19 11:02:15'),(1760,5335,'feladat létrehozva','2022-01-19 11:02:15','2022-01-19 11:02:15'),(1761,5334,'action started via WP Cron','2022-01-19 11:03:14','2022-01-19 11:03:14'),(1762,5334,'action complete via WP Cron','2022-01-19 11:03:14','2022-01-19 11:03:14'),(1763,5335,'action started via WP Cron','2022-01-19 11:03:14','2022-01-19 11:03:14'),(1764,5335,'action complete via WP Cron','2022-01-19 11:03:14','2022-01-19 11:03:14'),(1765,5336,'feladat létrehozva','2022-01-19 11:04:45','2022-01-19 11:04:45'),(1766,5337,'feladat létrehozva','2022-01-19 11:04:46','2022-01-19 11:04:46'),(1767,5336,'action started via WP Cron','2022-01-19 11:05:13','2022-01-19 11:05:13'),(1768,5336,'action complete via WP Cron','2022-01-19 11:05:13','2022-01-19 11:05:13'),(1769,5337,'action started via WP Cron','2022-01-19 11:05:13','2022-01-19 11:05:13'),(1770,5337,'action complete via WP Cron','2022-01-19 11:05:14','2022-01-19 11:05:14'),(1771,5338,'feladat létrehozva','2022-01-19 11:05:22','2022-01-19 11:05:22'),(1772,5339,'feladat létrehozva','2022-01-19 11:05:22','2022-01-19 11:05:22'),(1773,5338,'action started via WP Cron','2022-01-19 11:06:19','2022-01-19 11:06:19'),(1774,5338,'action complete via WP Cron','2022-01-19 11:06:19','2022-01-19 11:06:19'),(1702,5315,'feladat létrehozva','2022-01-16 20:39:37','2022-01-16 20:39:37'),(1694,5312,'action started via WP Cron','2022-01-16 09:25:04','2022-01-16 09:25:04'),(1705,5315,'action complete via Async Request','2022-01-16 20:45:04','2022-01-16 20:45:04'),(1706,5316,'action started via Async Request','2022-01-16 20:45:04','2022-01-16 20:45:04'),(1707,5316,'action complete via Async Request','2022-01-16 20:45:05','2022-01-16 20:45:05'),(1708,5317,'feladat létrehozva','2022-01-16 21:19:26','2022-01-16 21:19:26'),(1709,5318,'feladat létrehozva','2022-01-16 21:19:26','2022-01-16 21:19:26'),(1710,5317,'action started via Async Request','2022-01-16 21:20:04','2022-01-16 21:20:04'),(1711,5317,'action complete via Async Request','2022-01-16 21:20:04','2022-01-16 21:20:04'),(1712,5318,'action started via Async Request','2022-01-16 21:20:04','2022-01-16 21:20:04'),(1649,5297,'action started via Async Request','2022-01-12 13:40:04','2022-01-12 13:40:04'),(1648,5297,'feladat létrehozva','2022-01-12 13:39:45','2022-01-12 13:39:45'),(1645,5296,'feladat létrehozva','2022-01-12 12:28:20','2022-01-12 12:28:20'),(1646,5296,'action started via Async Request','2022-01-12 12:30:04','2022-01-12 12:30:04'),(1647,5296,'action complete via Async Request','2022-01-12 12:30:04','2022-01-12 12:30:04'),(1704,5315,'action started via Async Request','2022-01-16 20:45:04','2022-01-16 20:45:04'),(1680,5307,'action complete via Async Request','2022-01-14 21:11:17','2022-01-14 21:11:17'),(1701,5314,'action complete via WP Cron','2022-01-16 15:32:24','2022-01-16 15:32:24'),(1700,5314,'action started via WP Cron','2022-01-16 15:32:24','2022-01-16 15:32:24'),(1692,5311,'action complete via WP Cron','2022-01-15 22:39:31','2022-01-15 22:39:31'),(1693,5312,'feladat létrehozva','2022-01-16 09:20:38','2022-01-16 09:20:38'),(1690,5310,'action complete via WP Cron','2022-01-15 22:39:30','2022-01-15 22:39:30'),(1691,5311,'action started via WP Cron','2022-01-15 22:39:30','2022-01-15 22:39:30'),(1698,5313,'action started via WP Cron','2022-01-16 15:32:24','2022-01-16 15:32:24'),(1697,5314,'feladat létrehozva','2022-01-16 15:30:44','2022-01-16 15:30:44'),(1696,5313,'feladat létrehozva','2022-01-16 15:30:44','2022-01-16 15:30:44'),(1833,5357,'action complete via Async Request','2022-01-23 17:15:06','2022-01-23 17:15:06'),(1834,5359,'feladat létrehozva','2022-01-23 21:10:21','2022-01-23 21:10:21'),(1835,5359,'action started via Async Request','2022-01-23 21:11:07','2022-01-23 21:11:07'),(1836,5359,'action complete via Async Request','2022-01-23 21:11:07','2022-01-23 21:11:07'),(1837,5360,'feladat létrehozva','2022-01-24 00:48:56','2022-01-24 00:48:56'),(1838,5361,'feladat létrehozva','2022-01-24 00:48:57','2022-01-24 00:48:57'),(1839,5361,'action started via WP Cron','2022-01-24 00:49:25','2022-01-24 00:49:25'),(1840,5361,'action complete via WP Cron','2022-01-24 00:49:26','2022-01-24 00:49:26'),(1841,5360,'action started via WP Cron','2022-01-24 00:49:26','2022-01-24 00:49:26'),(1842,5360,'action complete via WP Cron','2022-01-24 00:49:26','2022-01-24 00:49:26'),(1843,5362,'feladat létrehozva','2022-01-24 10:38:26','2022-01-24 10:38:26'),(1844,5362,'action started via WP Cron','2022-01-24 10:40:04','2022-01-24 10:40:04'),(1845,5362,'action complete via WP Cron','2022-01-24 10:40:04','2022-01-24 10:40:04'),(1846,5363,'feladat létrehozva','2022-01-24 11:54:56','2022-01-24 11:54:56'),(1814,5352,'action started via Async Request','2022-01-21 15:00:05','2022-01-21 15:00:05'),(1813,5352,'feladat létrehozva','2022-01-21 14:59:07','2022-01-21 14:59:07'),(1869,5369,'action complete via WP Cron','2022-01-24 12:03:26','2022-01-24 12:03:26'),(1818,5353,'action complete via WP Cron','2022-01-21 15:59:31','2022-01-21 15:59:31'),(1817,5353,'action started via WP Cron','2022-01-21 15:59:31','2022-01-21 15:59:31'),(1868,5369,'action started via WP Cron','2022-01-24 12:03:26','2022-01-24 12:03:26'),(1867,5370,'action complete via WP Cron','2022-01-24 12:03:26','2022-01-24 12:03:26'),(1866,5370,'action started via WP Cron','2022-01-24 12:03:25','2022-01-24 12:03:25'),(1865,5370,'feladat létrehozva','2022-01-24 12:02:39','2022-01-24 12:02:39'),(1864,5369,'feladat létrehozva','2022-01-24 12:02:39','2022-01-24 12:02:39'),(1863,5367,'action complete via WP Cron','2022-01-24 12:02:19','2022-01-24 12:02:19'),(1815,5352,'action complete via Async Request','2022-01-21 15:00:06','2022-01-21 15:00:06'),(1703,5316,'feladat létrehozva','2022-01-16 20:39:37','2022-01-16 20:39:37'),(1699,5313,'action complete via WP Cron','2022-01-16 15:32:24','2022-01-16 15:32:24'),(1695,5312,'action complete via WP Cron','2022-01-16 09:25:04','2022-01-16 09:25:04'),(1686,5309,'action complete via WP Cron','2022-01-15 14:35:05','2022-01-15 14:35:05'),(1685,5309,'action started via WP Cron','2022-01-15 14:35:04','2022-01-15 14:35:04'),(1684,5308,'action complete via WP Cron','2022-01-15 14:35:04','2022-01-15 14:35:04'),(1683,5308,'action started via WP Cron','2022-01-15 14:35:04','2022-01-15 14:35:04'),(1682,5309,'feladat létrehozva','2022-01-15 14:32:26','2022-01-15 14:32:26'),(1681,5308,'feladat létrehozva','2022-01-15 14:32:26','2022-01-15 14:32:26'),(1689,5310,'action started via WP Cron','2022-01-15 22:39:30','2022-01-15 22:39:30'),(1688,5311,'feladat létrehozva','2022-01-15 22:37:40','2022-01-15 22:37:40'),(1687,5310,'feladat létrehozva','2022-01-15 22:37:40','2022-01-15 22:37:40'),(1734,5325,'action complete via WP Cron','2022-01-18 06:48:41','2022-01-18 06:48:41'),(1733,5325,'action started via WP Cron','2022-01-18 06:48:40','2022-01-18 06:48:40'),(1725,5322,'action complete via WP Cron','2022-01-17 12:55:04','2022-01-17 12:55:04'),(1732,5324,'action complete via WP Cron','2022-01-18 06:48:40','2022-01-18 06:48:40'),(1731,5324,'action started via WP Cron','2022-01-18 06:48:40','2022-01-18 06:48:40'),(1724,5322,'action started via WP Cron','2022-01-17 12:55:04','2022-01-17 12:55:04'),(1723,5322,'feladat létrehozva','2022-01-17 12:49:16','2022-01-17 12:49:16'),(1728,5323,'action complete via WP Cron','2022-01-17 17:04:11','2022-01-17 17:04:11'),(1730,5325,'feladat létrehozva','2022-01-18 06:48:19','2022-01-18 06:48:19'),(1729,5324,'feladat létrehozva','2022-01-18 06:48:18','2022-01-18 06:48:18'),(1727,5323,'action started via WP Cron','2022-01-17 17:04:11','2022-01-17 17:04:11'),(1726,5323,'feladat létrehozva','2022-01-17 17:00:04','2022-01-17 17:00:04'),(1900,5380,'action complete via WP Cron','2022-01-24 14:44:35','2022-01-24 14:44:35'),(1901,5381,'action started via WP Cron','2022-01-24 14:44:35','2022-01-24 14:44:35'),(1902,5381,'action complete via WP Cron','2022-01-24 14:44:35','2022-01-24 14:44:35'),(1903,5382,'feladat létrehozva','2022-01-24 20:08:26','2022-01-24 20:08:26'),(1904,5383,'feladat létrehozva','2022-01-24 20:08:26','2022-01-24 20:08:26'),(1905,5383,'action started via WP Cron','2022-01-24 20:08:38','2022-01-24 20:08:38'),(1906,5383,'action complete via WP Cron','2022-01-24 20:08:39','2022-01-24 20:08:39'),(1907,5382,'action started via WP Cron','2022-01-24 20:08:39','2022-01-24 20:08:39'),(1908,5382,'action complete via WP Cron','2022-01-24 20:08:39','2022-01-24 20:08:39'),(1909,5384,'feladat létrehozva','2022-01-25 08:17:23','2022-01-25 08:17:23'),(1910,5384,'action started via Async Request','2022-01-25 08:17:49','2022-01-25 08:17:49'),(1911,5384,'action complete via Async Request','2022-01-25 08:17:49','2022-01-25 08:17:49'),(1912,5385,'feladat létrehozva','2022-01-25 09:18:57','2022-01-25 09:18:57'),(1913,5386,'feladat létrehozva','2022-01-25 09:18:57','2022-01-25 09:18:57'),(1914,5386,'action started via WP Cron','2022-01-25 09:19:17','2022-01-25 09:19:17'),(1915,5386,'action complete via WP Cron','2022-01-25 09:19:19','2022-01-25 09:19:19'),(1916,5385,'action started via WP Cron','2022-01-25 09:19:19','2022-01-25 09:19:19'),(1917,5385,'action complete via WP Cron','2022-01-25 09:19:19','2022-01-25 09:19:19'),(1918,5387,'feladat létrehozva','2022-01-25 09:21:06','2022-01-25 09:21:06'),(1919,5388,'feladat létrehozva','2022-01-25 09:21:06','2022-01-25 09:21:06'),(1920,5388,'action started via WP Cron','2022-01-25 09:21:12','2022-01-25 09:21:12'),(1921,5388,'action complete via WP Cron','2022-01-25 09:21:13','2022-01-25 09:21:13'),(1922,5387,'action started via WP Cron','2022-01-25 09:21:13','2022-01-25 09:21:13'),(1923,5387,'action complete via WP Cron','2022-01-25 09:21:13','2022-01-25 09:21:13'),(1924,5389,'feladat létrehozva','2022-01-25 09:23:14','2022-01-25 09:23:14'),(1925,5390,'feladat létrehozva','2022-01-25 09:23:14','2022-01-25 09:23:14'),(1926,5390,'action started via WP Cron','2022-01-25 09:25:03','2022-01-25 09:25:03'),(1927,5390,'action complete via WP Cron','2022-01-25 09:25:03','2022-01-25 09:25:03'),(1928,5389,'action started via WP Cron','2022-01-25 09:25:03','2022-01-25 09:25:03'),(1929,5389,'action complete via WP Cron','2022-01-25 09:25:03','2022-01-25 09:25:03'),(1930,5391,'feladat létrehozva','2022-01-25 09:25:14','2022-01-25 09:25:14'),(1931,5392,'feladat létrehozva','2022-01-25 09:25:14','2022-01-25 09:25:14'),(1932,5391,'action started via Async Request','2022-01-25 09:30:04','2022-01-25 09:30:04'),(1933,5391,'action complete via Async Request','2022-01-25 09:30:04','2022-01-25 09:30:04'),(1934,5392,'action started via Async Request','2022-01-25 09:30:04','2022-01-25 09:30:04'),(1935,5392,'action complete via Async Request','2022-01-25 09:30:05','2022-01-25 09:30:05'),(1936,5393,'feladat létrehozva','2022-01-25 10:20:51','2022-01-25 10:20:51'),(1937,5393,'action started via WP Cron','2022-01-25 10:25:04','2022-01-25 10:25:04'),(1938,5393,'action complete via WP Cron','2022-01-25 10:25:04','2022-01-25 10:25:04'),(1942,5395,'action complete via Async Request','2022-01-25 20:11:50','2022-01-25 20:11:50'),(1943,5394,'action started via Async Request','2022-01-25 20:11:50','2022-01-25 20:11:50'),(1944,5394,'action complete via Async Request','2022-01-25 20:11:50','2022-01-25 20:11:50'),(1945,5396,'feladat létrehozva','2022-01-26 08:20:25','2022-01-26 08:20:25'),(1946,5396,'action started via WP Cron','2022-01-26 08:25:05','2022-01-26 08:25:05'),(1947,5396,'action complete via WP Cron','2022-01-26 08:25:05','2022-01-26 08:25:05'),(1948,5397,'feladat létrehozva','2022-01-26 08:49:03','2022-01-26 08:49:03'),(1949,5397,'action started via WP Cron','2022-01-26 08:49:22','2022-01-26 08:49:22'),(1950,5397,'action complete via WP Cron','2022-01-26 08:49:22','2022-01-26 08:49:22'),(1951,5398,'feladat létrehozva','2022-01-26 10:16:21','2022-01-26 10:16:21'),(1952,5398,'action started via Async Request','2022-01-26 10:16:35','2022-01-26 10:16:35'),(1953,5398,'action complete via Async Request','2022-01-26 10:16:35','2022-01-26 10:16:35'),(1954,5399,'feladat létrehozva','2022-01-26 12:31:55','2022-01-26 12:31:55'),(1955,5400,'feladat létrehozva','2022-01-26 12:31:55','2022-01-26 12:31:55'),(1956,5400,'action started via WP Cron','2022-01-26 12:33:17','2022-01-26 12:33:17'),(1957,5399,'feladat felfüggesztve','2022-01-26 12:33:17','2022-01-26 12:33:17'),(1958,5400,'action complete via WP Cron','2022-01-26 12:33:17','2022-01-26 12:33:17'),(1959,5399,'action ignored via WP Cron','2022-01-26 12:33:17','2022-01-26 12:33:17');

-- Dumped table `wpkid_actionscheduler_logs` with 549 row(s)
--

--
-- Table structure for table `wpkid_woocommerce_sessions`
--

CREATE TABLE `wpkid_woocommerce_sessions` (
  `session_id` bigint(20) unsigned NOT NULL AUTO_INCREMENT,
  `session_key` char(32) COLLATE utf8mb4_unicode_ci NOT NULL,
  `session_value` longtext COLLATE utf8mb4_unicode_ci NOT NULL,
  `session_expiry` bigint(20) unsigned NOT NULL,
  PRIMARY KEY (`session_id`),
  UNIQUE KEY `session_key` (`session_key`)
) ENGINE=MyISAM AUTO_INCREMENT=126 DEFAULT CHARSET=utf8mb4 COLLATE=utf8mb4_unicode_ci;

--
-- Dumping data for table `wpkid_woocommerce_sessions`
--

INSERT INTO `wpkid_woocommerce_sessions` VALUES (125,'ea8bc51949ed43c2b1a5fe54e88f2106','a:1:{s:8:\"customer\";s:771:\"a:27:{s:2:\"id\";s:1:\"6\";s:13:\"date_modified\";s:25:\"2021-09-06T18:34:38+00:00\";s:8:\"postcode\";s:0:\"\";s:4:\"city\";s:0:\"\";s:9:\"address_1\";s:0:\"\";s:7:\"address\";s:0:\"\";s:9:\"address_2\";s:0:\"\";s:5:\"state\";s:2:\"BU\";s:7:\"country\";s:2:\"HU\";s:17:\"shipping_postcode\";s:0:\"\";s:13:\"shipping_city\";s:0:\"\";s:18:\"shipping_address_1\";s:0:\"\";s:16:\"shipping_address\";s:0:\"\";s:18:\"shipping_address_2\";s:0:\"\";s:14:\"shipping_state\";s:2:\"BU\";s:16:\"shipping_country\";s:2:\"HU\";s:13:\"is_vat_exempt\";s:0:\"\";s:19:\"calculated_shipping\";s:0:\"\";s:10:\"first_name\";s:0:\"\";s:9:\"last_name\";s:0:\"\";s:7:\"company\";s:0:\"\";s:5:\"phone\";s:0:\"\";s:5:\"email\";s:24:\"orsolyaszmolka@gmail.com\";s:19:\"shipping_first_name\";s:0:\"\";s:18:\"shipping_last_name\";s:0:\"\";s:16:\"shipping_company\";s:0:\"\";s:14:\"shipping_phone\";s:0:\"\";}\";}',1643313497),(122,'76ce237c556ca56126764af463d5b2a8','a:7:{s:4:\"cart\";s:6:\"a:0:{}\";s:11:\"cart_totals\";s:367:\"a:15:{s:8:\"subtotal\";i:0;s:12:\"subtotal_tax\";i:0;s:14:\"shipping_total\";i:0;s:12:\"shipping_tax\";i:0;s:14:\"shipping_taxes\";a:0:{}s:14:\"discount_total\";i:0;s:12:\"discount_tax\";i:0;s:19:\"cart_contents_total\";i:0;s:17:\"cart_contents_tax\";i:0;s:19:\"cart_contents_taxes\";a:0:{}s:9:\"fee_total\";i:0;s:7:\"fee_tax\";i:0;s:9:\"fee_taxes\";a:0:{}s:5:\"total\";i:0;s:9:\"total_tax\";i:0;}\";s:15:\"applied_coupons\";s:6:\"a:0:{}\";s:22:\"coupon_discount_totals\";s:6:\"a:0:{}\";s:26:\"coupon_discount_tax_totals\";s:6:\"a:0:{}\";s:21:\"removed_cart_contents\";s:6:\"a:0:{}\";s:8:\"customer\";s:720:\"a:27:{s:2:\"id\";s:1:\"0\";s:13:\"date_modified\";s:0:\"\";s:8:\"postcode\";s:0:\"\";s:4:\"city\";s:0:\"\";s:9:\"address_1\";s:0:\"\";s:7:\"address\";s:0:\"\";s:9:\"address_2\";s:0:\"\";s:5:\"state\";s:2:\"BU\";s:7:\"country\";s:2:\"HU\";s:17:\"shipping_postcode\";s:0:\"\";s:13:\"shipping_city\";s:0:\"\";s:18:\"shipping_address_1\";s:0:\"\";s:16:\"shipping_address\";s:0:\"\";s:18:\"shipping_address_2\";s:0:\"\";s:14:\"shipping_state\";s:2:\"BU\";s:16:\"shipping_country\";s:2:\"HU\";s:13:\"is_vat_exempt\";s:0:\"\";s:19:\"calculated_shipping\";s:0:\"\";s:10:\"first_name\";s:0:\"\";s:9:\"last_name\";s:0:\"\";s:7:\"company\";s:0:\"\";s:5:\"phone\";s:0:\"\";s:5:\"email\";s:0:\"\";s:19:\"shipping_first_name\";s:0:\"\";s:18:\"shipping_last_name\";s:0:\"\";s:16:\"shipping_company\";s:0:\"\";s:14:\"shipping_phone\";s:0:\"\";}\";}',1643314177),(119,'18','a:7:{s:4:\"cart\";s:6:\"a:0:{}\";s:11:\"cart_totals\";s:367:\"a:15:{s:8:\"subtotal\";i:0;s:12:\"subtotal_tax\";i:0;s:14:\"shipping_total\";i:0;s:12:\"shipping_tax\";i:0;s:14:\"shipping_taxes\";a:0:{}s:14:\"discount_total\";i:0;s:12:\"discount_tax\";i:0;s:19:\"cart_contents_total\";i:0;s:17:\"cart_contents_tax\";i:0;s:19:\"cart_contents_taxes\";a:0:{}s:9:\"fee_total\";i:0;s:7:\"fee_tax\";i:0;s:9:\"fee_taxes\";a:0:{}s:5:\"total\";i:0;s:9:\"total_tax\";i:0;}\";s:15:\"applied_coupons\";s:6:\"a:0:{}\";s:22:\"coupon_discount_totals\";s:6:\"a:0:{}\";s:26:\"coupon_discount_tax_totals\";s:6:\"a:0:{}\";s:21:\"removed_cart_contents\";s:6:\"a:0:{}\";s:8:\"customer\";s:777:\"a:27:{s:2:\"id\";s:2:\"18\";s:13:\"date_modified\";s:25:\"2022-01-25T08:37:36+00:00\";s:8:\"postcode\";s:0:\"\";s:4:\"city\";s:0:\"\";s:9:\"address_1\";s:0:\"\";s:7:\"address\";s:0:\"\";s:9:\"address_2\";s:0:\"\";s:5:\"state\";s:2:\"BU\";s:7:\"country\";s:2:\"HU\";s:17:\"shipping_postcode\";s:0:\"\";s:13:\"shipping_city\";s:0:\"\";s:18:\"shipping_address_1\";s:0:\"\";s:16:\"shipping_address\";s:0:\"\";s:18:\"shipping_address_2\";s:0:\"\";s:14:\"shipping_state\";s:2:\"BU\";s:16:\"shipping_country\";s:2:\"HU\";s:13:\"is_vat_exempt\";s:0:\"\";s:19:\"calculated_shipping\";s:0:\"\";s:10:\"first_name\";s:0:\"\";s:9:\"last_name\";s:0:\"\";s:7:\"company\";s:0:\"\";s:5:\"phone\";s:0:\"\";s:5:\"email\";s:29:\"molnar.biankacsilla@gmail.com\";s:19:\"shipping_first_name\";s:0:\"\";s:18:\"shipping_last_name\";s:0:\"\";s:16:\"shipping_company\";s:0:\"\";s:14:\"shipping_phone\";s:0:\"\";}\";}',1643272763),(117,'f3747eb19a8e1fb7d648ef7195aba614','a:7:{s:4:\"cart\";s:6:\"a:0:{}\";s:11:\"cart_totals\";s:367:\"a:15:{s:8:\"subtotal\";i:0;s:12:\"subtotal_tax\";i:0;s:14:\"shipping_total\";i:0;s:12:\"shipping_tax\";i:0;s:14:\"shipping_taxes\";a:0:{}s:14:\"discount_total\";i:0;s:12:\"discount_tax\";i:0;s:19:\"cart_contents_total\";i:0;s:17:\"cart_contents_tax\";i:0;s:19:\"cart_contents_taxes\";a:0:{}s:9:\"fee_total\";i:0;s:7:\"fee_tax\";i:0;s:9:\"fee_taxes\";a:0:{}s:5:\"total\";i:0;s:9:\"total_tax\";i:0;}\";s:15:\"applied_coupons\";s:6:\"a:0:{}\";s:22:\"coupon_discount_totals\";s:6:\"a:0:{}\";s:26:\"coupon_discount_tax_totals\";s:6:\"a:0:{}\";s:21:\"removed_cart_contents\";s:6:\"a:0:{}\";s:8:\"customer\";s:720:\"a:27:{s:2:\"id\";s:1:\"0\";s:13:\"date_modified\";s:0:\"\";s:8:\"postcode\";s:0:\"\";s:4:\"city\";s:0:\"\";s:9:\"address_1\";s:0:\"\";s:7:\"address\";s:0:\"\";s:9:\"address_2\";s:0:\"\";s:5:\"state\";s:2:\"BU\";s:7:\"country\";s:2:\"HU\";s:17:\"shipping_postcode\";s:0:\"\";s:13:\"shipping_city\";s:0:\"\";s:18:\"shipping_address_1\";s:0:\"\";s:16:\"shipping_address\";s:0:\"\";s:18:\"shipping_address_2\";s:0:\"\";s:14:\"shipping_state\";s:2:\"BU\";s:16:\"shipping_country\";s:2:\"HU\";s:13:\"is_vat_exempt\";s:0:\"\";s:19:\"calculated_shipping\";s:0:\"\";s:10:\"first_name\";s:0:\"\";s:9:\"last_name\";s:0:\"\";s:7:\"company\";s:0:\"\";s:5:\"phone\";s:0:\"\";s:5:\"email\";s:0:\"\";s:19:\"shipping_first_name\";s:0:\"\";s:18:\"shipping_last_name\";s:0:\"\";s:16:\"shipping_company\";s:0:\"\";s:14:\"shipping_phone\";s:0:\"\";}\";}',1643199929),(118,'17','a:7:{s:4:\"cart\";s:6:\"a:0:{}\";s:11:\"cart_totals\";s:367:\"a:15:{s:8:\"subtotal\";i:0;s:12:\"subtotal_tax\";i:0;s:14:\"shipping_total\";i:0;s:12:\"shipping_tax\";i:0;s:14:\"shipping_taxes\";a:0:{}s:14:\"discount_total\";i:0;s:12:\"discount_tax\";i:0;s:19:\"cart_contents_total\";i:0;s:17:\"cart_contents_tax\";i:0;s:19:\"cart_contents_taxes\";a:0:{}s:9:\"fee_total\";i:0;s:7:\"fee_tax\";i:0;s:9:\"fee_taxes\";a:0:{}s:5:\"total\";i:0;s:9:\"total_tax\";i:0;}\";s:15:\"applied_coupons\";s:6:\"a:0:{}\";s:22:\"coupon_discount_totals\";s:6:\"a:0:{}\";s:26:\"coupon_discount_tax_totals\";s:6:\"a:0:{}\";s:21:\"removed_cart_contents\";s:6:\"a:0:{}\";s:8:\"customer\";s:782:\"a:27:{s:2:\"id\";s:2:\"17\";s:13:\"date_modified\";s:25:\"2022-01-10T09:38:36+00:00\";s:8:\"postcode\";s:0:\"\";s:4:\"city\";s:0:\"\";s:9:\"address_1\";s:0:\"\";s:7:\"address\";s:0:\"\";s:9:\"address_2\";s:0:\"\";s:5:\"state\";s:2:\"BU\";s:7:\"country\";s:2:\"HU\";s:17:\"shipping_postcode\";s:0:\"\";s:13:\"shipping_city\";s:0:\"\";s:18:\"shipping_address_1\";s:0:\"\";s:16:\"shipping_address\";s:0:\"\";s:18:\"shipping_address_2\";s:0:\"\";s:14:\"shipping_state\";s:2:\"BU\";s:16:\"shipping_country\";s:2:\"HU\";s:13:\"is_vat_exempt\";s:0:\"\";s:19:\"calculated_shipping\";s:0:\"\";s:10:\"first_name\";s:4:\"Niki\";s:9:\"last_name\";s:5:\"Dobai\";s:7:\"company\";s:0:\"\";s:5:\"phone\";s:0:\"\";s:5:\"email\";s:25:\"zulauf.nikolett@gmail.com\";s:19:\"shipping_first_name\";s:0:\"\";s:18:\"shipping_last_name\";s:0:\"\";s:16:\"shipping_company\";s:0:\"\";s:14:\"shipping_phone\";s:0:\"\";}\";}',1643204602),(120,'e18a4f632c6709db136e685cfe9f7422','a:7:{s:4:\"cart\";s:6:\"a:0:{}\";s:11:\"cart_totals\";s:367:\"a:15:{s:8:\"subtotal\";i:0;s:12:\"subtotal_tax\";i:0;s:14:\"shipping_total\";i:0;s:12:\"shipping_tax\";i:0;s:14:\"shipping_taxes\";a:0:{}s:14:\"discount_total\";i:0;s:12:\"discount_tax\";i:0;s:19:\"cart_contents_total\";i:0;s:17:\"cart_contents_tax\";i:0;s:19:\"cart_contents_taxes\";a:0:{}s:9:\"fee_total\";i:0;s:7:\"fee_tax\";i:0;s:9:\"fee_taxes\";a:0:{}s:5:\"total\";i:0;s:9:\"total_tax\";i:0;}\";s:15:\"applied_coupons\";s:6:\"a:0:{}\";s:22:\"coupon_discount_totals\";s:6:\"a:0:{}\";s:26:\"coupon_discount_tax_totals\";s:6:\"a:0:{}\";s:21:\"removed_cart_contents\";s:6:\"a:0:{}\";s:8:\"customer\";s:720:\"a:27:{s:2:\"id\";s:1:\"0\";s:13:\"date_modified\";s:0:\"\";s:8:\"postcode\";s:0:\"\";s:4:\"city\";s:0:\"\";s:9:\"address_1\";s:0:\"\";s:7:\"address\";s:0:\"\";s:9:\"address_2\";s:0:\"\";s:5:\"state\";s:2:\"BU\";s:7:\"country\";s:2:\"HU\";s:17:\"shipping_postcode\";s:0:\"\";s:13:\"shipping_city\";s:0:\"\";s:18:\"shipping_address_1\";s:0:\"\";s:16:\"shipping_address\";s:0:\"\";s:18:\"shipping_address_2\";s:0:\"\";s:14:\"shipping_state\";s:2:\"BU\";s:16:\"shipping_country\";s:2:\"HU\";s:13:\"is_vat_exempt\";s:0:\"\";s:19:\"calculated_shipping\";s:0:\"\";s:10:\"first_name\";s:0:\"\";s:9:\"last_name\";s:0:\"\";s:7:\"company\";s:0:\"\";s:5:\"phone\";s:0:\"\";s:5:\"email\";s:0:\"\";s:19:\"shipping_first_name\";s:0:\"\";s:18:\"shipping_last_name\";s:0:\"\";s:16:\"shipping_company\";s:0:\"\";s:14:\"shipping_phone\";s:0:\"\";}\";}',1643283613),(124,'13','a:7:{s:4:\"cart\";s:2795:\"a:1:{s:32:\"5686ae2315dd545021cfd9a158083f13\";a:12:{s:13:\"ameliabooking\";a:19:{s:4:\"type\";s:11:\"appointment\";s:9:\"serviceId\";i:9;s:10:\"providerId\";i:3;s:10:\"locationId\";N;s:4:\"name\";s:10:\"Logopédia\";s:8:\"couponId\";s:0:\"\";s:10:\"couponCode\";s:0:\"\";s:12:\"bookingStart\";s:16:\"2021-08-31 13:00\";s:10:\"bookingEnd\";s:16:\"2021-08-31 13:50\";s:6:\"status\";s:8:\"approved\";s:14:\"dateTimeValues\";a:1:{i:0;a:2:{s:5:\"start\";s:16:\"2021-08-31 13:00\";s:3:\"end\";s:16:\"2021-08-31 13:50\";}}s:18:\"notifyParticipants\";i:1;s:8:\"bookings\";a:1:{i:0;a:9:{s:10:\"customerId\";i:2;s:8:\"customer\";a:6:{s:5:\"email\";s:16:\"hello@kidlife.hu\";s:10:\"externalId\";i:1;s:9:\"firstName\";s:4:\"sgdf\";s:2:\"id\";i:2;s:8:\"lastName\";s:6:\"gsfdgs\";s:5:\"phone\";s:11:\"+3612563527\";}s:4:\"info\";s:108:\"{\"firstName\":\"sgdf\",\"lastName\":\"gsfdgs\",\"phone\":\"+3612563527\",\"locale\":\"hu_HU\",\"timeZone\":\"Europe/Budapest\"}\";s:7:\"persons\";i:1;s:6:\"extras\";a:0:{}s:6:\"status\";s:8:\"approved\";s:9:\"utcOffset\";N;s:12:\"customFields\";a:4:{i:3;a:3:{s:5:\"label\";s:4:\"Cím\";s:5:\"value\";s:20:\"Homloklebeny utca 1.\";s:4:\"type\";s:4:\"text\";}i:4;a:3:{s:5:\"label\";s:11:\"Csatolmány\";s:5:\"value\";a:0:{}s:4:\"type\";s:4:\"file\";}i:6;a:3:{s:5:\"label\";s:11:\"Település\";s:5:\"value\";s:8:\"Budapest\";s:4:\"type\";s:4:\"text\";}i:7;a:3:{s:5:\"label\";s:16:\"Irányítószám\";s:5:\"value\";s:4:\"1234\";s:4:\"type\";s:4:\"text\";}}s:7:\"deposit\";b:0;}}s:7:\"payment\";a:1:{s:7:\"gateway\";s:2:\"wc\";}s:9:\"recurring\";a:3:{i:0;a:11:{s:10:\"providerId\";i:3;s:10:\"locationId\";N;s:12:\"bookingStart\";s:19:\"2021-09-01 13:00:00\";s:10:\"bookingEnd\";s:19:\"2021-09-01 13:50:00\";s:18:\"notifyParticipants\";i:1;s:6:\"status\";s:8:\"approved\";s:9:\"utcOffset\";N;s:7:\"deposit\";b:0;s:9:\"useCoupon\";b:0;s:8:\"couponId\";N;s:10:\"couponCode\";N;}i:1;a:11:{s:10:\"providerId\";i:3;s:10:\"locationId\";N;s:12:\"bookingStart\";s:19:\"2021-09-02 13:00:00\";s:10:\"bookingEnd\";s:19:\"2021-09-02 13:50:00\";s:18:\"notifyParticipants\";i:1;s:6:\"status\";s:8:\"approved\";s:9:\"utcOffset\";N;s:7:\"deposit\";b:0;s:9:\"useCoupon\";b:0;s:8:\"couponId\";N;s:10:\"couponCode\";N;}i:2;a:11:{s:10:\"providerId\";i:3;s:10:\"locationId\";N;s:12:\"bookingStart\";s:19:\"2021-09-03 13:00:00\";s:10:\"bookingEnd\";s:19:\"2021-09-03 13:50:00\";s:18:\"notifyParticipants\";i:1;s:6:\"status\";s:8:\"approved\";s:9:\"utcOffset\";N;s:7:\"deposit\";b:0;s:9:\"useCoupon\";b:0;s:8:\"couponId\";N;s:10:\"couponCode\";N;}}s:7:\"package\";a:0:{}s:6:\"locale\";s:5:\"hu_HU\";s:8:\"timeZone\";s:15:\"Europe/Budapest\";s:28:\"uploadedCustomFieldFilesInfo\";a:0:{}}s:3:\"key\";s:32:\"5686ae2315dd545021cfd9a158083f13\";s:10:\"product_id\";i:4844;s:12:\"variation_id\";i:0;s:9:\"variation\";a:0:{}s:8:\"quantity\";i:1;s:9:\"data_hash\";s:32:\"b5c1d5ca8bae6d4896cf1807cdf763f0\";s:13:\"line_tax_data\";a:2:{s:8:\"subtotal\";a:1:{i:2;d:0;}s:5:\"total\";a:1:{i:2;d:0;}}s:13:\"line_subtotal\";d:0;s:17:\"line_subtotal_tax\";d:0;s:10:\"line_total\";d:0;s:8:\"line_tax\";d:0;}}\";s:11:\"cart_totals\";s:395:\"a:15:{s:8:\"subtotal\";s:1:\"0\";s:12:\"subtotal_tax\";d:0;s:14:\"shipping_total\";s:1:\"0\";s:12:\"shipping_tax\";i:0;s:14:\"shipping_taxes\";a:0:{}s:14:\"discount_total\";i:0;s:12:\"discount_tax\";i:0;s:19:\"cart_contents_total\";s:1:\"0\";s:17:\"cart_contents_tax\";d:0;s:19:\"cart_contents_taxes\";a:1:{i:2;d:0;}s:9:\"fee_total\";s:1:\"0\";s:7:\"fee_tax\";i:0;s:9:\"fee_taxes\";a:0:{}s:5:\"total\";s:1:\"0\";s:9:\"total_tax\";d:0;}\";s:15:\"applied_coupons\";s:6:\"a:0:{}\";s:22:\"coupon_discount_totals\";s:6:\"a:0:{}\";s:26:\"coupon_discount_tax_totals\";s:6:\"a:0:{}\";s:21:\"removed_cart_contents\";s:6:\"a:0:{}\";s:8:\"customer\";s:781:\"a:27:{s:2:\"id\";s:2:\"13\";s:13:\"date_modified\";s:25:\"2022-01-19T10:25:04+00:00\";s:8:\"postcode\";s:0:\"\";s:4:\"city\";s:0:\"\";s:9:\"address_1\";s:0:\"\";s:7:\"address\";s:0:\"\";s:9:\"address_2\";s:0:\"\";s:5:\"state\";s:2:\"BU\";s:7:\"country\";s:2:\"HU\";s:17:\"shipping_postcode\";s:0:\"\";s:13:\"shipping_city\";s:0:\"\";s:18:\"shipping_address_1\";s:0:\"\";s:16:\"shipping_address\";s:0:\"\";s:18:\"shipping_address_2\";s:0:\"\";s:14:\"shipping_state\";s:2:\"BU\";s:16:\"shipping_country\";s:2:\"HU\";s:13:\"is_vat_exempt\";s:0:\"\";s:19:\"calculated_shipping\";s:0:\"\";s:10:\"first_name\";s:0:\"\";s:9:\"last_name\";s:0:\"\";s:7:\"company\";s:0:\"\";s:5:\"phone\";s:0:\"\";s:5:\"email\";s:33:\"marko.davidovic@tms-outsource.com\";s:19:\"shipping_first_name\";s:0:\"\";s:18:\"shipping_last_name\";s:0:\"\";s:16:\"shipping_company\";s:0:\"\";s:14:\"shipping_phone\";s:0:\"\";}\";}',1643313497);

-- Dumped table `wpkid_woocommerce_sessions` with 7 row(s)
--

--
-- Table structure for table `wpkid_woocommerce_api_keys`
--

CREATE TABLE `wpkid_woocommerce_api_keys` (
  `key_id` bigint(20) unsigned NOT NULL AUTO_INCREMENT,
  `user_id` bigint(20) unsigned NOT NULL,
  `description` varchar(200) COLLATE utf8mb4_unicode_ci DEFAULT NULL,
  `permissions` varchar(10) COLLATE utf8mb4_unicode_ci NOT NULL,
  `consumer_key` char(64) COLLATE utf8mb4_unicode_ci NOT NULL,
  `consumer_secret` char(43) COLLATE utf8mb4_unicode_ci NOT NULL,
  `nonces` longtext COLLATE utf8mb4_unicode_ci DEFAULT NULL,
  `truncated_key` char(7) COLLATE utf8mb4_unicode_ci NOT NULL,
  `last_access` datetime DEFAULT NULL,
  PRIMARY KEY (`key_id`),
  KEY `consumer_key` (`consumer_key`),
  KEY `consumer_secret` (`consumer_secret`)
) ENGINE=MyISAM AUTO_INCREMENT=2 DEFAULT CHARSET=utf8mb4 COLLATE=utf8mb4_unicode_ci;

--
-- Dumping data for table `wpkid_woocommerce_api_keys`
--

INSERT INTO `wpkid_woocommerce_api_keys` VALUES (1,1,'Woo API','read_write','34b68ce5143dc2037e0b217984462d594ca7428e273c59977b339e4ab3798772','cs_8ca04cd84b90ca928228b9da353889d46c5868c4',NULL,'18202dc','2022-01-25 21:11:53');

-- Dumped table `wpkid_woocommerce_api_keys` with 1 row(s)
--

--
-- Table structure for table `wpkid_woocommerce_attribute_taxonomies`
--

CREATE TABLE `wpkid_woocommerce_attribute_taxonomies` (
  `attribute_id` bigint(20) unsigned NOT NULL AUTO_INCREMENT,
  `attribute_name` varchar(200) COLLATE utf8mb4_unicode_ci NOT NULL,
  `attribute_label` varchar(200) COLLATE utf8mb4_unicode_ci DEFAULT NULL,
  `attribute_type` varchar(20) COLLATE utf8mb4_unicode_ci NOT NULL,
  `attribute_orderby` varchar(20) COLLATE utf8mb4_unicode_ci NOT NULL,
  `attribute_public` int(1) NOT NULL DEFAULT 1,
  PRIMARY KEY (`attribute_id`),
  KEY `attribute_name` (`attribute_name`(20))
) ENGINE=MyISAM DEFAULT CHARSET=utf8mb4 COLLATE=utf8mb4_unicode_ci;

--
-- Dumping data for table `wpkid_woocommerce_attribute_taxonomies`
--


-- Dumped table `wpkid_woocommerce_attribute_taxonomies` with 0 row(s)
--

--
-- Table structure for table `wpkid_woocommerce_downloadable_product_permissions`
--

CREATE TABLE `wpkid_woocommerce_downloadable_product_permissions` (
  `permission_id` bigint(20) unsigned NOT NULL AUTO_INCREMENT,
  `download_id` varchar(36) COLLATE utf8mb4_unicode_ci NOT NULL,
  `product_id` bigint(20) unsigned NOT NULL,
  `order_id` bigint(20) unsigned NOT NULL DEFAULT 0,
  `order_key` varchar(200) COLLATE utf8mb4_unicode_ci NOT NULL,
  `user_email` varchar(200) COLLATE utf8mb4_unicode_ci NOT NULL,
  `user_id` bigint(20) unsigned DEFAULT NULL,
  `downloads_remaining` varchar(9) COLLATE utf8mb4_unicode_ci DEFAULT NULL,
  `access_granted` datetime NOT NULL DEFAULT '0000-00-00 00:00:00',
  `access_expires` datetime DEFAULT NULL,
  `download_count` bigint(20) unsigned NOT NULL DEFAULT 0,
  PRIMARY KEY (`permission_id`),
  KEY `download_order_key_product` (`product_id`,`order_id`,`order_key`(16),`download_id`),
  KEY `download_order_product` (`download_id`,`order_id`,`product_id`),
  KEY `order_id` (`order_id`),
  KEY `user_order_remaining_expires` (`user_id`,`order_id`,`downloads_remaining`,`access_expires`)
) ENGINE=MyISAM DEFAULT CHARSET=utf8mb4 COLLATE=utf8mb4_unicode_ci;

--
-- Dumping data for table `wpkid_woocommerce_downloadable_product_permissions`
--


-- Dumped table `wpkid_woocommerce_downloadable_product_permissions` with 0 row(s)
--

--
-- Table structure for table `wpkid_woocommerce_order_items`
--

CREATE TABLE `wpkid_woocommerce_order_items` (
  `order_item_id` bigint(20) unsigned NOT NULL AUTO_INCREMENT,
  `order_item_name` text COLLATE utf8mb4_unicode_ci NOT NULL,
  `order_item_type` varchar(200) COLLATE utf8mb4_unicode_ci NOT NULL DEFAULT '',
  `order_id` bigint(20) unsigned NOT NULL,
  PRIMARY KEY (`order_item_id`),
  KEY `order_id` (`order_id`)
) ENGINE=MyISAM AUTO_INCREMENT=216 DEFAULT CHARSET=utf8mb4 COLLATE=utf8mb4_unicode_ci;

--
-- Dumping data for table `wpkid_woocommerce_order_items`
--

INSERT INTO `wpkid_woocommerce_order_items` VALUES (98,'Egyéb humán-egészségügyi ellátás','line_item',5156),(96,'Egyéb humán-egészségügyi ellátás','line_item',5105),(99,'Egyéb humán-egészségügyi ellátás','line_item',5157),(100,'Egyéb humán-egészségügyi ellátás','line_item',5158),(101,'Egyéb humán-egészségügyi ellátás','line_item',5186),(103,'Egyéb humán-egészségügyi ellátás','line_item',5191),(102,'Egyéb humán-egészségügyi ellátás','line_item',5187),(105,'Egyéb humán-egészségügyi ellátás','line_item',5195),(104,'Egyéb humán-egészségügyi ellátás','line_item',5194),(106,'Egyéb humán-egészségügyi ellátás','line_item',5196),(107,'Egyéb humán-egészségügyi ellátás','line_item',5210),(108,'Egyéb humán-egészségügyi ellátás','line_item',5217),(109,'Egyéb humán-egészségügyi ellátás','line_item',5218),(110,'Egyéb humán-egészségügyi ellátás','line_item',5219),(111,'Egyéb humán-egészségügyi ellátás','line_item',5220),(112,'Egyéb humán-egészségügyi ellátás','line_item',5221),(113,'Egyéb humán-egészségügyi ellátás','line_item',5222),(114,'Egyéb humán-egészségügyi ellátás','line_item',5223),(115,'Egyéb humán-egészségügyi ellátás','line_item',5224),(116,'Egyéb humán-egészségügyi ellátás','line_item',5225),(117,'Egyéb humán-egészségügyi ellátás','line_item',5226),(118,'Egyéb humán-egészségügyi ellátás','line_item',5227),(119,'Egyéb humán-egészségügyi ellátás','line_item',5233),(120,'Egyéb humán-egészségügyi ellátás','line_item',5234),(121,'Egyéb humán-egészségügyi ellátás','line_item',5235),(122,'Egyéb humán-egészségügyi ellátás','line_item',5236),(123,'Egyéb humán-egészségügyi ellátás','line_item',5261),(124,'Egyéb humán-egészségügyi ellátás','line_item',5262),(125,'Egyéb humán-egészségügyi ellátás','line_item',5263),(126,'Egyéb humán-egészségügyi ellátás','line_item',5264),(127,'Egyéb humán-egészségügyi ellátás','line_item',5265),(128,'Egyéb humán-egészségügyi ellátás','line_item',5266),(129,'Egyéb humán-egészségügyi ellátás','line_item',5267),(130,'Egyéb humán-egészségügyi ellátás','line_item',5268),(131,'Egyéb humán-egészségügyi ellátás','line_item',5269),(132,'Egyéb humán-egészségügyi ellátás','line_item',5270),(133,'Egyéb humán-egészségügyi ellátás','line_item',5271),(134,'Egyéb humán-egészségügyi ellátás','line_item',5279),(135,'Egyéb humán-egészségügyi ellátás','line_item',5285),(136,'Egyéb humán-egészségügyi ellátás','line_item',5449),(137,'Egyéb humán-egészségügyi ellátás','line_item',5450),(138,'Egyéb humán-egészségügyi ellátás','line_item',5451),(139,'Egyéb humán-egészségügyi ellátás','line_item',5590),(140,'Egyéb humán-egészségügyi ellátás','line_item',5591),(141,'Egyéb humán-egészségügyi ellátás','line_item',5592),(142,'Egyéb humán-egészségügyi ellátás','line_item',5593),(143,'Egyéb humán-egészségügyi ellátás','line_item',5598),(144,'Egyéb humán-egészségügyi ellátás','line_item',5608),(81,'Egyéb humán-egészségügyi ellátás','line_item',4944),(82,'Egyéb humán-egészségügyi ellátás','line_item',4945),(83,'Egyéb humán-egészségügyi ellátás','line_item',4946),(84,'Egyéb humán-egészségügyi ellátás','line_item',4947),(85,'Egyéb humán-egészségügyi ellátás','line_item',4948),(86,'Egyéb humán-egészségügyi ellátás','line_item',4984),(97,'Egyéb humán-egészségügyi ellátás','line_item',5111),(88,'Egyéb humán-egészségügyi ellátás','line_item',5008),(89,'Egyéb humán-egészségügyi ellátás','line_item',5009),(90,'Egyéb humán-egészségügyi ellátás','line_item',5010),(91,'Egyéb humán-egészségügyi ellátás','line_item',5011),(92,'Egyéb humán-egészségügyi ellátás','line_item',5013),(93,'Egyéb humán-egészségügyi ellátás','line_item',5045),(94,'Egyéb humán-egészségügyi ellátás','line_item',5101),(95,'Egyéb humán-egészségügyi ellátás','line_item',5102),(145,'Egyéb humán-egészségügyi ellátás','line_item',5609),(146,'Egyéb humán-egészségügyi ellátás','line_item',5610),(147,'Egyéb humán-egészségügyi ellátás','line_item',5611),(148,'Egyéb humán-egészségügyi ellátás','line_item',5667),(149,'Egyéb humán-egészségügyi ellátás','line_item',5668),(150,'Egyéb humán-egészségügyi ellátás','line_item',5680),(151,'Egyéb humán-egészségügyi ellátás','line_item',5681),(152,'Egyéb humán-egészségügyi ellátás','line_item',5710),(153,'Egyéb humán-egészségügyi ellátás','line_item',5711),(154,'Egyéb humán-egészségügyi ellátás','line_item',5712),(155,'Egyéb humán-egészségügyi ellátás','line_item',5713),(156,'Egyéb humán-egészségügyi ellátás','line_item',5714),(157,'Egyéb humán-egészségügyi ellátás','line_item',5715),(158,'Egyéb humán-egészségügyi ellátás','line_item',5717),(159,'Egyéb humán-egészségügyi ellátás','line_item',5718),(160,'Egyéb humán-egészségügyi ellátás','line_item',5719),(161,'Egyéb humán-egészségügyi ellátás','line_item',5720),(162,'Egyéb humán-egészségügyi ellátás','line_item',5721),(163,'Egyéb humán-egészségügyi ellátás','line_item',5722),(164,'Egyéb humán-egészségügyi ellátás','line_item',5723),(165,'Egyéb humán-egészségügyi ellátás','line_item',5724),(166,'Egyéb humán-egészségügyi ellátás','line_item',5725),(167,'Egyéb humán-egészségügyi ellátás','line_item',5726),(168,'Egyéb humán-egészségügyi ellátás','line_item',5728),(169,'Egyéb humán-egészségügyi ellátás','line_item',5730),(170,'Egyéb humán-egészségügyi ellátás','line_item',5731),(171,'Egyéb humán-egészségügyi ellátás','line_item',5732),(172,'Egyéb humán-egészségügyi ellátás','line_item',5733),(173,'Egyéb humán-egészségügyi ellátás','line_item',5734),(174,'Egyéb humán-egészségügyi ellátás','line_item',5735),(175,'Egyéb humán-egészségügyi ellátás','line_item',5736),(176,'Egyéb humán-egészségügyi ellátás','line_item',5737),(177,'Egyéb humán-egészségügyi ellátás','line_item',5738),(178,'Egyéb humán-egészségügyi ellátás','line_item',5739),(179,'Egyéb humán-egészségügyi ellátás','line_item',5741),(180,'Egyéb humán-egészségügyi ellátás','line_item',5748),(181,'Egyéb humán-egészségügyi ellátás','line_item',5749),(182,'Egyéb humán-egészségügyi ellátás','line_item',5750),(183,'Egyéb humán-egészségügyi ellátás','line_item',5778),(184,'Egyéb humán-egészségügyi ellátás','line_item',5779),(185,'Egyéb humán-egészségügyi ellátás','line_item',5780),(186,'Egyéb humán-egészségügyi ellátás','line_item',5781),(187,'Egyéb humán-egészségügyi ellátás','line_item',5782),(188,'Egyéb humán-egészségügyi ellátás','line_item',5783),(189,'Egyéb humán-egészségügyi ellátás','line_item',5784),(190,'Egyéb humán-egészségügyi ellátás','line_item',5785),(191,'Egyéb humán-egészségügyi ellátás','line_item',5790),(192,'Egyéb humán-egészségügyi ellátás','line_item',5791),(193,'Egyéb humán-egészségügyi ellátás','line_item',5792),(194,'Egyéb humán-egészségügyi ellátás','line_item',5793),(195,'Egyéb humán-egészségügyi ellátás','line_item',5794),(196,'Egyéb humán-egészségügyi ellátás','line_item',5795),(197,'Egyéb humán-egészségügyi ellátás','line_item',5796),(198,'Egyéb humán-egészségügyi ellátás','line_item',5797),(199,'Egyéb humán-egészségügyi ellátás','line_item',5798),(200,'Egyéb humán-egészségügyi ellátás','line_item',5815),(201,'Egyéb humán-egészségügyi ellátás','line_item',5816),(202,'Egyéb humán-egészségügyi ellátás','line_item',5817),(203,'Egyéb humán-egészségügyi ellátás','line_item',5818),(204,'Egyéb humán-egészségügyi ellátás','line_item',5819),(205,'Egyéb humán-egészségügyi ellátás','line_item',5820),(206,'Egyéb humán-egészségügyi ellátás','line_item',5821),(207,'Egyéb humán-egészségügyi ellátás','line_item',5822),(208,'Egyéb humán-egészségügyi ellátás','line_item',5823),(209,'Egyéb humán-egészségügyi ellátás','line_item',5824),(210,'Egyéb humán-egészségügyi ellátás','line_item',5825),(211,'Egyéb humán-egészségügyi ellátás','line_item',5833),(212,'Egyéb humán-egészségügyi ellátás','line_item',5834),(213,'Egyéb humán-egészségügyi ellátás','line_item',5835),(214,'Egyéb humán-egészségügyi ellátás','line_item',5836),(215,'Egyéb humán-egészségügyi ellátás','line_item',5839);

-- Dumped table `wpkid_woocommerce_order_items` with 134 row(s)
--

--
-- Table structure for table `wpkid_woocommerce_order_itemmeta`
--

CREATE TABLE `wpkid_woocommerce_order_itemmeta` (
  `meta_id` bigint(20) unsigned NOT NULL AUTO_INCREMENT,
  `order_item_id` bigint(20) unsigned NOT NULL,
  `meta_key` varchar(255) COLLATE utf8mb4_unicode_ci DEFAULT NULL,
  `meta_value` longtext COLLATE utf8mb4_unicode_ci DEFAULT NULL,
  PRIMARY KEY (`meta_id`),
  KEY `order_item_id` (`order_item_id`),
  KEY `meta_key` (`meta_key`(32))
) ENGINE=MyISAM AUTO_INCREMENT=1852 DEFAULT CHARSET=utf8mb4 COLLATE=utf8mb4_unicode_ci;

--
-- Dumping data for table `wpkid_woocommerce_order_itemmeta`
--

INSERT INTO `wpkid_woocommerce_order_itemmeta` VALUES (822,101,'_line_subtotal_tax','0'),(821,101,'_line_subtotal','13000'),(820,101,'_tax_class','nulla-kulcs'),(819,101,'_qty','1'),(818,101,'_variation_id','0'),(817,101,'_product_id','4754'),(777,96,'_line_subtotal_tax','0'),(778,96,'_line_total','13000'),(779,96,'_line_tax','0'),(780,96,'_line_tax_data','a:2:{s:5:\"total\";a:0:{}s:8:\"subtotal\";a:0:{}}'),(789,97,'_line_tax_data','a:2:{s:5:\"total\";a:0:{}s:8:\"subtotal\";a:0:{}}'),(790,98,'_product_id','4754'),(791,98,'_variation_id','0'),(792,98,'_qty','1'),(793,98,'_tax_class','nulla-kulcs'),(794,98,'_line_subtotal','14000'),(795,98,'_line_subtotal_tax','0'),(796,98,'_line_total','14000'),(797,98,'_line_tax','0'),(798,98,'_line_tax_data','a:2:{s:5:\"total\";a:0:{}s:8:\"subtotal\";a:0:{}}'),(799,99,'_product_id','4754'),(800,99,'_variation_id','0'),(801,99,'_qty','1'),(802,99,'_tax_class','nulla-kulcs'),(803,99,'_line_subtotal','13000'),(804,99,'_line_subtotal_tax','0'),(805,99,'_line_total','13000'),(806,99,'_line_tax','0'),(807,99,'_line_tax_data','a:2:{s:5:\"total\";a:0:{}s:8:\"subtotal\";a:0:{}}'),(808,100,'_product_id','4754'),(809,100,'_variation_id','0'),(810,100,'_qty','1'),(811,100,'_tax_class','nulla-kulcs'),(812,100,'_line_subtotal','0'),(813,100,'_line_subtotal_tax','0'),(814,100,'_line_total','0'),(815,100,'_line_tax','0'),(816,100,'_line_tax_data','a:2:{s:5:\"total\";a:0:{}s:8:\"subtotal\";a:0:{}}'),(776,96,'_line_subtotal','13000'),(775,96,'_tax_class','nulla-kulcs'),(774,96,'_qty','1'),(772,96,'_product_id','4754'),(773,96,'_variation_id','0'),(862,106,'_product_id','4754'),(861,105,'_line_tax_data','a:2:{s:5:\"total\";a:0:{}s:8:\"subtotal\";a:0:{}}'),(859,105,'_line_total','13000'),(860,105,'_line_tax','0'),(827,102,'_variation_id','0'),(828,102,'_qty','1'),(829,102,'_tax_class','nulla-kulcs'),(830,102,'_line_subtotal','75000'),(831,102,'_line_subtotal_tax','0'),(832,102,'_line_total','75000'),(833,102,'_line_tax','0'),(834,102,'_line_tax_data','a:2:{s:5:\"total\";a:0:{}s:8:\"subtotal\";a:0:{}}'),(835,103,'_product_id','4754'),(836,103,'_variation_id','0'),(837,103,'_qty','1'),(838,103,'_tax_class','nulla-kulcs'),(839,103,'_line_subtotal','13000'),(840,103,'_line_subtotal_tax','0'),(841,103,'_line_total','13000'),(842,103,'_line_tax','0'),(843,103,'_line_tax_data','a:2:{s:5:\"total\";a:0:{}s:8:\"subtotal\";a:0:{}}'),(844,104,'_product_id','4754'),(845,104,'_variation_id','0'),(846,104,'_qty','1'),(847,104,'_tax_class','nulla-kulcs'),(848,104,'_line_subtotal','13000'),(849,104,'_line_subtotal_tax','0'),(850,104,'_line_total','13000'),(851,104,'_line_tax','0'),(852,104,'_line_tax_data','a:2:{s:5:\"total\";a:0:{}s:8:\"subtotal\";a:0:{}}'),(853,105,'_product_id','4754'),(854,105,'_variation_id','0'),(855,105,'_qty','1'),(856,105,'_tax_class','nulla-kulcs'),(857,105,'_line_subtotal','13000'),(858,105,'_line_subtotal_tax','0'),(826,102,'_product_id','4754'),(825,101,'_line_tax_data','a:2:{s:5:\"total\";a:0:{}s:8:\"subtotal\";a:0:{}}'),(823,101,'_line_total','13000'),(824,101,'_line_tax','0'),(905,110,'_line_tax','0'),(904,110,'_line_total','0'),(903,110,'_line_subtotal_tax','0'),(902,110,'_line_subtotal','0'),(900,110,'_qty','1'),(901,110,'_tax_class','nulla-kulcs'),(869,106,'_line_tax','0'),(870,106,'_line_tax_data','a:2:{s:5:\"total\";a:0:{}s:8:\"subtotal\";a:0:{}}'),(871,107,'_product_id','4754'),(872,107,'_variation_id','0'),(873,107,'_qty','1'),(874,107,'_tax_class','nulla-kulcs'),(875,107,'_line_subtotal','75000'),(876,107,'_line_subtotal_tax','0'),(877,107,'_line_total','75000'),(878,107,'_line_tax','0'),(879,107,'_line_tax_data','a:2:{s:5:\"total\";a:0:{}s:8:\"subtotal\";a:0:{}}'),(880,108,'_product_id','4754'),(881,108,'_variation_id','0'),(882,108,'_qty','1'),(883,108,'_tax_class','nulla-kulcs'),(884,108,'_line_subtotal','13000'),(885,108,'_line_subtotal_tax','0'),(886,108,'_line_total','13000'),(887,108,'_line_tax','0'),(888,108,'_line_tax_data','a:2:{s:5:\"total\";a:0:{}s:8:\"subtotal\";a:0:{}}'),(889,109,'_product_id','4754'),(890,109,'_variation_id','0'),(891,109,'_qty','1'),(892,109,'_tax_class','nulla-kulcs'),(893,109,'_line_subtotal','13000'),(894,109,'_line_subtotal_tax','0'),(895,109,'_line_total','13000'),(896,109,'_line_tax','0'),(897,109,'_line_tax_data','a:2:{s:5:\"total\";a:0:{}s:8:\"subtotal\";a:0:{}}'),(898,110,'_product_id','4754'),(899,110,'_variation_id','0'),(868,106,'_line_total','13000'),(867,106,'_line_subtotal_tax','0'),(866,106,'_line_subtotal','13000'),(863,106,'_variation_id','0'),(864,106,'_qty','1'),(865,106,'_tax_class','nulla-kulcs'),(952,116,'_product_id','4754'),(951,115,'_line_tax_data','a:2:{s:5:\"total\";a:0:{}s:8:\"subtotal\";a:0:{}}'),(950,115,'_line_tax','0'),(949,115,'_line_total','0'),(947,115,'_line_subtotal','0'),(948,115,'_line_subtotal_tax','0'),(916,112,'_product_id','4754'),(917,112,'_variation_id','0'),(918,112,'_qty','1'),(919,112,'_tax_class','nulla-kulcs'),(920,112,'_line_subtotal','0'),(921,112,'_line_subtotal_tax','0'),(922,112,'_line_total','0'),(923,112,'_line_tax','0'),(924,112,'_line_tax_data','a:2:{s:5:\"total\";a:0:{}s:8:\"subtotal\";a:0:{}}'),(925,113,'_product_id','4754'),(926,113,'_variation_id','0'),(927,113,'_qty','1'),(928,113,'_tax_class','nulla-kulcs'),(929,113,'_line_subtotal','0'),(930,113,'_line_subtotal_tax','0'),(931,113,'_line_total','0'),(932,113,'_line_tax','0'),(933,113,'_line_tax_data','a:2:{s:5:\"total\";a:0:{}s:8:\"subtotal\";a:0:{}}'),(934,114,'_product_id','4754'),(935,114,'_variation_id','0'),(936,114,'_qty','1'),(937,114,'_tax_class','nulla-kulcs'),(938,114,'_line_subtotal','0'),(939,114,'_line_subtotal_tax','0'),(940,114,'_line_total','0'),(941,114,'_line_tax','0'),(942,114,'_line_tax_data','a:2:{s:5:\"total\";a:0:{}s:8:\"subtotal\";a:0:{}}'),(943,115,'_product_id','4754'),(944,115,'_variation_id','0'),(945,115,'_qty','1'),(946,115,'_tax_class','nulla-kulcs'),(915,111,'_line_tax_data','a:2:{s:5:\"total\";a:0:{}s:8:\"subtotal\";a:0:{}}'),(914,111,'_line_tax','0'),(913,111,'_line_total','0'),(912,111,'_line_subtotal_tax','0'),(911,111,'_line_subtotal','0'),(910,111,'_tax_class','nulla-kulcs'),(909,111,'_qty','1'),(908,111,'_variation_id','0'),(907,111,'_product_id','4754'),(906,110,'_line_tax_data','a:2:{s:5:\"total\";a:0:{}s:8:\"subtotal\";a:0:{}}'),(999,121,'_qty','1'),(998,121,'_variation_id','0'),(997,121,'_product_id','4754'),(996,120,'_line_tax_data','a:2:{s:5:\"total\";a:0:{}s:8:\"subtotal\";a:0:{}}'),(995,120,'_line_tax','0'),(993,120,'_line_subtotal_tax','0'),(994,120,'_line_total','13000'),(961,117,'_product_id','4754'),(962,117,'_variation_id','0'),(963,117,'_qty','1'),(964,117,'_tax_class','nulla-kulcs'),(965,117,'_line_subtotal','0'),(966,117,'_line_subtotal_tax','0'),(967,117,'_line_total','0'),(968,117,'_line_tax','0'),(969,117,'_line_tax_data','a:2:{s:5:\"total\";a:0:{}s:8:\"subtotal\";a:0:{}}'),(970,118,'_product_id','4754'),(971,118,'_variation_id','0'),(972,118,'_qty','1'),(973,118,'_tax_class','nulla-kulcs'),(974,118,'_line_subtotal','13000'),(975,118,'_line_subtotal_tax','0'),(976,118,'_line_total','13000'),(977,118,'_line_tax','0'),(978,118,'_line_tax_data','a:2:{s:5:\"total\";a:0:{}s:8:\"subtotal\";a:0:{}}'),(979,119,'_product_id','4754'),(980,119,'_variation_id','0'),(981,119,'_qty','1'),(982,119,'_tax_class','nulla-kulcs'),(983,119,'_line_subtotal','13000'),(984,119,'_line_subtotal_tax','0'),(985,119,'_line_total','13000'),(986,119,'_line_tax','0'),(987,119,'_line_tax_data','a:2:{s:5:\"total\";a:0:{}s:8:\"subtotal\";a:0:{}}'),(988,120,'_product_id','4754'),(989,120,'_variation_id','0'),(990,120,'_qty','1'),(991,120,'_tax_class','nulla-kulcs'),(992,120,'_line_subtotal','13000'),(960,116,'_line_tax_data','a:2:{s:5:\"total\";a:0:{}s:8:\"subtotal\";a:0:{}}'),(959,116,'_line_tax','0'),(958,116,'_line_total','0'),(957,116,'_line_subtotal_tax','0'),(956,116,'_line_subtotal','0'),(955,116,'_tax_class','nulla-kulcs'),(953,116,'_variation_id','0'),(954,116,'_qty','1'),(1043,126,'_variation_id','0'),(1042,126,'_product_id','4754'),(1041,125,'_line_tax_data','a:2:{s:5:\"total\";a:0:{}s:8:\"subtotal\";a:0:{}}'),(1039,125,'_line_total','0'),(1040,125,'_line_tax','0'),(1007,122,'_variation_id','0'),(1008,122,'_qty','1'),(1009,122,'_tax_class','nulla-kulcs'),(1010,122,'_line_subtotal','13000'),(1011,122,'_line_subtotal_tax','0'),(1012,122,'_line_total','13000'),(1013,122,'_line_tax','0'),(1014,122,'_line_tax_data','a:2:{s:5:\"total\";a:0:{}s:8:\"subtotal\";a:0:{}}'),(1015,123,'_product_id','4754'),(1016,123,'_variation_id','0'),(1017,123,'_qty','1'),(1018,123,'_tax_class','nulla-kulcs'),(1019,123,'_line_subtotal','0'),(1020,123,'_line_subtotal_tax','0'),(1021,123,'_line_total','0'),(1022,123,'_line_tax','0'),(1023,123,'_line_tax_data','a:2:{s:5:\"total\";a:0:{}s:8:\"subtotal\";a:0:{}}'),(1024,124,'_product_id','4754'),(1025,124,'_variation_id','0'),(1026,124,'_qty','1'),(1027,124,'_tax_class','nulla-kulcs'),(1028,124,'_line_subtotal','0'),(1029,124,'_line_subtotal_tax','0'),(1030,124,'_line_total','0'),(1031,124,'_line_tax','0'),(1032,124,'_line_tax_data','a:2:{s:5:\"total\";a:0:{}s:8:\"subtotal\";a:0:{}}'),(1033,125,'_product_id','4754'),(1034,125,'_variation_id','0'),(1035,125,'_qty','1'),(1036,125,'_tax_class','nulla-kulcs'),(1037,125,'_line_subtotal','0'),(1038,125,'_line_subtotal_tax','0'),(1006,122,'_product_id','4754'),(1005,121,'_line_tax_data','a:2:{s:5:\"total\";a:0:{}s:8:\"subtotal\";a:0:{}}'),(1004,121,'_line_tax','0'),(1003,121,'_line_total','13000'),(1002,121,'_line_subtotal_tax','0'),(1001,121,'_line_subtotal','13000'),(1000,121,'_tax_class','nulla-kulcs'),(1093,131,'_line_total','0'),(1092,131,'_line_subtotal_tax','0'),(1091,131,'_line_subtotal','0'),(1090,131,'_tax_class','nulla-kulcs'),(1089,131,'_qty','1'),(1088,131,'_variation_id','0'),(1087,131,'_product_id','4754'),(1054,127,'_tax_class','nulla-kulcs'),(1055,127,'_line_subtotal','0'),(1056,127,'_line_subtotal_tax','0'),(1057,127,'_line_total','0'),(1058,127,'_line_tax','0'),(1059,127,'_line_tax_data','a:2:{s:5:\"total\";a:0:{}s:8:\"subtotal\";a:0:{}}'),(1060,128,'_product_id','4754'),(1061,128,'_variation_id','0'),(1062,128,'_qty','1'),(1063,128,'_tax_class','nulla-kulcs'),(1064,128,'_line_subtotal','0'),(1065,128,'_line_subtotal_tax','0'),(1066,128,'_line_total','0'),(1067,128,'_line_tax','0'),(1068,128,'_line_tax_data','a:2:{s:5:\"total\";a:0:{}s:8:\"subtotal\";a:0:{}}'),(1069,129,'_product_id','4754'),(1070,129,'_variation_id','0'),(1071,129,'_qty','1'),(1072,129,'_tax_class','nulla-kulcs'),(1073,129,'_line_subtotal','0'),(1074,129,'_line_subtotal_tax','0'),(1075,129,'_line_total','0'),(1076,129,'_line_tax','0'),(1077,129,'_line_tax_data','a:2:{s:5:\"total\";a:0:{}s:8:\"subtotal\";a:0:{}}'),(1078,130,'_product_id','4754'),(1079,130,'_variation_id','0'),(1080,130,'_qty','1'),(1081,130,'_tax_class','nulla-kulcs'),(1082,130,'_line_subtotal','0'),(1083,130,'_line_subtotal_tax','0'),(1084,130,'_line_total','0'),(1085,130,'_line_tax','0'),(1086,130,'_line_tax_data','a:2:{s:5:\"total\";a:0:{}s:8:\"subtotal\";a:0:{}}'),(1053,127,'_qty','1'),(1052,127,'_variation_id','0'),(1051,127,'_product_id','4754'),(1050,126,'_line_tax_data','a:2:{s:5:\"total\";a:0:{}s:8:\"subtotal\";a:0:{}}'),(1049,126,'_line_tax','0'),(1048,126,'_line_total','0'),(1047,126,'_line_subtotal_tax','0'),(1046,126,'_line_subtotal','0'),(1044,126,'_qty','1'),(1045,126,'_tax_class','nulla-kulcs'),(1104,132,'_line_tax_data','a:2:{s:5:\"total\";a:0:{}s:8:\"subtotal\";a:0:{}}'),(1103,132,'_line_tax','0'),(1102,132,'_line_total','0'),(1101,132,'_line_subtotal_tax','0'),(1099,132,'_tax_class','nulla-kulcs'),(1100,132,'_line_subtotal','0'),(1098,132,'_qty','1'),(1097,132,'_variation_id','0'),(1096,132,'_product_id','4754'),(1094,131,'_line_tax','0'),(1095,131,'_line_tax_data','a:2:{s:5:\"total\";a:0:{}s:8:\"subtotal\";a:0:{}}'),(1114,134,'_product_id','4754'),(1113,133,'_line_tax_data','a:2:{s:5:\"total\";a:0:{}s:8:\"subtotal\";a:0:{}}'),(1112,133,'_line_tax','0'),(1111,133,'_line_total','0'),(1109,133,'_line_subtotal','0'),(1110,133,'_line_subtotal_tax','0'),(1108,133,'_tax_class','nulla-kulcs'),(1107,133,'_qty','1'),(1106,133,'_variation_id','0'),(1105,133,'_product_id','4754'),(1125,135,'_qty','1'),(1124,135,'_variation_id','0'),(1123,135,'_product_id','4754'),(1122,134,'_line_tax_data','a:2:{s:5:\"total\";a:0:{}s:8:\"subtotal\";a:0:{}}'),(1120,134,'_line_total','13000'),(1121,134,'_line_tax','0'),(1119,134,'_line_subtotal_tax','0'),(1118,134,'_line_subtotal','13000'),(1117,134,'_tax_class','nulla-kulcs'),(1115,134,'_variation_id','0'),(1116,134,'_qty','1'),(1135,136,'_tax_class','nulla-kulcs'),(1134,136,'_qty','1'),(1133,136,'_variation_id','0'),(1132,136,'_product_id','4754'),(1130,135,'_line_tax','0'),(1131,135,'_line_tax_data','a:2:{s:5:\"total\";a:0:{}s:8:\"subtotal\";a:0:{}}'),(1129,135,'_line_total','13000'),(1128,135,'_line_subtotal_tax','0'),(1127,135,'_line_subtotal','13000'),(1126,135,'_tax_class','nulla-kulcs'),(1146,137,'_line_subtotal_tax','0'),(1145,137,'_line_subtotal','0'),(1144,137,'_tax_class','nulla-kulcs'),(1143,137,'_qty','1'),(1142,137,'_variation_id','0'),(1141,137,'_product_id','4754'),(1140,136,'_line_tax_data','a:2:{s:5:\"total\";a:0:{}s:8:\"subtotal\";a:0:{}}'),(1139,136,'_line_tax','0'),(1138,136,'_line_total','0'),(1137,136,'_line_subtotal_tax','0'),(1136,136,'_line_subtotal','0'),(1156,138,'_line_total','0'),(1155,138,'_line_subtotal_tax','0'),(1154,138,'_line_subtotal','0'),(1153,138,'_tax_class','nulla-kulcs'),(1151,138,'_variation_id','0'),(1152,138,'_qty','1'),(1150,138,'_product_id','4754'),(1149,137,'_line_tax_data','a:2:{s:5:\"total\";a:0:{}s:8:\"subtotal\";a:0:{}}'),(1147,137,'_line_total','0'),(1148,137,'_line_tax','0'),(1241,148,'_variation_id','0'),(1240,148,'_product_id','4754'),(1239,147,'_line_tax_data','a:2:{s:5:\"total\";a:0:{}s:8:\"subtotal\";a:0:{}}'),(1238,147,'_line_tax','0'),(1236,147,'_line_subtotal_tax','0'),(1237,147,'_line_total','13000'),(1204,144,'_product_id','4754'),(1205,144,'_variation_id','0'),(1206,144,'_qty','1'),(1207,144,'_tax_class','nulla-kulcs'),(1208,144,'_line_subtotal','13000'),(1209,144,'_line_subtotal_tax','0'),(1210,144,'_line_total','13000'),(1211,144,'_line_tax','0'),(1212,144,'_line_tax_data','a:2:{s:5:\"total\";a:0:{}s:8:\"subtotal\";a:0:{}}'),(1213,145,'_product_id','4754'),(1214,145,'_variation_id','0'),(1215,145,'_qty','1'),(1216,145,'_tax_class','nulla-kulcs'),(1217,145,'_line_subtotal','0'),(1218,145,'_line_subtotal_tax','0'),(1219,145,'_line_total','0'),(1220,145,'_line_tax','0'),(1221,145,'_line_tax_data','a:2:{s:5:\"total\";a:0:{}s:8:\"subtotal\";a:0:{}}'),(1222,146,'_product_id','4754'),(1223,146,'_variation_id','0'),(1224,146,'_qty','1'),(1225,146,'_tax_class','nulla-kulcs'),(1226,146,'_line_subtotal','0'),(1227,146,'_line_subtotal_tax','0'),(1228,146,'_line_total','0'),(1229,146,'_line_tax','0'),(1230,146,'_line_tax_data','a:2:{s:5:\"total\";a:0:{}s:8:\"subtotal\";a:0:{}}'),(1231,147,'_product_id','4754'),(1232,147,'_variation_id','0'),(1233,147,'_qty','1'),(1234,147,'_tax_class','nulla-kulcs'),(1235,147,'_line_subtotal','13000'),(1203,143,'_line_tax_data','a:2:{s:5:\"total\";a:0:{}s:8:\"subtotal\";a:0:{}}'),(1202,143,'_line_tax','0'),(1201,143,'_line_total','13000'),(1200,143,'_line_subtotal_tax','0'),(1198,143,'_tax_class','nulla-kulcs'),(1199,143,'_line_subtotal','13000'),(1166,139,'_line_tax','0'),(1167,139,'_line_tax_data','a:2:{s:5:\"total\";a:0:{}s:8:\"subtotal\";a:0:{}}'),(1168,140,'_product_id','4754'),(1169,140,'_variation_id','0'),(1170,140,'_qty','1'),(1171,140,'_tax_class','nulla-kulcs'),(1172,140,'_line_subtotal','13000'),(1173,140,'_line_subtotal_tax','0'),(1174,140,'_line_total','13000'),(1175,140,'_line_tax','0'),(1176,140,'_line_tax_data','a:2:{s:5:\"total\";a:0:{}s:8:\"subtotal\";a:0:{}}'),(1177,141,'_product_id','4754'),(1178,141,'_variation_id','0'),(1179,141,'_qty','1'),(1180,141,'_tax_class','nulla-kulcs'),(1181,141,'_line_subtotal','13000'),(1182,141,'_line_subtotal_tax','0'),(1183,141,'_line_total','13000'),(1184,141,'_line_tax','0'),(1185,141,'_line_tax_data','a:2:{s:5:\"total\";a:0:{}s:8:\"subtotal\";a:0:{}}'),(1186,142,'_product_id','4754'),(1187,142,'_variation_id','0'),(1188,142,'_qty','1'),(1189,142,'_tax_class','nulla-kulcs'),(1190,142,'_line_subtotal','13000'),(1191,142,'_line_subtotal_tax','0'),(1192,142,'_line_total','13000'),(1193,142,'_line_tax','0'),(1194,142,'_line_tax_data','a:2:{s:5:\"total\";a:0:{}s:8:\"subtotal\";a:0:{}}'),(1195,143,'_product_id','4754'),(1196,143,'_variation_id','0'),(1197,143,'_qty','1'),(1165,139,'_line_total','13000'),(1164,139,'_line_subtotal_tax','0'),(1163,139,'_line_subtotal','13000'),(1162,139,'_tax_class','nulla-kulcs'),(1161,139,'_qty','1'),(1160,139,'_variation_id','0'),(1159,139,'_product_id','4754'),(1157,138,'_line_tax','0'),(1158,138,'_line_tax_data','a:2:{s:5:\"total\";a:0:{}s:8:\"subtotal\";a:0:{}}'),(1252,149,'_tax_class','nulla-kulcs'),(1251,149,'_qty','1'),(1250,149,'_variation_id','0'),(1249,149,'_product_id','4754'),(1247,148,'_line_tax','0'),(1248,148,'_line_tax_data','a:2:{s:5:\"total\";a:0:{}s:8:\"subtotal\";a:0:{}}'),(1246,148,'_line_total','13000'),(1245,148,'_line_subtotal_tax','0'),(1244,148,'_line_subtotal','13000'),(1242,148,'_qty','1'),(1243,148,'_tax_class','nulla-kulcs'),(1262,150,'_line_subtotal','13000'),(1261,150,'_tax_class','nulla-kulcs'),(1260,150,'_qty','1'),(1259,150,'_variation_id','0'),(1258,150,'_product_id','4754'),(1257,149,'_line_tax_data','a:2:{s:5:\"total\";a:0:{}s:8:\"subtotal\";a:0:{}}'),(1256,149,'_line_tax','0'),(1255,149,'_line_total','13000'),(1254,149,'_line_subtotal_tax','0'),(1253,149,'_line_subtotal','13000'),(1273,151,'_line_total','13000'),(1272,151,'_line_subtotal_tax','0'),(1271,151,'_line_subtotal','13000'),(1270,151,'_tax_class','nulla-kulcs'),(1269,151,'_qty','1'),(1267,151,'_product_id','4754'),(1268,151,'_variation_id','0'),(1266,150,'_line_tax_data','a:2:{s:5:\"total\";a:0:{}s:8:\"subtotal\";a:0:{}}'),(1265,150,'_line_tax','0'),(1264,150,'_line_total','13000'),(1263,150,'_line_subtotal_tax','0'),(1284,152,'_line_tax_data','a:2:{s:5:\"total\";a:0:{}s:8:\"subtotal\";a:0:{}}'),(1283,152,'_line_tax','0'),(1282,152,'_line_total','13000'),(1281,152,'_line_subtotal_tax','0'),(1279,152,'_tax_class','nulla-kulcs'),(1280,152,'_line_subtotal','13000'),(1278,152,'_qty','1'),(1277,152,'_variation_id','0'),(1276,152,'_product_id','4754'),(1274,151,'_line_tax','0'),(1275,151,'_line_tax_data','a:2:{s:5:\"total\";a:0:{}s:8:\"subtotal\";a:0:{}}'),(1293,153,'_line_tax_data','a:2:{s:5:\"total\";a:0:{}s:8:\"subtotal\";a:0:{}}'),(1292,153,'_line_tax','0'),(1291,153,'_line_total','13000'),(1289,153,'_line_subtotal','13000'),(1290,153,'_line_subtotal_tax','0'),(1288,153,'_tax_class','nulla-kulcs'),(1287,153,'_qty','1'),(1286,153,'_variation_id','0'),(1285,153,'_product_id','4754'),(1303,155,'_product_id','4754'),(1302,154,'_line_tax_data','a:2:{s:5:\"total\";a:0:{}s:8:\"subtotal\";a:0:{}}'),(1301,154,'_line_tax','0'),(1300,154,'_line_total','13000'),(1299,154,'_line_subtotal_tax','0'),(1298,154,'_line_subtotal','13000'),(1297,154,'_tax_class','nulla-kulcs'),(1296,154,'_qty','1'),(1295,154,'_variation_id','0'),(1294,154,'_product_id','4754'),(1313,156,'_variation_id','0'),(1312,156,'_product_id','4754'),(1311,155,'_line_tax_data','a:2:{s:5:\"total\";a:0:{}s:8:\"subtotal\";a:0:{}}'),(1309,155,'_line_total','13000'),(1310,155,'_line_tax','0'),(1308,155,'_line_subtotal_tax','0'),(1307,155,'_line_subtotal','13000'),(1306,155,'_tax_class','nulla-kulcs'),(1304,155,'_variation_id','0'),(1305,155,'_qty','1'),(1324,157,'_tax_class','nulla-kulcs'),(1323,157,'_qty','1'),(1322,157,'_variation_id','0'),(1321,157,'_product_id','4754'),(1319,156,'_line_tax','0'),(1320,156,'_line_tax_data','a:2:{s:5:\"total\";a:0:{}s:8:\"subtotal\";a:0:{}}'),(1318,156,'_line_total','13000'),(1317,156,'_line_subtotal_tax','0'),(1316,156,'_line_subtotal','13000'),(1314,156,'_qty','1'),(1315,156,'_tax_class','nulla-kulcs'),(1334,158,'_line_subtotal','13000'),(1333,158,'_tax_class','nulla-kulcs'),(1332,158,'_qty','1'),(1331,158,'_variation_id','0'),(1330,158,'_product_id','4754'),(1329,157,'_line_tax_data','a:2:{s:5:\"total\";a:0:{}s:8:\"subtotal\";a:0:{}}'),(1328,157,'_line_tax','0'),(1327,157,'_line_total','13000'),(1326,157,'_line_subtotal_tax','0'),(1325,157,'_line_subtotal','13000'),(1344,159,'_line_subtotal_tax','0'),(1343,159,'_line_subtotal','13000'),(1342,159,'_tax_class','nulla-kulcs'),(1341,159,'_qty','1'),(1339,159,'_product_id','4754'),(1340,159,'_variation_id','0'),(1338,158,'_line_tax_data','a:2:{s:5:\"total\";a:0:{}s:8:\"subtotal\";a:0:{}}'),(1337,158,'_line_tax','0'),(1336,158,'_line_total','13000'),(1335,158,'_line_subtotal_tax','0'),(1354,160,'_line_total','13000'),(1353,160,'_line_subtotal_tax','0'),(1352,160,'_line_subtotal','13000'),(1351,160,'_tax_class','nulla-kulcs'),(1349,160,'_variation_id','0'),(1350,160,'_qty','1'),(1348,160,'_product_id','4754'),(1347,159,'_line_tax_data','a:2:{s:5:\"total\";a:0:{}s:8:\"subtotal\";a:0:{}}'),(1345,159,'_line_total','13000'),(1346,159,'_line_tax','0'),(1365,161,'_line_tax_data','a:2:{s:5:\"total\";a:0:{}s:8:\"subtotal\";a:0:{}}'),(1364,161,'_line_tax','0'),(1363,161,'_line_total','13000'),(1362,161,'_line_subtotal_tax','0'),(1360,161,'_tax_class','nulla-kulcs'),(1361,161,'_line_subtotal','13000'),(1359,161,'_qty','1'),(1358,161,'_variation_id','0'),(1357,161,'_product_id','4754'),(1355,160,'_line_tax','0'),(1356,160,'_line_tax_data','a:2:{s:5:\"total\";a:0:{}s:8:\"subtotal\";a:0:{}}'),(1372,162,'_line_total','13000'),(1371,162,'_line_subtotal_tax','0'),(1370,162,'_line_subtotal','13000'),(1369,162,'_tax_class','nulla-kulcs'),(1368,162,'_qty','1'),(1366,162,'_product_id','4754'),(1367,162,'_variation_id','0'),(1378,163,'_tax_class','nulla-kulcs'),(1377,163,'_qty','1'),(1376,163,'_variation_id','0'),(1375,163,'_product_id','4754'),(1373,162,'_line_tax','0'),(1374,162,'_line_tax_data','a:2:{s:5:\"total\";a:0:{}s:8:\"subtotal\";a:0:{}}'),(1384,164,'_product_id','4754'),(1383,163,'_line_tax_data','a:2:{s:5:\"total\";a:0:{}s:8:\"subtotal\";a:0:{}}'),(1382,163,'_line_tax','0'),(1379,163,'_line_subtotal','13000'),(1380,163,'_line_subtotal_tax','0'),(1381,163,'_line_total','13000'),(1392,164,'_line_tax_data','a:2:{s:5:\"total\";a:0:{}s:8:\"subtotal\";a:0:{}}'),(1391,164,'_line_tax','0'),(1390,164,'_line_total','13000'),(1389,164,'_line_subtotal_tax','0'),(1385,164,'_variation_id','0'),(1386,164,'_qty','1'),(1387,164,'_tax_class','nulla-kulcs'),(1388,164,'_line_subtotal','13000'),(1397,165,'_line_subtotal','13000'),(1396,165,'_tax_class','nulla-kulcs'),(1395,165,'_qty','1'),(1393,165,'_product_id','4754'),(1394,165,'_variation_id','0'),(1405,166,'_tax_class','nulla-kulcs'),(1404,166,'_qty','1'),(1403,166,'_variation_id','0'),(1402,166,'_product_id','4754'),(1398,165,'_line_subtotal_tax','0'),(1399,165,'_line_total','13000'),(1400,165,'_line_tax','0'),(1401,165,'_line_tax_data','a:2:{s:5:\"total\";a:0:{}s:8:\"subtotal\";a:0:{}}'),(1410,166,'_line_tax_data','a:2:{s:5:\"total\";a:0:{}s:8:\"subtotal\";a:0:{}}'),(1409,166,'_line_tax','0'),(1406,166,'_line_subtotal','13000'),(1407,166,'_line_subtotal_tax','0'),(1408,166,'_line_total','13000'),(1418,167,'_line_tax','0'),(1417,167,'_line_total','13000'),(1416,167,'_line_subtotal_tax','0'),(1415,167,'_line_subtotal','13000'),(1411,167,'_product_id','4754'),(1412,167,'_variation_id','0'),(1413,167,'_qty','1'),(1414,167,'_tax_class','nulla-kulcs'),(1423,168,'_tax_class','nulla-kulcs'),(1422,168,'_qty','1'),(1421,168,'_variation_id','0'),(1419,167,'_line_tax_data','a:2:{s:5:\"total\";a:0:{}s:8:\"subtotal\";a:0:{}}'),(1420,168,'_product_id','4754'),(1430,169,'_variation_id','0'),(1429,169,'_product_id','4754'),(1428,168,'_line_tax_data','a:2:{s:5:\"total\";a:0:{}s:8:\"subtotal\";a:0:{}}'),(1427,168,'_line_tax','0'),(1424,168,'_line_subtotal','13000'),(1425,168,'_line_subtotal_tax','0'),(1426,168,'_line_total','13000'),(1438,170,'_product_id','4754'),(1437,169,'_line_tax_data','a:2:{s:5:\"total\";a:0:{}s:8:\"subtotal\";a:0:{}}'),(1436,169,'_line_tax','0'),(1431,169,'_qty','1'),(1432,169,'_tax_class','nulla-kulcs'),(1433,169,'_line_subtotal','13000'),(1434,169,'_line_subtotal_tax','0'),(1435,169,'_line_total','13000'),(1443,170,'_line_subtotal_tax','0'),(1439,170,'_variation_id','0'),(1440,170,'_qty','1'),(1441,170,'_tax_class','nulla-kulcs'),(1442,170,'_line_subtotal','13000'),(1449,171,'_qty','1'),(1448,171,'_variation_id','0'),(1447,171,'_product_id','4754'),(1444,170,'_line_total','13000'),(1445,170,'_line_tax','0'),(1446,170,'_line_tax_data','a:2:{s:5:\"total\";a:0:{}s:8:\"subtotal\";a:0:{}}'),(1455,171,'_line_tax_data','a:2:{s:5:\"total\";a:0:{}s:8:\"subtotal\";a:0:{}}'),(1454,171,'_line_tax','0'),(1453,171,'_line_total','13000'),(1450,171,'_tax_class','nulla-kulcs'),(1451,171,'_line_subtotal','13000'),(1452,171,'_line_subtotal_tax','0'),(1464,172,'_line_tax_data','a:2:{s:5:\"total\";a:0:{}s:8:\"subtotal\";a:0:{}}'),(1463,172,'_line_tax','0'),(1462,172,'_line_total','13000'),(1456,172,'_product_id','4754'),(1457,172,'_variation_id','0'),(1458,172,'_qty','1'),(1459,172,'_tax_class','nulla-kulcs'),(1460,172,'_line_subtotal','13000'),(1461,172,'_line_subtotal_tax','0'),(1471,173,'_line_total','13000'),(1465,173,'_product_id','4754'),(1466,173,'_variation_id','0'),(1467,173,'_qty','1'),(1468,173,'_tax_class','nulla-kulcs'),(1469,173,'_line_subtotal','13000'),(1470,173,'_line_subtotal_tax','0'),(1474,174,'_product_id','4754'),(1472,173,'_line_tax','0'),(1473,173,'_line_tax_data','a:2:{s:5:\"total\";a:0:{}s:8:\"subtotal\";a:0:{}}'),(1482,174,'_line_tax_data','a:2:{s:5:\"total\";a:0:{}s:8:\"subtotal\";a:0:{}}'),(1481,174,'_line_tax','0'),(1480,174,'_line_total','13000'),(1475,174,'_variation_id','0'),(1476,174,'_qty','1'),(1477,174,'_tax_class','nulla-kulcs'),(1478,174,'_line_subtotal','13000'),(1479,174,'_line_subtotal_tax','0'),(1489,175,'_line_total','0'),(1483,175,'_product_id','4754'),(1484,175,'_variation_id','0'),(1485,175,'_qty','1'),(1486,175,'_tax_class','nulla-kulcs'),(1487,175,'_line_subtotal','0'),(1488,175,'_line_subtotal_tax','0'),(1492,176,'_product_id','4754'),(1490,175,'_line_tax','0'),(1491,175,'_line_tax_data','a:2:{s:5:\"total\";a:0:{}s:8:\"subtotal\";a:0:{}}'),(1500,176,'_line_tax_data','a:2:{s:5:\"total\";a:0:{}s:8:\"subtotal\";a:0:{}}'),(1499,176,'_line_tax','0'),(1498,176,'_line_total','13000'),(1493,176,'_variation_id','0'),(1494,176,'_qty','1'),(1495,176,'_tax_class','nulla-kulcs'),(1496,176,'_line_subtotal','13000'),(1497,176,'_line_subtotal_tax','0'),(1503,177,'_qty','1'),(1501,177,'_product_id','4754'),(1502,177,'_variation_id','0'),(637,81,'_product_id','4754'),(638,81,'_variation_id','0'),(639,81,'_qty','1'),(640,81,'_tax_class','nulla-kulcs'),(641,81,'_line_subtotal','13000'),(642,81,'_line_subtotal_tax','0'),(643,81,'_line_total','13000'),(644,81,'_line_tax','0'),(645,81,'_line_tax_data','a:2:{s:5:\"total\";a:0:{}s:8:\"subtotal\";a:0:{}}'),(646,82,'_product_id','4754'),(647,82,'_variation_id','0'),(648,82,'_qty','1'),(649,82,'_tax_class','nulla-kulcs'),(650,82,'_line_subtotal','13000'),(651,82,'_line_subtotal_tax','0'),(652,82,'_line_total','13000'),(653,82,'_line_tax','0'),(654,82,'_line_tax_data','a:2:{s:5:\"total\";a:0:{}s:8:\"subtotal\";a:0:{}}'),(655,83,'_product_id','4754'),(656,83,'_variation_id','0'),(657,83,'_qty','1'),(658,83,'_tax_class','nulla-kulcs'),(659,83,'_line_subtotal','13000'),(660,83,'_line_subtotal_tax','0'),(661,83,'_line_total','13000'),(662,83,'_line_tax','0'),(663,83,'_line_tax_data','a:2:{s:5:\"total\";a:0:{}s:8:\"subtotal\";a:0:{}}'),(664,84,'_product_id','4754'),(665,84,'_variation_id','0'),(666,84,'_qty','1'),(667,84,'_tax_class','nulla-kulcs'),(668,84,'_line_subtotal','13000'),(669,84,'_line_subtotal_tax','0'),(670,84,'_line_total','13000'),(671,84,'_line_tax','0'),(672,84,'_line_tax_data','a:2:{s:5:\"total\";a:0:{}s:8:\"subtotal\";a:0:{}}'),(673,85,'_product_id','4754'),(674,85,'_variation_id','0'),(675,85,'_qty','1'),(676,85,'_tax_class','nulla-kulcs'),(677,85,'_line_subtotal','13000'),(678,85,'_line_subtotal_tax','0'),(679,85,'_line_total','13000'),(680,85,'_line_tax','0'),(681,85,'_line_tax_data','a:2:{s:5:\"total\";a:0:{}s:8:\"subtotal\";a:0:{}}'),(682,86,'_product_id','4754'),(683,86,'_variation_id','0'),(684,86,'_qty','1'),(685,86,'_tax_class','nulla-kulcs'),(686,86,'_line_subtotal','13000'),(687,86,'_line_subtotal_tax','0'),(688,86,'_line_total','13000'),(689,86,'_line_tax','0'),(690,86,'_line_tax_data','a:2:{s:5:\"total\";a:0:{}s:8:\"subtotal\";a:0:{}}'),(788,97,'_line_tax','0'),(787,97,'_line_total','13000'),(786,97,'_line_subtotal_tax','0'),(785,97,'_line_subtotal','13000'),(784,97,'_tax_class','nulla-kulcs'),(783,97,'_qty','1'),(781,97,'_product_id','4754'),(782,97,'_variation_id','0'),(700,88,'_product_id','4754'),(701,88,'_variation_id','0'),(702,88,'_qty','1'),(703,88,'_tax_class','nulla-kulcs'),(704,88,'_line_subtotal','13000'),(705,88,'_line_subtotal_tax','0'),(706,88,'_line_total','13000'),(707,88,'_line_tax','0'),(708,88,'_line_tax_data','a:2:{s:5:\"total\";a:0:{}s:8:\"subtotal\";a:0:{}}'),(709,89,'_product_id','4754'),(710,89,'_variation_id','0'),(711,89,'_qty','1'),(712,89,'_tax_class','nulla-kulcs'),(713,89,'_line_subtotal','13000'),(714,89,'_line_subtotal_tax','0'),(715,89,'_line_total','13000'),(716,89,'_line_tax','0'),(717,89,'_line_tax_data','a:2:{s:5:\"total\";a:0:{}s:8:\"subtotal\";a:0:{}}'),(718,90,'_product_id','4754'),(719,90,'_variation_id','0'),(720,90,'_qty','1'),(721,90,'_tax_class','nulla-kulcs'),(722,90,'_line_subtotal','13000'),(723,90,'_line_subtotal_tax','0'),(724,90,'_line_total','13000'),(725,90,'_line_tax','0'),(726,90,'_line_tax_data','a:2:{s:5:\"total\";a:0:{}s:8:\"subtotal\";a:0:{}}'),(727,91,'_product_id','4754'),(728,91,'_variation_id','0'),(729,91,'_qty','1'),(730,91,'_tax_class','nulla-kulcs'),(731,91,'_line_subtotal','13000'),(732,91,'_line_subtotal_tax','0'),(733,91,'_line_total','13000'),(734,91,'_line_tax','0'),(735,91,'_line_tax_data','a:2:{s:5:\"total\";a:0:{}s:8:\"subtotal\";a:0:{}}'),(736,92,'_product_id','4754'),(737,92,'_variation_id','0'),(738,92,'_qty','1'),(739,92,'_tax_class','nulla-kulcs'),(740,92,'_line_subtotal','13000'),(741,92,'_line_subtotal_tax','0'),(742,92,'_line_total','13000'),(743,92,'_line_tax','0'),(744,92,'_line_tax_data','a:2:{s:5:\"total\";a:0:{}s:8:\"subtotal\";a:0:{}}'),(745,93,'_product_id','4754'),(746,93,'_variation_id','0'),(747,93,'_qty','1'),(748,93,'_tax_class','nulla-kulcs'),(749,93,'_line_subtotal','13000'),(750,93,'_line_subtotal_tax','0'),(751,93,'_line_total','13000'),(752,93,'_line_tax','0'),(753,93,'_line_tax_data','a:2:{s:5:\"total\";a:0:{}s:8:\"subtotal\";a:0:{}}'),(754,94,'_product_id','4754'),(755,94,'_variation_id','0'),(756,94,'_qty','1'),(757,94,'_tax_class','nulla-kulcs'),(758,94,'_line_subtotal','13000'),(759,94,'_line_subtotal_tax','0'),(760,94,'_line_total','13000'),(761,94,'_line_tax','0'),(762,94,'_line_tax_data','a:2:{s:5:\"total\";a:0:{}s:8:\"subtotal\";a:0:{}}'),(763,95,'_product_id','4754'),(764,95,'_variation_id','0'),(765,95,'_qty','1'),(766,95,'_tax_class','nulla-kulcs'),(767,95,'_line_subtotal','13000'),(768,95,'_line_subtotal_tax','0'),(769,95,'_line_total','13000'),(770,95,'_line_tax','0'),(771,95,'_line_tax_data','a:2:{s:5:\"total\";a:0:{}s:8:\"subtotal\";a:0:{}}'),(1504,177,'_tax_class','nulla-kulcs'),(1505,177,'_line_subtotal','13000'),(1506,177,'_line_subtotal_tax','0'),(1507,177,'_line_total','13000'),(1508,177,'_line_tax','0'),(1509,177,'_line_tax_data','a:2:{s:5:\"total\";a:0:{}s:8:\"subtotal\";a:0:{}}'),(1510,178,'_product_id','4754'),(1511,178,'_variation_id','0'),(1512,178,'_qty','1'),(1513,178,'_tax_class','nulla-kulcs'),(1514,178,'_line_subtotal','13000'),(1515,178,'_line_subtotal_tax','0'),(1516,178,'_line_total','13000'),(1517,178,'_line_tax','0'),(1518,178,'_line_tax_data','a:2:{s:5:\"total\";a:0:{}s:8:\"subtotal\";a:0:{}}'),(1519,179,'_product_id','4754'),(1520,179,'_variation_id','0'),(1521,179,'_qty','1'),(1522,179,'_tax_class','nulla-kulcs'),(1523,179,'_line_subtotal','13000'),(1524,179,'_line_subtotal_tax','0'),(1525,179,'_line_total','13000'),(1526,179,'_line_tax','0'),(1527,179,'_line_tax_data','a:2:{s:5:\"total\";a:0:{}s:8:\"subtotal\";a:0:{}}'),(1528,180,'_product_id','4754'),(1529,180,'_variation_id','0'),(1530,180,'_qty','1'),(1531,180,'_tax_class','nulla-kulcs'),(1532,180,'_line_subtotal','0'),(1533,180,'_line_subtotal_tax','0'),(1534,180,'_line_total','0'),(1535,180,'_line_tax','0'),(1536,180,'_line_tax_data','a:2:{s:5:\"total\";a:0:{}s:8:\"subtotal\";a:0:{}}'),(1537,181,'_product_id','4754'),(1538,181,'_variation_id','0'),(1539,181,'_qty','1'),(1540,181,'_tax_class','nulla-kulcs'),(1541,181,'_line_subtotal','16000'),(1542,181,'_line_subtotal_tax','0'),(1543,181,'_line_total','16000'),(1544,181,'_line_tax','0'),(1545,181,'_line_tax_data','a:2:{s:5:\"total\";a:0:{}s:8:\"subtotal\";a:0:{}}'),(1546,182,'_product_id','4754'),(1547,182,'_variation_id','0'),(1548,182,'_qty','1'),(1549,182,'_tax_class','nulla-kulcs'),(1550,182,'_line_subtotal','13000'),(1551,182,'_line_subtotal_tax','0'),(1552,182,'_line_total','13000'),(1553,182,'_line_tax','0'),(1554,182,'_line_tax_data','a:2:{s:5:\"total\";a:0:{}s:8:\"subtotal\";a:0:{}}'),(1555,183,'_product_id','4754'),(1556,183,'_variation_id','0'),(1557,183,'_qty','1'),(1558,183,'_tax_class','nulla-kulcs'),(1559,183,'_line_subtotal','13000'),(1560,183,'_line_subtotal_tax','0'),(1561,183,'_line_total','13000'),(1562,183,'_line_tax','0'),(1563,183,'_line_tax_data','a:2:{s:5:\"total\";a:0:{}s:8:\"subtotal\";a:0:{}}'),(1564,184,'_product_id','4754'),(1565,184,'_variation_id','0'),(1566,184,'_qty','1'),(1567,184,'_tax_class','nulla-kulcs'),(1568,184,'_line_subtotal','13000'),(1569,184,'_line_subtotal_tax','0'),(1570,184,'_line_total','13000'),(1571,184,'_line_tax','0'),(1572,184,'_line_tax_data','a:2:{s:5:\"total\";a:0:{}s:8:\"subtotal\";a:0:{}}'),(1573,185,'_product_id','4754'),(1574,185,'_variation_id','0'),(1575,185,'_qty','1'),(1576,185,'_tax_class','nulla-kulcs'),(1577,185,'_line_subtotal','13000'),(1578,185,'_line_subtotal_tax','0'),(1579,185,'_line_total','13000'),(1580,185,'_line_tax','0'),(1581,185,'_line_tax_data','a:2:{s:5:\"total\";a:0:{}s:8:\"subtotal\";a:0:{}}'),(1582,186,'_product_id','4754'),(1583,186,'_variation_id','0'),(1584,186,'_qty','1'),(1585,186,'_tax_class','nulla-kulcs'),(1586,186,'_line_subtotal','0'),(1587,186,'_line_subtotal_tax','0'),(1588,186,'_line_total','0'),(1589,186,'_line_tax','0'),(1590,186,'_line_tax_data','a:2:{s:5:\"total\";a:0:{}s:8:\"subtotal\";a:0:{}}'),(1591,187,'_product_id','4754'),(1592,187,'_variation_id','0'),(1593,187,'_qty','1'),(1594,187,'_tax_class','nulla-kulcs'),(1595,187,'_line_subtotal','13000'),(1596,187,'_line_subtotal_tax','0'),(1597,187,'_line_total','13000'),(1598,187,'_line_tax','0'),(1599,187,'_line_tax_data','a:2:{s:5:\"total\";a:0:{}s:8:\"subtotal\";a:0:{}}'),(1600,188,'_product_id','4754'),(1601,188,'_variation_id','0'),(1602,188,'_qty','1'),(1603,188,'_tax_class','nulla-kulcs'),(1604,188,'_line_subtotal','13000'),(1605,188,'_line_subtotal_tax','0'),(1606,188,'_line_total','13000'),(1607,188,'_line_tax','0'),(1608,188,'_line_tax_data','a:2:{s:5:\"total\";a:0:{}s:8:\"subtotal\";a:0:{}}'),(1609,189,'_product_id','4754'),(1610,189,'_variation_id','0'),(1611,189,'_qty','1'),(1612,189,'_tax_class','nulla-kulcs'),(1613,189,'_line_subtotal','13000'),(1614,189,'_line_subtotal_tax','0'),(1615,189,'_line_total','13000'),(1616,189,'_line_tax','0'),(1617,189,'_line_tax_data','a:2:{s:5:\"total\";a:0:{}s:8:\"subtotal\";a:0:{}}'),(1618,190,'_product_id','4754'),(1619,190,'_variation_id','0'),(1620,190,'_qty','1'),(1621,190,'_tax_class','nulla-kulcs'),(1622,190,'_line_subtotal','13000'),(1623,190,'_line_subtotal_tax','0'),(1624,190,'_line_total','13000'),(1625,190,'_line_tax','0'),(1626,190,'_line_tax_data','a:2:{s:5:\"total\";a:0:{}s:8:\"subtotal\";a:0:{}}'),(1627,191,'_product_id','4754'),(1628,191,'_variation_id','0'),(1629,191,'_qty','1'),(1630,191,'_tax_class','nulla-kulcs'),(1631,191,'_line_subtotal','0'),(1632,191,'_line_subtotal_tax','0'),(1633,191,'_line_total','0'),(1634,191,'_line_tax','0'),(1635,191,'_line_tax_data','a:2:{s:5:\"total\";a:0:{}s:8:\"subtotal\";a:0:{}}'),(1636,192,'_product_id','4754'),(1637,192,'_variation_id','0'),(1638,192,'_qty','1'),(1639,192,'_tax_class','nulla-kulcs'),(1640,192,'_line_subtotal','0'),(1641,192,'_line_subtotal_tax','0'),(1642,192,'_line_total','0'),(1643,192,'_line_tax','0'),(1644,192,'_line_tax_data','a:2:{s:5:\"total\";a:0:{}s:8:\"subtotal\";a:0:{}}'),(1645,193,'_product_id','4754'),(1646,193,'_variation_id','0'),(1647,193,'_qty','1'),(1648,193,'_tax_class','nulla-kulcs'),(1649,193,'_line_subtotal','13000'),(1650,193,'_line_subtotal_tax','0'),(1651,193,'_line_total','13000'),(1652,193,'_line_tax','0'),(1653,193,'_line_tax_data','a:2:{s:5:\"total\";a:0:{}s:8:\"subtotal\";a:0:{}}'),(1654,194,'_product_id','4754'),(1655,194,'_variation_id','0'),(1656,194,'_qty','1'),(1657,194,'_tax_class','nulla-kulcs'),(1658,194,'_line_subtotal','0'),(1659,194,'_line_subtotal_tax','0'),(1660,194,'_line_total','0'),(1661,194,'_line_tax','0'),(1662,194,'_line_tax_data','a:2:{s:5:\"total\";a:0:{}s:8:\"subtotal\";a:0:{}}'),(1663,195,'_product_id','4754'),(1664,195,'_variation_id','0'),(1665,195,'_qty','1'),(1666,195,'_tax_class','nulla-kulcs'),(1667,195,'_line_subtotal','0'),(1668,195,'_line_subtotal_tax','0'),(1669,195,'_line_total','0'),(1670,195,'_line_tax','0'),(1671,195,'_line_tax_data','a:2:{s:5:\"total\";a:0:{}s:8:\"subtotal\";a:0:{}}'),(1672,196,'_product_id','4754'),(1673,196,'_variation_id','0'),(1674,196,'_qty','1'),(1675,196,'_tax_class','nulla-kulcs'),(1676,196,'_line_subtotal','13000'),(1677,196,'_line_subtotal_tax','0'),(1678,196,'_line_total','13000'),(1679,196,'_line_tax','0'),(1680,196,'_line_tax_data','a:2:{s:5:\"total\";a:0:{}s:8:\"subtotal\";a:0:{}}'),(1681,197,'_product_id','4754'),(1682,197,'_variation_id','0'),(1683,197,'_qty','1'),(1684,197,'_tax_class','nulla-kulcs'),(1685,197,'_line_subtotal','13000'),(1686,197,'_line_subtotal_tax','0'),(1687,197,'_line_total','13000'),(1688,197,'_line_tax','0'),(1689,197,'_line_tax_data','a:2:{s:5:\"total\";a:0:{}s:8:\"subtotal\";a:0:{}}'),(1690,198,'_product_id','4754'),(1691,198,'_variation_id','0'),(1692,198,'_qty','1'),(1693,198,'_tax_class','nulla-kulcs'),(1694,198,'_line_subtotal','12000'),(1695,198,'_line_subtotal_tax','0'),(1696,198,'_line_total','12000'),(1697,198,'_line_tax','0'),(1698,198,'_line_tax_data','a:2:{s:5:\"total\";a:0:{}s:8:\"subtotal\";a:0:{}}'),(1699,199,'_product_id','4754'),(1700,199,'_variation_id','0'),(1701,199,'_qty','1'),(1702,199,'_tax_class','nulla-kulcs'),(1703,199,'_line_subtotal','13000'),(1704,199,'_line_subtotal_tax','0'),(1705,199,'_line_total','13000'),(1706,199,'_line_tax','0'),(1707,199,'_line_tax_data','a:2:{s:5:\"total\";a:0:{}s:8:\"subtotal\";a:0:{}}'),(1708,200,'_product_id','4754'),(1709,200,'_variation_id','0'),(1710,200,'_qty','1'),(1711,200,'_tax_class','nulla-kulcs'),(1712,200,'_line_subtotal','13000'),(1713,200,'_line_subtotal_tax','0'),(1714,200,'_line_total','13000'),(1715,200,'_line_tax','0'),(1716,200,'_line_tax_data','a:2:{s:5:\"total\";a:0:{}s:8:\"subtotal\";a:0:{}}'),(1717,201,'_product_id','4754'),(1718,201,'_variation_id','0'),(1719,201,'_qty','1'),(1720,201,'_tax_class','nulla-kulcs'),(1721,201,'_line_subtotal','0'),(1722,201,'_line_subtotal_tax','0'),(1723,201,'_line_total','0'),(1724,201,'_line_tax','0'),(1725,201,'_line_tax_data','a:2:{s:5:\"total\";a:0:{}s:8:\"subtotal\";a:0:{}}'),(1726,202,'_product_id','4754'),(1727,202,'_variation_id','0'),(1728,202,'_qty','1'),(1729,202,'_tax_class','nulla-kulcs'),(1730,202,'_line_subtotal','0'),(1731,202,'_line_subtotal_tax','0'),(1732,202,'_line_total','0'),(1733,202,'_line_tax','0'),(1734,202,'_line_tax_data','a:2:{s:5:\"total\";a:0:{}s:8:\"subtotal\";a:0:{}}'),(1735,203,'_product_id','4754'),(1736,203,'_variation_id','0'),(1737,203,'_qty','1'),(1738,203,'_tax_class','nulla-kulcs'),(1739,203,'_line_subtotal','0'),(1740,203,'_line_subtotal_tax','0'),(1741,203,'_line_total','0'),(1742,203,'_line_tax','0'),(1743,203,'_line_tax_data','a:2:{s:5:\"total\";a:0:{}s:8:\"subtotal\";a:0:{}}'),(1744,204,'_product_id','4754'),(1745,204,'_variation_id','0'),(1746,204,'_qty','1'),(1747,204,'_tax_class','nulla-kulcs'),(1748,204,'_line_subtotal','0'),(1749,204,'_line_subtotal_tax','0'),(1750,204,'_line_total','0'),(1751,204,'_line_tax','0'),(1752,204,'_line_tax_data','a:2:{s:5:\"total\";a:0:{}s:8:\"subtotal\";a:0:{}}'),(1753,205,'_product_id','4754'),(1754,205,'_variation_id','0'),(1755,205,'_qty','1'),(1756,205,'_tax_class','nulla-kulcs'),(1757,205,'_line_subtotal','0'),(1758,205,'_line_subtotal_tax','0'),(1759,205,'_line_total','0'),(1760,205,'_line_tax','0'),(1761,205,'_line_tax_data','a:2:{s:5:\"total\";a:0:{}s:8:\"subtotal\";a:0:{}}'),(1762,206,'_product_id','4754'),(1763,206,'_variation_id','0'),(1764,206,'_qty','1'),(1765,206,'_tax_class','nulla-kulcs'),(1766,206,'_line_subtotal','0'),(1767,206,'_line_subtotal_tax','0'),(1768,206,'_line_total','0'),(1769,206,'_line_tax','0'),(1770,206,'_line_tax_data','a:2:{s:5:\"total\";a:0:{}s:8:\"subtotal\";a:0:{}}'),(1771,207,'_product_id','4754'),(1772,207,'_variation_id','0'),(1773,207,'_qty','1'),(1774,207,'_tax_class','nulla-kulcs'),(1775,207,'_line_subtotal','0'),(1776,207,'_line_subtotal_tax','0'),(1777,207,'_line_total','0'),(1778,207,'_line_tax','0'),(1779,207,'_line_tax_data','a:2:{s:5:\"total\";a:0:{}s:8:\"subtotal\";a:0:{}}'),(1780,208,'_product_id','4754'),(1781,208,'_variation_id','0'),(1782,208,'_qty','1'),(1783,208,'_tax_class','nulla-kulcs'),(1784,208,'_line_subtotal','13000'),(1785,208,'_line_subtotal_tax','0'),(1786,208,'_line_total','13000'),(1787,208,'_line_tax','0'),(1788,208,'_line_tax_data','a:2:{s:5:\"total\";a:0:{}s:8:\"subtotal\";a:0:{}}'),(1789,209,'_product_id','4754'),(1790,209,'_variation_id','0'),(1791,209,'_qty','1'),(1792,209,'_tax_class','nulla-kulcs'),(1793,209,'_line_subtotal','0'),(1794,209,'_line_subtotal_tax','0'),(1795,209,'_line_total','0'),(1796,209,'_line_tax','0'),(1797,209,'_line_tax_data','a:2:{s:5:\"total\";a:0:{}s:8:\"subtotal\";a:0:{}}'),(1798,210,'_product_id','4754'),(1799,210,'_variation_id','0'),(1800,210,'_qty','1'),(1801,210,'_tax_class','nulla-kulcs'),(1802,210,'_line_subtotal','13000'),(1803,210,'_line_subtotal_tax','0'),(1804,210,'_line_total','13000'),(1805,210,'_line_tax','0'),(1806,210,'_line_tax_data','a:2:{s:5:\"total\";a:0:{}s:8:\"subtotal\";a:0:{}}'),(1807,211,'_product_id','4754'),(1808,211,'_variation_id','0'),(1809,211,'_qty','1'),(1810,211,'_tax_class','nulla-kulcs'),(1811,211,'_line_subtotal','13000'),(1812,211,'_line_subtotal_tax','0'),(1813,211,'_line_total','13000'),(1814,211,'_line_tax','0'),(1815,211,'_line_tax_data','a:2:{s:5:\"total\";a:0:{}s:8:\"subtotal\";a:0:{}}'),(1816,212,'_product_id','4754'),(1817,212,'_variation_id','0'),(1818,212,'_qty','1'),(1819,212,'_tax_class','nulla-kulcs'),(1820,212,'_line_subtotal','13000'),(1821,212,'_line_subtotal_tax','0'),(1822,212,'_line_total','13000'),(1823,212,'_line_tax','0'),(1824,212,'_line_tax_data','a:2:{s:5:\"total\";a:0:{}s:8:\"subtotal\";a:0:{}}'),(1825,213,'_product_id','4754'),(1826,213,'_variation_id','0'),(1827,213,'_qty','1'),(1828,213,'_tax_class','nulla-kulcs'),(1829,213,'_line_subtotal','13000'),(1830,213,'_line_subtotal_tax','0'),(1831,213,'_line_total','13000'),(1832,213,'_line_tax','0'),(1833,213,'_line_tax_data','a:2:{s:5:\"total\";a:0:{}s:8:\"subtotal\";a:0:{}}'),(1834,214,'_product_id','4754'),(1835,214,'_variation_id','0'),(1836,214,'_qty','1'),(1837,214,'_tax_class','nulla-kulcs'),(1838,214,'_line_subtotal','13000'),(1839,214,'_line_subtotal_tax','0'),(1840,214,'_line_total','13000'),(1841,214,'_line_tax','0'),(1842,214,'_line_tax_data','a:2:{s:5:\"total\";a:0:{}s:8:\"subtotal\";a:0:{}}'),(1843,215,'_product_id','4754'),(1844,215,'_variation_id','0'),(1845,215,'_qty','1'),(1846,215,'_tax_class','nulla-kulcs'),(1847,215,'_line_subtotal','0'),(1848,215,'_line_subtotal_tax','0'),(1849,215,'_line_total','0'),(1850,215,'_line_tax','0'),(1851,215,'_line_tax_data','a:2:{s:5:\"total\";a:0:{}s:8:\"subtotal\";a:0:{}}');

-- Dumped table `wpkid_woocommerce_order_itemmeta` with 1206 row(s)
--

--
-- Table structure for table `wpkid_woocommerce_tax_rates`
--

CREATE TABLE `wpkid_woocommerce_tax_rates` (
  `tax_rate_id` bigint(20) unsigned NOT NULL AUTO_INCREMENT,
  `tax_rate_country` varchar(2) COLLATE utf8mb4_unicode_ci NOT NULL DEFAULT '',
  `tax_rate_state` varchar(200) COLLATE utf8mb4_unicode_ci NOT NULL DEFAULT '',
  `tax_rate` varchar(8) COLLATE utf8mb4_unicode_ci NOT NULL DEFAULT '',
  `tax_rate_name` varchar(200) COLLATE utf8mb4_unicode_ci NOT NULL DEFAULT '',
  `tax_rate_priority` bigint(20) unsigned NOT NULL,
  `tax_rate_compound` int(1) NOT NULL DEFAULT 0,
  `tax_rate_shipping` int(1) NOT NULL DEFAULT 1,
  `tax_rate_order` bigint(20) unsigned NOT NULL,
  `tax_rate_class` varchar(200) COLLATE utf8mb4_unicode_ci NOT NULL DEFAULT '',
  PRIMARY KEY (`tax_rate_id`),
  KEY `tax_rate_country` (`tax_rate_country`),
  KEY `tax_rate_state` (`tax_rate_state`(2)),
  KEY `tax_rate_class` (`tax_rate_class`(10)),
  KEY `tax_rate_priority` (`tax_rate_priority`)
) ENGINE=MyISAM AUTO_INCREMENT=4 DEFAULT CHARSET=utf8mb4 COLLATE=utf8mb4_unicode_ci;

--
-- Dumping data for table `wpkid_woocommerce_tax_rates`
--

INSERT INTO `wpkid_woocommerce_tax_rates` VALUES (3,'HU','','0.0000','Adómentes',1,0,0,0,'nulla-kulcs'),(2,'HU','','0.2700','ÁFA 27',1,0,0,0,'');

-- Dumped table `wpkid_woocommerce_tax_rates` with 2 row(s)
--

--
-- Table structure for table `wpkid_woocommerce_tax_rate_locations`
--

CREATE TABLE `wpkid_woocommerce_tax_rate_locations` (
  `location_id` bigint(20) unsigned NOT NULL AUTO_INCREMENT,
  `location_code` varchar(200) COLLATE utf8mb4_unicode_ci NOT NULL,
  `tax_rate_id` bigint(20) unsigned NOT NULL,
  `location_type` varchar(40) COLLATE utf8mb4_unicode_ci NOT NULL,
  PRIMARY KEY (`location_id`),
  KEY `tax_rate_id` (`tax_rate_id`),
  KEY `location_type_code` (`location_type`(10),`location_code`(20))
) ENGINE=MyISAM DEFAULT CHARSET=utf8mb4 COLLATE=utf8mb4_unicode_ci;

--
-- Dumping data for table `wpkid_woocommerce_tax_rate_locations`
--


-- Dumped table `wpkid_woocommerce_tax_rate_locations` with 0 row(s)
--

--
-- Table structure for table `wpkid_woocommerce_shipping_zones`
--

CREATE TABLE `wpkid_woocommerce_shipping_zones` (
  `zone_id` bigint(20) unsigned NOT NULL AUTO_INCREMENT,
  `zone_name` varchar(200) COLLATE utf8mb4_unicode_ci NOT NULL,
  `zone_order` bigint(20) unsigned NOT NULL,
  PRIMARY KEY (`zone_id`)
) ENGINE=MyISAM AUTO_INCREMENT=2 DEFAULT CHARSET=utf8mb4 COLLATE=utf8mb4_unicode_ci;

--
-- Dumping data for table `wpkid_woocommerce_shipping_zones`
--

INSERT INTO `wpkid_woocommerce_shipping_zones` VALUES (1,'Magyarország',0);

-- Dumped table `wpkid_woocommerce_shipping_zones` with 1 row(s)
--

--
-- Table structure for table `wpkid_woocommerce_shipping_zone_methods`
--

CREATE TABLE `wpkid_woocommerce_shipping_zone_methods` (
  `zone_id` bigint(20) unsigned NOT NULL,
  `instance_id` bigint(20) unsigned NOT NULL AUTO_INCREMENT,
  `method_id` varchar(200) COLLATE utf8mb4_unicode_ci NOT NULL,
  `method_order` bigint(20) unsigned NOT NULL,
  `is_enabled` tinyint(1) NOT NULL DEFAULT 1,
  PRIMARY KEY (`instance_id`)
) ENGINE=MyISAM AUTO_INCREMENT=2 DEFAULT CHARSET=utf8mb4 COLLATE=utf8mb4_unicode_ci;

--
-- Dumping data for table `wpkid_woocommerce_shipping_zone_methods`
--

INSERT INTO `wpkid_woocommerce_shipping_zone_methods` VALUES (1,1,'free_shipping',1,1);

-- Dumped table `wpkid_woocommerce_shipping_zone_methods` with 1 row(s)
--

--
-- Table structure for table `wpkid_woocommerce_payment_tokens`
--

CREATE TABLE `wpkid_woocommerce_payment_tokens` (
  `token_id` bigint(20) unsigned NOT NULL AUTO_INCREMENT,
  `gateway_id` varchar(200) COLLATE utf8mb4_unicode_ci NOT NULL,
  `token` text COLLATE utf8mb4_unicode_ci NOT NULL,
  `user_id` bigint(20) unsigned NOT NULL DEFAULT 0,
  `type` varchar(200) COLLATE utf8mb4_unicode_ci NOT NULL,
  `is_default` tinyint(1) NOT NULL DEFAULT 0,
  PRIMARY KEY (`token_id`),
  KEY `user_id` (`user_id`)
) ENGINE=MyISAM DEFAULT CHARSET=utf8mb4 COLLATE=utf8mb4_unicode_ci;

--
-- Dumping data for table `wpkid_woocommerce_payment_tokens`
--


-- Dumped table `wpkid_woocommerce_payment_tokens` with 0 row(s)
--

--
-- Table structure for table `wpkid_woocommerce_payment_tokenmeta`
--

CREATE TABLE `wpkid_woocommerce_payment_tokenmeta` (
  `meta_id` bigint(20) unsigned NOT NULL AUTO_INCREMENT,
  `payment_token_id` bigint(20) unsigned NOT NULL,
  `meta_key` varchar(255) COLLATE utf8mb4_unicode_ci DEFAULT NULL,
  `meta_value` longtext COLLATE utf8mb4_unicode_ci DEFAULT NULL,
  PRIMARY KEY (`meta_id`),
  KEY `payment_token_id` (`payment_token_id`),
  KEY `meta_key` (`meta_key`(32))
) ENGINE=MyISAM DEFAULT CHARSET=utf8mb4 COLLATE=utf8mb4_unicode_ci;

--
-- Dumping data for table `wpkid_woocommerce_payment_tokenmeta`
--


-- Dumped table `wpkid_woocommerce_payment_tokenmeta` with 0 row(s)
--

--
-- Table structure for table `wpkid_wc_webhooks`
--

CREATE TABLE `wpkid_wc_webhooks` (
  `webhook_id` bigint(20) unsigned NOT NULL AUTO_INCREMENT,
  `status` varchar(200) COLLATE utf8mb4_unicode_ci NOT NULL,
  `name` text COLLATE utf8mb4_unicode_ci NOT NULL,
  `user_id` bigint(20) unsigned NOT NULL,
  `delivery_url` text COLLATE utf8mb4_unicode_ci NOT NULL,
  `secret` text COLLATE utf8mb4_unicode_ci NOT NULL,
  `topic` varchar(200) COLLATE utf8mb4_unicode_ci NOT NULL,
  `date_created` datetime NOT NULL DEFAULT '0000-00-00 00:00:00',
  `date_created_gmt` datetime NOT NULL DEFAULT '0000-00-00 00:00:00',
  `date_modified` datetime NOT NULL DEFAULT '0000-00-00 00:00:00',
  `date_modified_gmt` datetime NOT NULL DEFAULT '0000-00-00 00:00:00',
  `api_version` smallint(4) NOT NULL,
  `failure_count` smallint(10) NOT NULL DEFAULT 0,
  `pending_delivery` tinyint(1) NOT NULL DEFAULT 0,
  PRIMARY KEY (`webhook_id`),
  KEY `user_id` (`user_id`)
) ENGINE=MyISAM AUTO_INCREMENT=2 DEFAULT CHARSET=utf8mb4 COLLATE=utf8mb4_unicode_ci;

--
-- Dumping data for table `wpkid_wc_webhooks`
--

INSERT INTO `wpkid_wc_webhooks` VALUES (1,'active','Order Created',1,'https://wh.automate.io/webhook/612f96f332a12573eac11e1a','automate.io','order.created','2021-09-01 17:06:41','2021-09-01 15:06:41','2022-01-25 21:11:50','2022-01-25 20:11:50',2,0,0);

-- Dumped table `wpkid_wc_webhooks` with 1 row(s)
--

--
-- Table structure for table `wpkid_wpr_rucss_used_css`
--

CREATE TABLE `wpkid_wpr_rucss_used_css` (
  `id` bigint(20) unsigned NOT NULL AUTO_INCREMENT,
  `url` varchar(2000) COLLATE utf8mb4_unicode_ci NOT NULL DEFAULT '',
  `css` longtext COLLATE utf8mb4_unicode_ci DEFAULT NULL,
  `unprocessedcss` longtext COLLATE utf8mb4_unicode_ci NOT NULL,
  `retries` tinyint(1) NOT NULL DEFAULT 1,
  `is_mobile` tinyint(1) NOT NULL DEFAULT 0,
  `modified` timestamp NOT NULL DEFAULT '0000-00-00 00:00:00',
  `last_accessed` timestamp NOT NULL DEFAULT '0000-00-00 00:00:00',
  PRIMARY KEY (`id`),
  KEY `url` (`url`(150),`is_mobile`),
  KEY `modified` (`modified`),
  KEY `last_accessed` (`last_accessed`)
) ENGINE=MyISAM DEFAULT CHARSET=utf8mb4 COLLATE=utf8mb4_unicode_ci;

--
-- Dumping data for table `wpkid_wpr_rucss_used_css`
--


-- Dumped table `wpkid_wpr_rucss_used_css` with 0 row(s)
--

--
-- Table structure for table `wpkid_amelia_extras`
--

CREATE TABLE `wpkid_amelia_extras` (
  `id` int(11) NOT NULL AUTO_INCREMENT,
  `name` varchar(255) NOT NULL DEFAULT '',
  `description` text DEFAULT NULL,
  `price` double NOT NULL,
  `maxQuantity` int(11) NOT NULL,
  `duration` int(11) DEFAULT NULL,
  `serviceId` int(11) NOT NULL,
  `position` int(11) NOT NULL,
  `aggregatedPrice` tinyint(1) DEFAULT NULL,
  `translations` text DEFAULT NULL,
  PRIMARY KEY (`id`)
) ENGINE=MyISAM AUTO_INCREMENT=3 DEFAULT CHARSET=utf8;

--
-- Dumping data for table `wpkid_amelia_extras`
--


-- Dumped table `wpkid_amelia_extras` with 0 row(s)
--

--
-- Table structure for table `wpkid_wc_product_meta_lookup`
--

CREATE TABLE `wpkid_wc_product_meta_lookup` (
  `product_id` bigint(20) NOT NULL,
  `sku` varchar(100) COLLATE utf8mb4_unicode_ci DEFAULT '',
  `virtual` tinyint(1) DEFAULT 0,
  `downloadable` tinyint(1) DEFAULT 0,
  `min_price` decimal(19,4) DEFAULT NULL,
  `max_price` decimal(19,4) DEFAULT NULL,
  `onsale` tinyint(1) DEFAULT 0,
  `stock_quantity` double DEFAULT NULL,
  `stock_status` varchar(100) COLLATE utf8mb4_unicode_ci DEFAULT 'instock',
  `rating_count` bigint(20) DEFAULT 0,
  `average_rating` decimal(3,2) DEFAULT 0.00,
  `total_sales` bigint(20) DEFAULT 0,
  `tax_status` varchar(100) COLLATE utf8mb4_unicode_ci DEFAULT 'taxable',
  `tax_class` varchar(100) COLLATE utf8mb4_unicode_ci DEFAULT '',
  PRIMARY KEY (`product_id`),
  KEY `virtual` (`virtual`),
  KEY `downloadable` (`downloadable`),
  KEY `stock_status` (`stock_status`),
  KEY `stock_quantity` (`stock_quantity`),
  KEY `onsale` (`onsale`),
  KEY `min_max_price` (`min_price`,`max_price`)
) ENGINE=MyISAM DEFAULT CHARSET=utf8mb4 COLLATE=utf8mb4_unicode_ci;

--
-- Dumping data for table `wpkid_wc_product_meta_lookup`
--

INSERT INTO `wpkid_wc_product_meta_lookup` VALUES (4753,'',1,0,0.0000,0.0000,0,NULL,'instock',0,0.00,0,'none','nulla-kulcs'),(4754,'',1,0,100.0000,100.0000,0,NULL,'instock',0,0.00,148,'none','nulla-kulcs');

-- Dumped table `wpkid_wc_product_meta_lookup` with 2 row(s)
--

--
-- Table structure for table `wpkid_wc_tax_rate_classes`
--

CREATE TABLE `wpkid_wc_tax_rate_classes` (
  `tax_rate_class_id` bigint(20) unsigned NOT NULL AUTO_INCREMENT,
  `name` varchar(200) COLLATE utf8mb4_unicode_ci NOT NULL DEFAULT '',
  `slug` varchar(200) COLLATE utf8mb4_unicode_ci NOT NULL DEFAULT '',
  PRIMARY KEY (`tax_rate_class_id`),
  UNIQUE KEY `slug` (`slug`(191))
) ENGINE=MyISAM AUTO_INCREMENT=3 DEFAULT CHARSET=utf8mb4 COLLATE=utf8mb4_unicode_ci;

--
-- Dumping data for table `wpkid_wc_tax_rate_classes`
--

INSERT INTO `wpkid_wc_tax_rate_classes` VALUES (1,'Kedvezményes adókulcs','kedvezmenyes-adokulcs'),(2,'Nulla kulcs','nulla-kulcs');

-- Dumped table `wpkid_wc_tax_rate_classes` with 2 row(s)
--

--
-- Table structure for table `wpkid_wc_reserved_stock`
--

CREATE TABLE `wpkid_wc_reserved_stock` (
  `order_id` bigint(20) NOT NULL,
  `product_id` bigint(20) NOT NULL,
  `stock_quantity` double NOT NULL DEFAULT 0,
  `timestamp` datetime NOT NULL DEFAULT '0000-00-00 00:00:00',
  `expires` datetime NOT NULL DEFAULT '0000-00-00 00:00:00',
  PRIMARY KEY (`order_id`,`product_id`)
) ENGINE=MyISAM DEFAULT CHARSET=utf8mb4 COLLATE=utf8mb4_unicode_ci;

--
-- Dumping data for table `wpkid_wc_reserved_stock`
--


-- Dumped table `wpkid_wc_reserved_stock` with 0 row(s)
--

--
-- Table structure for table `wpkid_amelia_providers_to_outlook_calendar`
--

CREATE TABLE `wpkid_amelia_providers_to_outlook_calendar` (
  `id` int(11) NOT NULL AUTO_INCREMENT,
  `userId` int(11) NOT NULL,
  `token` text NOT NULL,
  `calendarId` text DEFAULT NULL,
  PRIMARY KEY (`id`),
  UNIQUE KEY `id` (`id`)
) ENGINE=MyISAM DEFAULT CHARSET=utf8;

--
-- Dumping data for table `wpkid_amelia_providers_to_outlook_calendar`
--


-- Dumped table `wpkid_amelia_providers_to_outlook_calendar` with 0 row(s)
--

--
-- Table structure for table `wpkid_amelia_providers_to_services`
--

CREATE TABLE `wpkid_amelia_providers_to_services` (
  `id` int(11) NOT NULL AUTO_INCREMENT,
  `userId` int(11) NOT NULL,
  `serviceId` int(11) NOT NULL,
  `price` double NOT NULL,
  `minCapacity` int(11) NOT NULL,
  `maxCapacity` int(11) NOT NULL,
  PRIMARY KEY (`id`),
  UNIQUE KEY `id` (`id`)
) ENGINE=MyISAM AUTO_INCREMENT=134 DEFAULT CHARSET=utf8;

--
-- Dumping data for table `wpkid_amelia_providers_to_services`
--

INSERT INTO `wpkid_amelia_providers_to_services` VALUES (1,1,1,13000,1,1),(2,3,1,13000,1,1),(3,4,1,13000,1,1),(4,1,2,13000,1,1),(5,3,2,13000,1,1),(6,4,2,13000,1,1),(7,1,3,13000,1,1),(8,3,3,13000,1,1),(9,4,3,13000,1,1),(10,1,4,13000,1,1),(11,3,4,13000,1,1),(12,4,4,13000,1,1),(13,6,5,12000,1,1),(45,1,19,5000,1,10),(58,1,28,13000,1,1),(16,3,7,12000,1,5),(57,3,27,75000,1,1),(55,3,26,75000,1,1),(64,1,27,75000,1,1),(54,1,26,75000,1,1),(21,3,10,0,1,1),(22,3,11,75000,1,1),(23,3,12,6000,1,10),(29,1,14,13000,1,1),(28,1,13,6000,1,10),(30,3,14,13000,1,1),(31,4,14,13000,1,1),(32,1,15,13000,1,1),(33,3,15,13000,1,1),(34,4,15,13000,1,1),(35,1,16,13000,1,1),(36,3,16,13000,1,1),(93,5,16,13000,1,1),(38,1,11,75000,1,1),(39,1,17,0,1,1),(40,3,17,0,1,1),(41,1,10,0,1,1),(42,1,18,0,1,1),(43,3,18,0,1,1),(46,1,20,0,1,1),(47,3,20,0,1,1),(48,1,21,0,1,1),(49,3,21,0,1,1),(50,5,22,4900,1,1),(51,7,23,4900,1,10),(52,7,24,6500,1,10),(53,5,25,6500,1,1),(59,3,28,13000,1,1),(63,3,30,75000,1,1),(62,1,30,75000,1,1),(79,5,1,13000,1,1),(66,19,1,13000,1,1),(67,19,2,13000,1,1),(68,19,15,13000,1,1),(69,19,3,13000,1,1),(70,19,16,13000,1,1),(71,19,4,13000,1,1),(72,19,14,13000,1,1),(73,1,31,0,1,1),(74,3,31,0,1,1),(75,6,31,0,1,1),(76,19,31,0,1,1),(77,27,5,12000,1,1),(78,27,6,12000,1,5),(80,5,2,13000,1,1),(81,5,15,13000,1,1),(82,6,32,16000,1,1),(83,27,32,16000,1,1),(84,6,33,19000,1,1),(85,27,33,19000,1,1),(86,3,34,7000,1,1),(87,3,35,4500,1,1),(95,3,38,13000,1,1),(89,3,36,13000,1,1),(94,1,38,13000,1,1),(92,3,37,13000,1,1),(96,1,39,13000,1,1),(97,3,39,13000,1,1),(98,1,40,13000,1,1),(99,3,40,13000,1,1),(100,1,41,13000,1,1),(101,3,41,13000,1,1),(102,1,42,26000,1,1),(103,3,42,26000,1,1),(104,3,43,5000,1,7),(105,3,44,7500,1,7),(106,3,45,3000,1,1),(107,3,46,3000,1,1),(108,1,47,18000,1,1),(109,4,47,18000,1,1),(110,1,48,18000,1,1),(111,4,48,18000,1,1),(112,1,49,0,1,1),(113,3,49,0,1,1),(114,5,49,0,1,1),(115,6,49,0,1,1),(116,7,49,0,1,1),(117,19,49,0,1,1),(118,27,49,0,1,1),(119,1,50,13000,1,1),(120,3,50,13000,1,1),(121,4,50,13000,1,1),(122,19,50,13000,1,1),(123,1,51,13000,1,1),(124,3,51,13000,1,1),(125,4,51,13000,1,1),(126,19,51,13000,1,1),(127,1,52,0,1,1),(128,3,52,0,1,1),(129,6,52,0,1,1),(130,19,52,0,1,1),(132,53,53,10000,1,1),(133,53,54,10000,1,1);

-- Dumped table `wpkid_amelia_providers_to_services` with 113 row(s)
--

--
-- Table structure for table `wpkid_wc_order_product_lookup`
--

CREATE TABLE `wpkid_wc_order_product_lookup` (
  `order_item_id` bigint(20) unsigned NOT NULL,
  `order_id` bigint(20) unsigned NOT NULL,
  `product_id` bigint(20) unsigned NOT NULL,
  `variation_id` bigint(20) unsigned NOT NULL,
  `customer_id` bigint(20) unsigned DEFAULT NULL,
  `date_created` datetime NOT NULL DEFAULT '0000-00-00 00:00:00',
  `product_qty` int(11) NOT NULL,
  `product_net_revenue` double NOT NULL DEFAULT 0,
  `product_gross_revenue` double NOT NULL DEFAULT 0,
  `coupon_amount` double NOT NULL DEFAULT 0,
  `tax_amount` double NOT NULL DEFAULT 0,
  `shipping_amount` double NOT NULL DEFAULT 0,
  `shipping_tax_amount` double NOT NULL DEFAULT 0,
  PRIMARY KEY (`order_item_id`),
  KEY `order_id` (`order_id`),
  KEY `product_id` (`product_id`),
  KEY `customer_id` (`customer_id`),
  KEY `date_created` (`date_created`)
) ENGINE=MyISAM DEFAULT CHARSET=utf8mb4 COLLATE=utf8mb4_unicode_ci;

--
-- Dumping data for table `wpkid_wc_order_product_lookup`
--

INSERT INTO `wpkid_wc_order_product_lookup` VALUES (96,5105,4754,0,17,'2021-10-08 13:00:46',1,13000,13000,0,0,0,0),(98,5156,4754,0,18,'2021-10-14 23:39:22',1,14000,14000,0,0,0,0),(99,5157,4754,0,19,'2021-10-15 06:58:54',1,13000,13000,0,0,0,0),(100,5158,4754,0,20,'2021-10-15 08:47:24',1,0,0,0,0,0,0),(101,5186,4754,0,21,'2021-10-23 12:31:26',1,13000,13000,0,0,0,0),(102,5187,4754,0,22,'2021-10-26 14:55:42',1,75000,75000,0,0,0,0),(103,5191,4754,0,13,'2021-10-30 20:16:27',1,13000,13000,0,0,0,0),(104,5194,4754,0,13,'2021-11-06 01:29:52',1,13000,13000,0,0,0,0),(105,5195,4754,0,19,'2021-11-09 08:52:24',1,13000,13000,0,0,0,0),(106,5196,4754,0,23,'2021-11-09 14:05:55',1,13000,13000,0,0,0,0),(107,5210,4754,0,24,'2021-11-15 16:23:39',1,75000,75000,0,0,0,0),(108,5217,4754,0,25,'2021-11-16 17:49:19',1,13000,13000,0,0,0,0),(109,5218,4754,0,25,'2021-11-16 18:13:53',1,13000,13000,0,0,0,0),(111,5220,4754,0,20,'2021-11-16 18:32:38',1,0,0,0,0,0,0),(110,5219,4754,0,20,'2021-11-16 18:31:28',1,0,0,0,0,0,0),(112,5221,4754,0,20,'2021-11-16 18:33:18',1,0,0,0,0,0,0),(113,5222,4754,0,20,'2021-11-16 18:34:05',1,0,0,0,0,0,0),(114,5223,4754,0,20,'2021-11-16 18:35:49',1,0,0,0,0,0,0),(115,5224,4754,0,20,'2021-11-16 18:37:58',1,0,0,0,0,0,0),(116,5225,4754,0,20,'2021-11-16 18:38:43',1,0,0,0,0,0,0),(117,5226,4754,0,20,'2021-11-16 18:41:18',1,0,0,0,0,0,0),(118,5227,4754,0,23,'2021-11-17 09:37:20',1,13000,13000,0,0,0,0),(119,5233,4754,0,19,'2021-11-23 12:42:36',1,13000,13000,0,0,0,0),(120,5234,4754,0,19,'2021-11-23 11:48:36',1,13000,13000,0,0,0,0),(121,5235,4754,0,26,'2021-11-24 16:33:52',1,13000,13000,0,0,0,0),(122,5236,4754,0,27,'2021-11-25 11:51:02',1,13000,13000,0,0,0,0),(123,5261,4754,0,20,'2021-11-29 20:47:48',1,0,0,0,0,0,0),(124,5262,4754,0,20,'2021-11-29 21:49:25',1,0,0,0,0,0,0),(125,5263,4754,0,20,'2021-11-29 20:50:36',1,0,0,0,0,0,0),(126,5264,4754,0,20,'2021-11-29 20:52:02',1,0,0,0,0,0,0),(127,5265,4754,0,20,'2021-11-29 20:53:13',1,0,0,0,0,0,0),(128,5266,4754,0,20,'2021-11-29 20:55:44',1,0,0,0,0,0,0),(129,5267,4754,0,20,'2021-11-29 20:56:21',1,0,0,0,0,0,0),(130,5268,4754,0,20,'2021-11-29 20:57:21',1,0,0,0,0,0,0),(131,5269,4754,0,20,'2021-11-29 20:57:53',1,0,0,0,0,0,0),(132,5270,4754,0,20,'2021-11-29 21:01:54',1,0,0,0,0,0,0),(133,5271,4754,0,20,'2021-11-29 21:02:32',1,0,0,0,0,0,0),(134,5279,4754,0,25,'2021-11-29 23:15:32',1,13000,13000,0,0,0,0),(135,5285,4754,0,25,'2021-11-30 11:59:04',1,13000,13000,0,0,0,0),(136,5449,4754,0,20,'2021-12-02 08:53:00',1,0,0,0,0,0,0),(137,5450,4754,0,20,'2021-12-02 08:53:26',1,0,0,0,0,0,0),(138,5451,4754,0,20,'2021-12-02 08:54:03',1,0,0,0,0,0,0),(139,5590,4754,0,27,'2021-12-02 15:00:52',1,13000,13000,0,0,0,0),(140,5591,4754,0,13,'2021-12-02 16:41:44',1,13000,13000,0,0,0,0),(141,5592,4754,0,28,'2021-12-02 17:31:27',1,13000,13000,0,0,0,0),(142,5593,4754,0,23,'2021-12-03 09:22:04',1,13000,13000,0,0,0,0),(143,5598,4754,0,19,'2021-12-03 19:09:40',1,13000,13000,0,0,0,0),(144,5608,4754,0,27,'2021-12-06 08:22:03',1,13000,13000,0,0,0,0),(145,5609,4754,0,20,'2021-12-06 09:40:06',1,0,0,0,0,0,0),(81,4944,4754,0,11,'2021-09-02 15:40:29',1,13000,13000,0,0,0,0),(82,4945,4754,0,12,'2021-09-02 17:17:50',1,13000,13000,0,0,0,0),(83,4946,4754,0,11,'2021-09-03 09:24:37',1,13000,13000,0,0,0,0),(84,4947,4754,0,11,'2021-09-03 09:33:31',1,13000,13000,0,0,0,0),(85,4948,4754,0,11,'2021-09-03 09:39:48',1,13000,13000,0,0,0,0),(86,4984,4754,0,13,'2021-09-06 15:59:32',1,13000,13000,0,0,0,0),(97,5111,4754,0,13,'2021-10-11 13:30:36',1,13000,13000,0,0,0,0),(88,5008,4754,0,1,'2021-09-08 14:34:34',1,13000,13000,0,0,0,0),(89,5009,4754,0,1,'2021-09-08 14:36:11',1,13000,13000,0,0,0,0),(90,5010,4754,0,1,'2021-09-09 14:13:41',1,13000,13000,0,0,0,0),(91,5011,4754,0,13,'2021-09-09 14:39:46',1,13000,13000,0,0,0,0),(92,5013,4754,0,13,'2021-09-16 14:22:42',1,13000,13000,0,0,0,0),(93,5045,4754,0,15,'2021-09-23 08:37:27',1,13000,13000,0,0,0,0),(94,5101,4754,0,16,'2021-09-30 08:54:30',1,13000,13000,0,0,0,0),(95,5102,4754,0,13,'2021-09-30 11:52:33',1,13000,13000,0,0,0,0),(146,5610,4754,0,20,'2021-12-06 09:40:43',1,0,0,0,0,0,0),(147,5611,4754,0,29,'2021-12-07 14:05:45',1,13000,13000,0,0,0,0),(148,5667,4754,0,30,'2021-12-08 12:07:42',1,13000,13000,0,0,0,0),(149,5668,4754,0,31,'2021-12-09 08:00:35',1,13000,13000,0,0,0,0),(150,5680,4754,0,19,'2021-12-13 06:56:22',1,13000,13000,0,0,0,0),(151,5681,4754,0,25,'2021-12-14 22:30:52',1,13000,13000,0,0,0,0),(152,5710,4754,0,30,'2021-12-17 13:16:42',1,13000,13000,0,0,0,0),(153,5711,4754,0,32,'2021-12-17 14:24:48',1,13000,13000,0,0,0,0),(154,5712,4754,0,31,'2021-12-18 09:18:57',1,13000,13000,0,0,0,0),(155,5713,4754,0,33,'2021-12-21 15:11:50',1,13000,13000,0,0,0,0),(156,5714,4754,0,30,'2021-12-22 17:41:39',1,13000,13000,0,0,0,0),(157,5715,4754,0,33,'2021-12-26 15:29:30',1,13000,13000,0,0,0,0),(158,5717,4754,0,32,'2021-12-28 23:14:48',1,13000,13000,0,0,0,0),(159,5718,4754,0,19,'2021-12-31 02:14:22',1,13000,13000,0,0,0,0),(160,5719,4754,0,13,'2021-12-31 15:56:37',1,13000,13000,0,0,0,0),(161,5720,4754,0,34,'2022-01-03 13:20:42',1,13000,13000,0,0,0,0),(162,5721,4754,0,25,'2022-01-03 17:37:04',1,13000,13000,0,0,0,0),(163,5722,4754,0,25,'2022-01-03 17:40:56',1,13000,13000,0,0,0,0),(164,5723,4754,0,25,'2022-01-03 17:44:29',1,13000,13000,0,0,0,0),(165,5724,4754,0,27,'2022-01-03 19:23:13',1,13000,13000,0,0,0,0),(166,5725,4754,0,19,'2022-01-03 20:57:47',1,13000,13000,0,0,0,0),(167,5726,4754,0,19,'2022-01-03 21:03:46',1,13000,13000,0,0,0,0),(168,5728,4754,0,30,'2022-01-06 11:36:44',1,13000,13000,0,0,0,0),(169,5730,4754,0,31,'2022-01-06 20:10:32',1,13000,13000,0,0,0,0),(170,5731,4754,0,35,'2022-01-06 21:30:52',1,13000,13000,0,0,0,0),(172,5733,4754,0,16,'2022-01-07 12:14:11',1,13000,13000,0,0,0,0),(171,5732,4754,0,16,'2022-01-07 12:14:10',1,13000,13000,0,0,0,0),(173,5734,4754,0,33,'2022-01-07 12:47:29',1,13000,13000,0,0,0,0),(174,5735,4754,0,36,'2022-01-07 14:47:42',1,13000,13000,0,0,0,0),(175,5736,4754,0,1,'2022-01-07 17:41:08',1,0,0,0,0,0,0),(176,5737,4754,0,37,'2022-01-07 17:43:10',1,13000,13000,0,0,0,0),(177,5738,4754,0,31,'2022-01-07 18:37:07',1,13000,13000,0,0,0,0),(178,5739,4754,0,23,'2022-01-09 11:41:28',1,13000,13000,0,0,0,0),(179,5741,4754,0,38,'2022-01-10 12:54:19',1,13000,13000,0,0,0,0),(180,5748,4754,0,1,'2022-01-10 18:25:27',1,0,0,0,0,0,0),(181,5749,4754,0,39,'2022-01-10 19:19:40',1,16000,16000,0,0,0,0),(182,5750,4754,0,34,'2022-01-12 15:16:10',1,13000,13000,0,0,0,0),(183,5778,4754,0,35,'2022-01-15 15:32:26',1,13000,13000,0,0,0,0),(184,5779,4754,0,40,'2022-01-15 23:37:40',1,13000,13000,0,0,0,0),(185,5780,4754,0,32,'2022-01-16 16:30:44',1,13000,13000,0,0,0,0),(186,5781,4754,0,20,'2022-01-16 21:39:37',1,0,0,0,0,0,0),(187,5782,4754,0,13,'2022-01-16 22:19:26',1,13000,13000,0,0,0,0),(188,5783,4754,0,13,'2022-01-16 22:23:39',1,13000,13000,0,0,0,0),(189,5784,4754,0,41,'2022-01-18 07:48:18',1,13000,13000,0,0,0,0),(190,5785,4754,0,30,'2022-01-18 11:35:23',1,13000,13000,0,0,0,0),(191,5790,4754,0,20,'2022-01-19 12:01:26',1,0,0,0,0,0,0),(192,5791,4754,0,20,'2022-01-19 12:02:15',1,0,0,0,0,0,0),(193,5792,4754,0,42,'2022-01-19 12:04:45',1,13000,13000,0,0,0,0),(194,5793,4754,0,20,'2022-01-19 12:05:22',1,0,0,0,0,0,0),(195,5794,4754,0,20,'2022-01-19 12:06:28',1,0,0,0,0,0,0),(196,5795,4754,0,37,'2022-01-20 13:03:59',1,13000,13000,0,0,0,0),(197,5796,4754,0,43,'2022-01-20 19:24:13',1,13000,13000,0,0,0,0),(198,5797,4754,0,37,'2022-01-22 21:20:55',1,12000,12000,0,0,0,0),(199,5798,4754,0,44,'2022-01-23 18:14:36',1,13000,13000,0,0,0,0),(200,5815,4754,0,19,'2022-01-24 01:48:55',1,13000,13000,0,0,0,0),(201,5816,4754,0,20,'2022-01-24 12:54:56',1,0,0,0,0,0,0),(202,5817,4754,0,20,'2022-01-24 13:00:30',1,0,0,0,0,0,0),(203,5818,4754,0,20,'2022-01-24 13:02:08',1,0,0,0,0,0,0),(204,5819,4754,0,20,'2022-01-24 13:02:39',1,0,0,0,0,0,0),(205,5820,4754,0,20,'2022-01-24 13:03:54',1,0,0,0,0,0,0),(206,5821,4754,0,20,'2022-01-24 13:04:40',1,0,0,0,0,0,0),(207,5822,4754,0,20,'2022-01-24 13:05:35',1,0,0,0,0,0,0),(208,5823,4754,0,45,'2022-01-24 13:17:02',1,13000,13000,0,0,0,0),(209,5824,4754,0,20,'2022-01-24 15:41:03',1,0,0,0,0,0,0),(210,5825,4754,0,46,'2022-01-24 21:08:19',1,13000,13000,0,0,0,0),(211,5833,4754,0,25,'2022-01-25 10:18:57',1,13000,13000,0,0,0,0),(212,5834,4754,0,25,'2022-01-25 10:21:06',1,13000,13000,0,0,0,0),(213,5835,4754,0,25,'2022-01-25 10:23:14',1,13000,13000,0,0,0,0),(214,5836,4754,0,25,'2022-01-25 10:25:14',1,13000,13000,0,0,0,0),(215,5839,4754,0,20,'2022-01-25 21:11:32',1,0,0,0,0,0,0);

-- Dumped table `wpkid_wc_order_product_lookup` with 134 row(s)
--

--
-- Table structure for table `wpkid_wc_order_tax_lookup`
--

CREATE TABLE `wpkid_wc_order_tax_lookup` (
  `order_id` bigint(20) unsigned NOT NULL,
  `tax_rate_id` bigint(20) unsigned NOT NULL,
  `date_created` datetime NOT NULL DEFAULT '0000-00-00 00:00:00',
  `shipping_tax` double NOT NULL DEFAULT 0,
  `order_tax` double NOT NULL DEFAULT 0,
  `total_tax` double NOT NULL DEFAULT 0,
  PRIMARY KEY (`order_id`,`tax_rate_id`),
  KEY `tax_rate_id` (`tax_rate_id`),
  KEY `date_created` (`date_created`)
) ENGINE=MyISAM DEFAULT CHARSET=utf8mb4 COLLATE=utf8mb4_unicode_ci;

--
-- Dumping data for table `wpkid_wc_order_tax_lookup`
--


-- Dumped table `wpkid_wc_order_tax_lookup` with 0 row(s)
--

--
-- Table structure for table `wpkid_wc_order_coupon_lookup`
--

CREATE TABLE `wpkid_wc_order_coupon_lookup` (
  `order_id` bigint(20) unsigned NOT NULL,
  `coupon_id` bigint(20) NOT NULL,
  `date_created` datetime NOT NULL DEFAULT '0000-00-00 00:00:00',
  `discount_amount` double NOT NULL DEFAULT 0,
  PRIMARY KEY (`order_id`,`coupon_id`),
  KEY `coupon_id` (`coupon_id`),
  KEY `date_created` (`date_created`)
) ENGINE=MyISAM DEFAULT CHARSET=utf8mb4 COLLATE=utf8mb4_unicode_ci;

--
-- Dumping data for table `wpkid_wc_order_coupon_lookup`
--


-- Dumped table `wpkid_wc_order_coupon_lookup` with 0 row(s)
--

--
-- Table structure for table `wpkid_wc_admin_notes`
--

CREATE TABLE `wpkid_wc_admin_notes` (
  `note_id` bigint(20) unsigned NOT NULL AUTO_INCREMENT,
  `name` varchar(255) COLLATE utf8mb4_unicode_ci NOT NULL,
  `type` varchar(20) COLLATE utf8mb4_unicode_ci NOT NULL,
  `locale` varchar(20) COLLATE utf8mb4_unicode_ci NOT NULL,
  `title` longtext COLLATE utf8mb4_unicode_ci NOT NULL,
  `content` longtext COLLATE utf8mb4_unicode_ci NOT NULL,
  `content_data` longtext COLLATE utf8mb4_unicode_ci DEFAULT NULL,
  `status` varchar(200) COLLATE utf8mb4_unicode_ci NOT NULL,
  `source` varchar(200) COLLATE utf8mb4_unicode_ci NOT NULL,
  `date_created` datetime NOT NULL DEFAULT '0000-00-00 00:00:00',
  `date_reminder` datetime DEFAULT NULL,
  `is_snoozable` tinyint(1) NOT NULL DEFAULT 0,
  `layout` varchar(20) COLLATE utf8mb4_unicode_ci NOT NULL DEFAULT '',
  `image` varchar(200) COLLATE utf8mb4_unicode_ci DEFAULT NULL,
  `is_deleted` tinyint(1) NOT NULL DEFAULT 0,
  `icon` varchar(200) COLLATE utf8mb4_unicode_ci NOT NULL DEFAULT 'info',
  PRIMARY KEY (`note_id`)
) ENGINE=MyISAM AUTO_INCREMENT=42 DEFAULT CHARSET=utf8mb4 COLLATE=utf8mb4_unicode_ci;

--
-- Dumping data for table `wpkid_wc_admin_notes`
--

INSERT INTO `wpkid_wc_admin_notes` VALUES (1,'wayflyer_q3_2021','marketing','en_US','Grow your revenue with Wayflyer financing and analytics','Flexible financing tailored to your needs by <a href=\"https://woocommerce.com/products/wayflyer/\">Wayflyer</a> – one fee, no interest rates, penalties, equity, or personal guarantees. Based on your store\'s performance, Wayflyer can provide the financing you need to grow and the analytical insights to help you spend it.','{}','pending','woocommerce.com','2021-08-20 09:41:48',NULL,0,'plain','',0,'info'),(2,'eu_vat_changes_2021','marketing','en_US','Get your business ready for the new EU tax regulations','On July 1, 2021, new taxation rules will come into play when the <a href=\"https://ec.europa.eu/taxation_customs/business/vat/modernising-vat-cross-border-ecommerce_en\">European Union (EU) Value-Added Tax (VAT) eCommerce package</a> takes effect.<br /><br />The new regulations will impact virtually every B2C business involved in cross-border eCommerce trade with the EU.<br /><br />We therefore recommend <a href=\"https://woocommerce.com/posts/new-eu-vat-regulations\">familiarizing yourself with the new updates</a>, and consult with a tax professional to ensure your business is following regulations and best practice.','{}','pending','woocommerce.com','2021-08-20 09:41:48',NULL,0,'plain','',0,'info'),(3,'paypal_ppcp_gtm_2021','marketing','en_US','Offer more options with the new PayPal','Get the latest PayPal extension for a full suite of payment methods with extensive currency and country coverage.','{}','pending','woocommerce.com','2021-08-20 09:41:48',NULL,0,'plain','',0,'info'),(4,'facebook_pixel_api_2021','marketing','en_US','Improve the performance of your Facebook ads','Enable Facebook Pixel and Conversions API through the latest version of Facebook for WooCommerce for improved measurement and ad targeting capabilities.','{}','pending','woocommerce.com','2021-08-20 09:41:48',NULL,0,'plain','',0,'info'),(5,'facebook_ec_2021','marketing','en_US','Sync your product catalog with Facebook to help boost sales','A single click adds all products to your Facebook Business Page shop. Product changes are automatically synced, with the flexibility to control which products are listed.','{}','pending','woocommerce.com','2021-08-20 09:41:48',NULL,0,'plain','',0,'info'),(6,'ecomm-need-help-setting-up-your-store','info','en_US','Need help setting up your Store?','Schedule a free 30-min <a href=\"https://wordpress.com/support/concierge-support/\">quick start session</a> and get help from our specialists. We’re happy to walk through setup steps, show you around the WordPress.com dashboard, troubleshoot any issues you may have, and help you the find the features you need to accomplish your goals for your site.','{}','pending','woocommerce.com','2021-08-20 09:41:48',NULL,0,'plain','',0,'info'),(7,'woocommerce-services','info','en_US','WooCommerce Shipping & Tax','WooCommerce Shipping &amp; Tax helps get your store “ready to sell” as quickly as possible. You create your products. We take care of tax calculation, payment processing, and shipping label printing! Learn more about the extension that you just installed.','{}','pending','woocommerce.com','2021-08-20 09:41:48',NULL,0,'plain','',0,'info'),(8,'ecomm-unique-shopping-experience','info','en_US','For a shopping experience as unique as your customers','Product Add-Ons allow your customers to personalize products while they’re shopping on your online store. No more follow-up email requests—customers get what they want, before they’re done checking out. Learn more about this extension that comes included in your plan.','{}','pending','woocommerce.com','2021-08-20 09:41:48',NULL,0,'plain','',0,'info'),(9,'wc-admin-getting-started-in-ecommerce','info','en_US','Getting Started in eCommerce - webinar','We want to make eCommerce and this process of getting started as easy as possible for you. Watch this webinar to get tips on how to have our store up and running in a breeze.','{}','unactioned','woocommerce.com','2021-08-20 10:00:05',NULL,0,'plain','',0,'info'),(10,'your-first-product','info','en_US','Your first product','That\'s huge! You\'re well on your way to building a successful online store — now it’s time to think about how you\'ll fulfill your orders.<br /><br />Read our shipping guide to learn best practices and options for putting together your shipping strategy. And for WooCommerce stores in the United States, you can print discounted shipping labels via USPS with <a href=\"https://href.li/?https://woocommerce.com/shipping\" target=\"_blank\">WooCommerce Shipping</a>.','{}','pending','woocommerce.com','2021-08-20 09:41:48',NULL,0,'plain','',0,'info'),(11,'wc-square-apple-pay-boost-sales','marketing','en_US','Boost sales with Apple Pay','Now that you accept Apple Pay® with Square you can increase conversion rates by letting your customers know that Apple Pay® is available. Here’s a marketing guide to help you get started.','{}','pending','woocommerce.com','2021-08-20 09:41:48',NULL,0,'plain','',0,'info'),(12,'wc-square-apple-pay-grow-your-business','marketing','en_US','Grow your business with Square and Apple Pay ','Now more than ever, shoppers want a fast, simple, and secure online checkout experience. Increase conversion rates by letting your customers know that you now accept Apple Pay®.','{}','pending','woocommerce.com','2021-08-20 09:41:48',NULL,0,'plain','',0,'info'),(13,'wcpay-apple-pay-is-now-available','marketing','en_US','Apple Pay is now available with WooCommerce Payments!','Increase your conversion rate by offering a fast and secure checkout with <a href=\"https://woocommerce.com/apple-pay/?utm_source=inbox&amp;utm_medium=product&amp;utm_campaign=wcpay_applepay\" target=\"_blank\">Apple Pay</a>®. It’s free to get started with <a href=\"https://woocommerce.com/payments/?utm_source=inbox&amp;utm_medium=product&amp;utm_campaign=wcpay_applepay\" target=\"_blank\">WooCommerce Payments</a>.','{}','pending','woocommerce.com','2021-08-20 09:41:48',NULL,0,'plain','',0,'info'),(14,'wcpay-apple-pay-boost-sales','marketing','en_US','Boost sales with Apple Pay','Now that you accept Apple Pay® with WooCommerce Payments you can increase conversion rates by letting your customers know that Apple Pay® is available. Here’s a marketing guide to help you get started.','{}','pending','woocommerce.com','2021-08-20 09:41:48',NULL,0,'plain','',0,'info'),(15,'wcpay-apple-pay-grow-your-business','marketing','en_US','Grow your business with WooCommerce Payments and Apple Pay','Now more than ever, shoppers want a fast, simple, and secure online checkout experience. Increase conversion rates by letting your customers know that you now accept Apple Pay®.','{}','pending','woocommerce.com','2021-08-20 09:41:48',NULL,0,'plain','',0,'info'),(16,'wc-admin-optimizing-the-checkout-flow','info','en_US','Optimizing the checkout flow','It\'s crucial to get your store\'s checkout as smooth as possible to avoid losing sales. Let\'s take a look at how you can optimize the checkout experience for your shoppers.','{}','unactioned','woocommerce.com','2021-08-24 22:44:13',NULL,0,'plain','',0,'info'),(17,'wc-admin-first-five-things-to-customize','info','en_US','The first 5 things to customize in your store','Deciding what to start with first is tricky. To help you properly prioritize, we\'ve put together this short list of the first few things you should customize in WooCommerce.','{}','unactioned','woocommerce.com','2021-08-24 22:44:13',NULL,0,'plain','',0,'info'),(18,'wc-payments-qualitative-feedback','info','en_US','WooCommerce Payments setup - let us know what you think','Congrats on enabling WooCommerce Payments for your store. Please share your feedback in this 2 minute survey to help us improve the setup process.','{}','pending','woocommerce.com','2021-08-20 09:41:48',NULL,0,'plain','',0,'info'),(19,'share-your-feedback-on-paypal','info','en_US','Share your feedback on PayPal','Share your feedback in this 2 minute survey about how we can make the process of accepting payments more useful for your store.','{}','pending','woocommerce.com','2021-08-20 09:41:48',NULL,0,'plain','',0,'info'),(20,'wcpay_instant_deposits_gtm_2021','marketing','en_US','Get paid within minutes – Instant Deposits for WooCommerce Payments','Stay flexible with immediate access to your funds when you need them – including nights, weekends, and holidays. With <a href=\"https://woocommerce.com/products/woocommerce-payments/?utm_source=inbox&amp;utm_medium=product&amp;utm_campaign=wcpay_instant_deposits\">WooCommerce Payments\'</a> new Instant Deposits feature, you’re able to transfer your earnings to a debit card within minutes.','{}','pending','woocommerce.com','2021-08-20 09:41:48',NULL,0,'plain','',0,'info'),(21,'google_listings_and_ads_install','marketing','en_US','Drive traffic and sales with Google','Reach online shoppers to drive traffic and sales for your store by showcasing products across Google, for free or with ads.','{}','unactioned','woocommerce.com','2021-08-24 22:44:13',NULL,0,'plain','',0,'info'),(22,'wc-subscriptions-security-update-3-0-15','info','en_US','WooCommerce Subscriptions security update!','We recently released an important security update to WooCommerce Subscriptions. To ensure your site\'s data is protected, please upgrade <strong>WooCommerce Subscriptions to version 3.0.15</strong> or later.<br /><br />Click the button below to view and update to the latest Subscriptions version, or log in to <a href=\"https://woocommerce.com/my-dashboard\">WooCommerce.com Dashboard</a> and navigate to your <strong>Downloads</strong> page.<br /><br />We recommend always using the latest version of WooCommerce Subscriptions, and other software running on your site, to ensure maximum security.<br /><br />If you have any questions we are here to help — just <a href=\"https://woocommerce.com/my-account/create-a-ticket/\">open a ticket</a>.','{}','pending','woocommerce.com','2021-08-20 09:41:48',NULL,0,'plain','',0,'info'),(23,'woocommerce-core-update-5-4-0','info','en_US','Update to WooCommerce 5.4.1 now','WooCommerce 5.4.1 addresses a checkout issue discovered in WooCommerce 5.4. We recommend upgrading to WooCommerce 5.4.1 as soon as possible.','{}','pending','woocommerce.com','2021-08-20 09:41:48',NULL,0,'plain','',0,'info'),(24,'wcpay-promo-2020-11','marketing','en_US','wcpay-promo-2020-11','wcpay-promo-2020-11','{}','pending','woocommerce.com','2021-08-20 09:41:48',NULL,0,'plain','',0,'info'),(25,'wcpay-promo-2020-12','marketing','en_US','wcpay-promo-2020-12','wcpay-promo-2020-12','{}','pending','woocommerce.com','2021-08-20 09:41:48',NULL,0,'plain','',0,'info'),(26,'wcpay-promo-2021-6-incentive-1','marketing','en_US','Simplify the payments process for you and your customers with WooCommerce Payments','With <a href=\"https://woocommerce.com/payments/?utm_medium=notification&amp;utm_source=product&amp;utm_campaign=wcpay601\">WooCommerce Payments</a>, you can securely accept all major cards, Apple Pay®, and recurring revenue in over 100 currencies. \n				Built into your store’s WooCommerce dashboard, track cash flow and manage all of your transactions in one place – with no setup costs or monthly fees.\n				<br /><br />\n				By clicking \"Get WooCommerce Payments,\" you agree to the <a href=\"https://wordpress.com/tos/?utm_medium=notification&amp;utm_source=product&amp;utm_campaign=wcpay601\">Terms of Service</a> \n				and acknowledge you have read the <a href=\"https://automattic.com/privacy/\">Privacy Policy</a>.\n				','{}','pending','woocommerce.com','2021-08-20 09:41:48',NULL,0,'plain','',0,'info'),(27,'wcpay-promo-2021-6-incentive-2','marketing','en_US','Simplify the payments process for you and your customers with WooCommerce Payments','With <a href=\"https://woocommerce.com/payments/?utm_medium=notification&amp;utm_source=product&amp;utm_campaign=wcpay601\">WooCommerce Payments</a>, you can securely accept all major cards, Apple Pay®, and recurring revenue in over 100 currencies. \n				Built into your store’s WooCommerce dashboard, track cash flow and manage all of your transactions in one place – with no setup costs or monthly fees.\n				<br /><br />\n				By clicking \"Get WooCommerce Payments,\" you agree to the <a href=\"https://wordpress.com/tos/?utm_medium=notification&amp;utm_source=product&amp;utm_campaign=wcpay601\">Terms of Service</a> \n				and acknowledge you have read the <a href=\"https://automattic.com/privacy/\">Privacy Policy</a>.\n				','{}','pending','woocommerce.com','2021-08-20 09:41:48',NULL,0,'plain','',0,'info'),(28,'ppxo-pps-upgrade-paypal-payments-1','info','en_US','Get the latest PayPal extension for WooCommerce','Heads up! There\'s a new PayPal on the block!<br /><br />Now is a great time to upgrade to our latest <a href=\"https://woocommerce.com/products/woocommerce-paypal-payments/\" target=\"_blank\">PayPal extension</a> to continue to receive support and updates with PayPal.<br /><br />Get access to a full suite of PayPal payment methods, extensive currency and country coverage, and pay later options with the all-new PayPal extension for WooCommerce.','{}','unactioned','woocommerce.com','2021-08-20 09:41:48',NULL,0,'plain','',0,'info'),(29,'ppxo-pps-upgrade-paypal-payments-2','info','en_US','Upgrade your PayPal experience!','We\'ve developed a whole new <a href=\"https://woocommerce.com/products/woocommerce-paypal-payments/\" target=\"_blank\">PayPal extension for WooCommerce</a> that combines the best features of our many PayPal extensions into just one extension.<br /><br />Get access to a full suite of PayPal payment methods, extensive currency and country coverage, offer subscription and recurring payments, and the new PayPal pay later options.<br /><br />Start using our latest PayPal today to continue to receive support and updates.','{}','unactioned','woocommerce.com','2021-08-20 11:38:16',NULL,0,'plain','',0,'info'),(30,'woocommerce-core-sqli-july-2021-need-to-update','update','en_US','Action required: Critical vulnerabilities in WooCommerce','In response to a critical vulnerability identified on July 13, 2021, we are working with the WordPress Plugins Team to deploy software updates to stores running WooCommerce (versions 3.3 to 5.5) and the WooCommerce Blocks feature plugin (versions 2.5 to 5.5).<br /><br />Our investigation into this vulnerability is ongoing, but <strong>we wanted to let you know now about the importance of updating immediately</strong>.<br /><br />For more information on which actions you should take, as well as answers to FAQs, please urgently review our blog post detailing this issue.','{}','pending','woocommerce.com','2021-08-20 09:41:48',NULL,0,'plain','',0,'info'),(31,'woocommerce-blocks-sqli-july-2021-need-to-update','update','en_US','Action required: Critical vulnerabilities in WooCommerce Blocks','In response to a critical vulnerability identified on July 13, 2021, we are working with the WordPress Plugins Team to deploy software updates to stores running WooCommerce (versions 3.3 to 5.5) and the WooCommerce Blocks feature plugin (versions 2.5 to 5.5).<br /><br />Our investigation into this vulnerability is ongoing, but <strong>we wanted to let you know now about the importance of updating immediately</strong>.<br /><br />For more information on which actions you should take, as well as answers to FAQs, please urgently review our blog post detailing this issue.','{}','pending','woocommerce.com','2021-08-20 09:41:48',NULL,0,'plain','',0,'info'),(32,'woocommerce-core-sqli-july-2021-store-patched','update','en_US','Solved: Critical vulnerabilities patched in WooCommerce','In response to a critical vulnerability identified on July 13, 2021, we worked with the WordPress Plugins Team to deploy software updates to stores running WooCommerce (versions 3.3 to 5.5) and the WooCommerce Blocks feature plugin (versions 2.5 to 5.5).<br /><br /><strong>Your store has been updated to the latest secure version(s)</strong>. For more information and answers to FAQs, please review our blog post detailing this issue.','{}','pending','woocommerce.com','2021-08-20 09:41:48',NULL,0,'plain','',0,'info'),(33,'woocommerce-blocks-sqli-july-2021-store-patched','update','en_US','Solved: Critical vulnerabilities patched in WooCommerce Blocks','In response to a critical vulnerability identified on July 13, 2021, we worked with the WordPress Plugins Team to deploy software updates to stores running WooCommerce (versions 3.3 to 5.5) and the WooCommerce Blocks feature plugin (versions 2.5 to 5.5).<br /><br /><strong>Your store has been updated to the latest secure version(s)</strong>. For more information and answers to FAQs, please review our blog post detailing this issue.','{}','pending','woocommerce.com','2021-08-20 09:41:48',NULL,0,'plain','',0,'info'),(34,'wc-refund-returns-page','info','en_US','Setup a Refund and Returns Policy page to boost your store\'s credibility.','We have created a sample draft Refund and Returns Policy page for you. Please have a look and update it to fit your store.','{}','actioned','woocommerce-core','2021-08-20 09:41:48',NULL,0,'plain','',0,'info'),(35,'wc-admin-wc-helper-connection','info','en_US','Connect to WooCommerce.com','Connect to get important product notifications and updates.','{}','unactioned','woocommerce-admin','2021-08-20 09:41:48',NULL,0,'plain','',0,'info'),(36,'wc-admin-learn-more-about-variable-products','info','en_US','Learn more about variable products','Variable products are a powerful product type that lets you offer a set of variations on a product, with control over prices, stock, image and more for each variation. They can be used for a product like a shirt, where you can offer a large, medium and small and in different colors.','{}','unactioned','woocommerce-admin','2021-08-20 10:02:55',NULL,0,'plain','',0,'info'),(37,'wc-admin-test-checkout','info','en_US','Don\'t forget to test your checkout','Make sure that your checkout is working properly before you launch your store. Go through your checkout process in its entirety: from adding a product to your cart, choosing a shipping location, and making a payment.','{}','unactioned','woocommerce-admin','2021-08-20 10:07:43',NULL,0,'plain','',0,'info'),(41,'wc-admin-orders-milestone','info','en_US','Congratulations on processing 100 orders!','Another order milestone! Take a look at your Orders Report to review your orders to date.','{}','unactioned','woocommerce-admin','2022-01-16 21:16:34',NULL,0,'plain','',0,'info');

-- Dumped table `wpkid_wc_admin_notes` with 38 row(s)
--

--
-- Table structure for table `wpkid_wc_admin_note_actions`
--

CREATE TABLE `wpkid_wc_admin_note_actions` (
  `action_id` bigint(20) unsigned NOT NULL AUTO_INCREMENT,
  `note_id` bigint(20) unsigned NOT NULL,
  `name` varchar(255) COLLATE utf8mb4_unicode_ci NOT NULL,
  `label` varchar(255) COLLATE utf8mb4_unicode_ci NOT NULL,
  `query` longtext COLLATE utf8mb4_unicode_ci NOT NULL,
  `status` varchar(255) COLLATE utf8mb4_unicode_ci NOT NULL,
  `is_primary` tinyint(1) NOT NULL DEFAULT 0,
  `actioned_text` varchar(255) COLLATE utf8mb4_unicode_ci NOT NULL,
  `nonce_action` varchar(255) COLLATE utf8mb4_unicode_ci DEFAULT NULL,
  `nonce_name` varchar(255) COLLATE utf8mb4_unicode_ci DEFAULT NULL,
  PRIMARY KEY (`action_id`),
  KEY `note_id` (`note_id`)
) ENGINE=MyISAM AUTO_INCREMENT=947 DEFAULT CHARSET=utf8mb4 COLLATE=utf8mb4_unicode_ci;

--
-- Dumping data for table `wpkid_wc_admin_note_actions`
--

INSERT INTO `wpkid_wc_admin_note_actions` VALUES (910,1,'wayflyer_q3_2021','Get funded','https://woocommerce.com/products/wayflyer/','actioned',1,'',NULL,NULL),(911,2,'eu_vat_changes_2021','Learn more about the EU tax regulations','https://woocommerce.com/posts/new-eu-vat-regulations','actioned',1,'',NULL,NULL),(912,3,'open_wc_paypal_payments_product_page','Learn more','https://woocommerce.com/products/woocommerce-paypal-payments/','actioned',1,'',NULL,NULL),(913,4,'upgrade_now_facebook_pixel_api','Upgrade now','plugin-install.php?tab=plugin-information&plugin=&section=changelog','actioned',1,'',NULL,NULL),(914,5,'learn_more_facebook_ec','Learn more','https://woocommerce.com/products/facebook/','unactioned',1,'',NULL,NULL),(915,6,'set-up-concierge','Schedule free session','https://wordpress.com/me/concierge','actioned',1,'',NULL,NULL),(916,7,'learn-more','Learn more','https://docs.woocommerce.com/document/woocommerce-shipping-and-tax/?utm_source=inbox','unactioned',1,'',NULL,NULL),(917,8,'learn-more-ecomm-unique-shopping-experience','Learn more','https://docs.woocommerce.com/document/product-add-ons/?utm_source=inbox','actioned',1,'',NULL,NULL),(918,9,'watch-the-webinar','Watch the webinar','https://youtu.be/V_2XtCOyZ7o','actioned',1,'',NULL,NULL),(919,10,'learn-more','Learn more','https://woocommerce.com/posts/ecommerce-shipping-solutions-guide/?utm_source=inbox','actioned',1,'',NULL,NULL),(920,11,'boost-sales-marketing-guide','See marketing guide','https://developer.apple.com/apple-pay/marketing/?utm_source=inbox&utm_campaign=square-boost-sales','actioned',1,'',NULL,NULL),(921,12,'grow-your-business-marketing-guide','See marketing guide','https://developer.apple.com/apple-pay/marketing/?utm_source=inbox&utm_campaign=square-grow-your-business','actioned',1,'',NULL,NULL),(922,13,'add-apple-pay','Add Apple Pay','/admin.php?page=wc-settings&tab=checkout&section=woocommerce_payments','actioned',1,'',NULL,NULL),(924,14,'boost-sales-marketing-guide','See marketing guide','https://developer.apple.com/apple-pay/marketing/?utm_source=inbox&utm_campaign=wcpay-boost-sales','actioned',1,'',NULL,NULL),(925,15,'grow-your-business-marketing-guide','See marketing guide','https://developer.apple.com/apple-pay/marketing/?utm_source=inbox&utm_campaign=wcpay-grow-your-business','actioned',1,'',NULL,NULL),(926,16,'optimizing-the-checkout-flow','Learn more','https://woocommerce.com/posts/optimizing-woocommerce-checkout?utm_source=inbox','actioned',1,'',NULL,NULL),(927,17,'learn-more','Learn more','https://woocommerce.com/posts/first-things-customize-woocommerce/?utm_source=inbox','unactioned',1,'',NULL,NULL),(928,18,'qualitative-feedback-from-new-users','Share feedback','https://automattic.survey.fm/wc-pay-new','actioned',1,'',NULL,NULL),(929,19,'share-feedback','Share feedback','http://automattic.survey.fm/paypal-feedback','unactioned',1,'',NULL,NULL),(930,20,'learn-more','Learn about Instant Deposits eligibility','https://docs.woocommerce.com/document/payments/instant-deposits/?utm_source=inbox&utm_medium=product&utm_campaign=wcpay_instant_deposits','actioned',1,'',NULL,NULL),(931,21,'get-started','Get started','https://woocommerce.com/products/google-listings-and-ads','actioned',1,'',NULL,NULL),(932,22,'update-wc-subscriptions-3-0-15','View latest version','https://kidlife.hu/wp-admin/admin.php?page=wc-admin&page=wc-addons&section=helper','actioned',1,'',NULL,NULL),(933,23,'update-wc-core-5-4-0','How to update WooCommerce','https://docs.woocommerce.com/document/how-to-update-woocommerce/','actioned',1,'',NULL,NULL),(934,26,'get-woo-commerce-payments','Get WooCommerce Payments','admin.php?page=wc-admin&action=setup-woocommerce-payments','actioned',1,'',NULL,NULL),(935,27,'get-woocommerce-payments','Get WooCommerce Payments','admin.php?page=wc-admin&action=setup-woocommerce-payments','actioned',1,'',NULL,NULL),(936,28,'ppxo-pps-install-paypal-payments-1','View upgrade guide','https://docs.woocommerce.com/document/woocommerce-paypal-payments/paypal-payments-upgrade-guide/','actioned',1,'',NULL,NULL),(937,29,'ppxo-pps-install-paypal-payments-2','View upgrade guide','https://docs.woocommerce.com/document/woocommerce-paypal-payments/paypal-payments-upgrade-guide/','actioned',1,'',NULL,NULL),(939,30,'dismiss','Dismiss','','actioned',0,'',NULL,NULL),(941,31,'dismiss','Dismiss','','actioned',0,'',NULL,NULL),(943,32,'dismiss','Dismiss','','actioned',0,'',NULL,NULL),(945,33,'dismiss','Dismiss','','actioned',0,'',NULL,NULL),(37,34,'notify-refund-returns-page','Edit page','https://kidlife.hu/wp-admin/post.php?post=4752&action=edit','actioned',0,'',NULL,NULL),(38,35,'connect','Csatlakozás','?page=wc-addons&section=helper','unactioned',0,'',NULL,NULL),(938,30,'learn-more','Learn more','https://woocommerce.com/posts/critical-vulnerability-detected-july-2021/?utm_source=inbox_note&utm_medium=product&utm_campaign=vulnerability_comms','unactioned',1,'',NULL,NULL),(940,31,'learn-more','Learn more','https://woocommerce.com/posts/critical-vulnerability-detected-july-2021/?utm_source=inbox_note&utm_medium=product&utm_campaign=vulnerability_comms','unactioned',1,'',NULL,NULL),(942,32,'learn-more','Learn more','https://woocommerce.com/posts/critical-vulnerability-detected-july-2021/?utm_source=inbox_note&utm_medium=product&utm_campaign=vulnerability_comms','unactioned',1,'',NULL,NULL),(944,33,'learn-more','Learn more','https://woocommerce.com/posts/critical-vulnerability-detected-july-2021/?utm_source=inbox_note&utm_medium=product&utm_campaign=vulnerability_comms','unactioned',1,'',NULL,NULL),(75,36,'learn-more','További információk','https://docs.woocommerce.com/document/variable-product/?utm_source=inbox','actioned',0,'',NULL,NULL),(76,37,'test-checkout','Test checkout','https://kidlife.hu/uzlet/','actioned',0,'',NULL,NULL),(946,41,'review-orders','Review your orders','?page=wc-admin&path=/analytics/orders','actioned',0,'',NULL,NULL),(923,13,'learn-more','Learn more','https://docs.woocommerce.com/document/payments/apple-pay/?utm_source=inbox&utm_medium=product&utm_campaign=wcpay_applepay','actioned',1,'',NULL,NULL);

-- Dumped table `wpkid_wc_admin_note_actions` with 41 row(s)
--

--
-- Table structure for table `wpkid_wc_customer_lookup`
--

CREATE TABLE `wpkid_wc_customer_lookup` (
  `customer_id` bigint(20) unsigned NOT NULL AUTO_INCREMENT,
  `user_id` bigint(20) unsigned DEFAULT NULL,
  `username` varchar(60) COLLATE utf8mb4_unicode_ci NOT NULL DEFAULT '',
  `first_name` varchar(255) COLLATE utf8mb4_unicode_ci NOT NULL,
  `last_name` varchar(255) COLLATE utf8mb4_unicode_ci NOT NULL,
  `email` varchar(100) COLLATE utf8mb4_unicode_ci DEFAULT NULL,
  `date_last_active` timestamp NULL DEFAULT NULL,
  `date_registered` timestamp NULL DEFAULT NULL,
  `country` char(2) COLLATE utf8mb4_unicode_ci NOT NULL DEFAULT '',
  `postcode` varchar(20) COLLATE utf8mb4_unicode_ci NOT NULL DEFAULT '',
  `city` varchar(100) COLLATE utf8mb4_unicode_ci NOT NULL DEFAULT '',
  `state` varchar(100) COLLATE utf8mb4_unicode_ci NOT NULL DEFAULT '',
  PRIMARY KEY (`customer_id`),
  UNIQUE KEY `user_id` (`user_id`),
  KEY `email` (`email`)
) ENGINE=MyISAM AUTO_INCREMENT=47 DEFAULT CHARSET=utf8mb4 COLLATE=utf8mb4_unicode_ci;

--
-- Dumping data for table `wpkid_wc_customer_lookup`
--

INSERT INTO `wpkid_wc_customer_lookup` VALUES (1,NULL,'','info','','gabor@worklifeapp.com','2022-01-10 16:25:27',NULL,'','1111','Budapest',''),(17,NULL,'','Zsuzska','Nagy','nzsuzska@gmail.com','2021-10-08 09:00:46',NULL,'','2840','Oroszlány',''),(19,NULL,'','Alexandra','Sas','dorsatex@gmail.com','2022-01-23 23:48:55',NULL,'','1052','Budapest',''),(20,NULL,'','','','hello@worklifeapp.com','2022-01-25 19:11:32',NULL,'','','',''),(21,NULL,'','infoCseke','Katalin','hugi198455@gmail.com','2021-10-23 08:31:26',NULL,'','1025','BUDAPEST',''),(22,NULL,'','Viktória','Sebestyén','viktoriasebestyen@gmail.com','2021-10-26 10:55:42',NULL,'','2040','Budaörs',''),(23,NULL,'','infoBulyák','Tünde','bulyakitunde@gmail.com','2022-01-09 09:41:28',NULL,'','1098','Budapest',''),(24,NULL,'','infoGabriella','Hollo','hollogabriella@yahoo.com','2021-11-15 13:23:39',NULL,'','2094','Nagykovacsi',''),(11,NULL,'','Hanna','Walburg','beata@walburg.de','2021-09-03 05:39:48',NULL,'','1194','Budapest',''),(12,NULL,'','Armand','Kovács','dora@dorahair.hu','2021-09-02 13:17:50',NULL,'','9026','Győr',''),(13,NULL,'','Virág Zsófia','Szendrei','zsofi.pbj@gmail.com','2022-01-16 20:23:39',NULL,'','1118','Budapest',''),(18,NULL,'','Miklós','Bubnó','aniko.ve@gmail.com','2021-10-14 19:39:22',NULL,'','1025','Budapest',''),(15,NULL,'','infoKatalin','Scheidtné Agatics','kata@agatics.com','2021-09-23 04:37:27',NULL,'','1028','Budapest',''),(16,NULL,'','infoAnita','Szemerédi-Székely','szemeredi.szekely.anita@gmail.com','2022-01-07 10:14:11',NULL,'','1121','Budapest',''),(25,NULL,'','Lilla','Záhorszki','Szzahorszkine@gmail.com','2022-01-25 08:25:14',NULL,'','1223','Bp',''),(26,NULL,'','infoNóra','Mátyás-Mehringer','mehringer.nora@gmail.com','2021-11-24 13:33:52',NULL,'','2094','Nagykovácsi',''),(27,NULL,'','infoMoldován','Mira','Kovacsagneta@gmail.com','2022-01-03 17:23:13',NULL,'','1125','Bp',''),(35,NULL,'','infoMáté','Szőcs','elekcs@gmail.com','2022-01-15 13:32:26',NULL,'','1021','Budapest',''),(28,NULL,'','infoLaura','Scheinring','Lesti.laura01@gmail.com','2021-12-02 15:31:27',NULL,'','1122','Budapest',''),(29,NULL,'','Cecília','dr.Pólik','polik.cecilia1@gmail.com','2021-12-07 12:05:45',NULL,'','1024','Budapest',''),(30,NULL,'','Vándor','Maja','pamukanna@gmail.com','2022-01-18 09:35:23',NULL,'','1029','Budapest',''),(31,NULL,'','Éva','Zámbori','evazambori@gmail.com','2022-01-07 16:37:07',NULL,'','1139','Budapest',''),(36,NULL,'','infoIldikó','Hekman','hekman.ildiko@gmail.com','2022-01-07 12:47:42',NULL,'','1048','Budapest',''),(32,NULL,'','infoEmma','Mátrai','andrea.nestor@t-online.hu','2022-01-16 14:30:44',NULL,'','1025','Budapest',''),(33,NULL,'','Diána','Neumayer','Neumayer.diana@gmail.com','2022-01-07 10:47:29',NULL,'','1089','Budapest',''),(34,NULL,'','Klára','Hajagos-Nagy','nagy1klara@gmail.com','2022-01-12 13:16:10',NULL,'','1024','Budapest',''),(37,NULL,'','Emőke','Juhász','fjemoke@icloud.com','2022-01-22 19:20:55',NULL,'','2092','Budakeszi',''),(38,NULL,'','infoHanis','Danel','Djani198207@gmail.com','2022-01-10 10:54:19',NULL,'','1092','Budapest',''),(39,NULL,'','Ekaterina','Romanova','e.v.romanova.rus@gmail.com','2022-01-10 17:19:40',NULL,'','','',''),(40,NULL,'','Lilla','Szathmáry','lilla.ivanka95@gmail.com','2022-01-15 21:37:40',NULL,'','','',''),(41,NULL,'','Angelika','Szabó','szangi@gmail.com','2022-01-18 05:48:18',NULL,'','1132','Budapest',''),(42,NULL,'','Renáta','Szoboszlay','renata.szoboszlay@hammeragency.eu','2022-01-19 10:04:45',NULL,'','2096','Üröm',''),(43,NULL,'','','','krammer@bonsaibp.hu','2022-01-20 17:24:13',NULL,'','','',''),(44,NULL,'','Eszter','Landauer','landauer.eszter@hotmail.com','2022-01-23 16:14:36',NULL,'','1037','Budapest',''),(45,NULL,'','Barabás','Melinda','oddbirdbox@gmail.com','2022-01-24 11:17:02',NULL,'','1016','Budapest',''),(46,NULL,'','Zsófia','Dr. Forrás-Kaufman','zsofiaforras@gmail.com','2022-01-24 19:08:19',NULL,'','1023','Budapest','');

-- Dumped table `wpkid_wc_customer_lookup` with 36 row(s)
--

--
-- Table structure for table `wpkid_wc_category_lookup`
--

CREATE TABLE `wpkid_wc_category_lookup` (
  `category_tree_id` bigint(20) unsigned NOT NULL,
  `category_id` bigint(20) unsigned NOT NULL,
  PRIMARY KEY (`category_tree_id`,`category_id`)
) ENGINE=MyISAM DEFAULT CHARSET=utf8mb4 COLLATE=utf8mb4_unicode_ci;

--
-- Dumping data for table `wpkid_wc_category_lookup`
--


-- Dumped table `wpkid_wc_category_lookup` with 0 row(s)
--

--
-- Table structure for table `wpkid_yoast_indexable`
--

